216.73.216.132 - - [19/Sep/2025:01:59:22 -0400] "GET /6814740437 HTTP/1.1" 404 6971 "-" "Mozilla/5.0 AppleWebKit/537.36 (KHTML, like Gecko; compatible; ClaudeBot/1.0; +claudebot@anthropic.com)"
216.73.216.132 - - [19/Sep/2025:01:59:24 -0400] "GET /529557265 HTTP/1.1" 404 4886 "-" "Mozilla/5.0 AppleWebKit/537.36 (KHTML, like Gecko; compatible; ClaudeBot/1.0; +claudebot@anthropic.com)"
216.73.216.132 - - [19/Sep/2025:01:59:26 -0400] "GET /4583400 HTTP/1.1" 404 6971 "-" "Mozilla/5.0 AppleWebKit/537.36 (KHTML, like Gecko; compatible; ClaudeBot/1.0; +claudebot@anthropic.com)"
216.73.216.132 - - [19/Sep/2025:01:59:27 -0400] "GET /916550397 HTTP/1.1" 404 6971 "-" "Mozilla/5.0 AppleWebKit/537.36 (KHTML, like Gecko; compatible; ClaudeBot/1.0; +claudebot@anthropic.com)"
216.73.216.132 - - [19/Sep/2025:01:59:28 -0400] "GET /538723740 HTTP/1.1" 404 6971 "-" "Mozilla/5.0 AppleWebKit/537.36 (KHTML, like Gecko; compatible; ClaudeBot/1.0; +claudebot@anthropic.com)"
216.73.216.132 - - [19/Sep/2025:01:59:29 -0400] "GET /7619458892 HTTP/1.1" 404 6971 "-" "Mozilla/5.0 AppleWebKit/537.36 (KHTML, like Gecko; compatible; ClaudeBot/1.0; +claudebot@anthropic.com)"
147.79.59.16 - - [19/Sep/2025:01:59:27 -0400] "POST /wp-content/plugins/fusion-core/js/min/default.php HTTP/1.1" 200 5184 "http://vohradecor.com/wp-content/plugins/fusion-core/js/min/default.php" "Mozilla/5.0 (Windows NT 10.0; Win64; x64) AppleWebKit/537.36 (KHTML, like Gecko) Chrome/140.0.0.0 Safari/537.36"
216.73.216.132 - - [19/Sep/2025:01:59:30 -0400] "GET /1379474 HTTP/1.1" 404 6971 "-" "Mozilla/5.0 AppleWebKit/537.36 (KHTML, like Gecko; compatible; ClaudeBot/1.0; +claudebot@anthropic.com)"
216.73.216.132 - - [19/Sep/2025:01:59:32 -0400] "GET /45755280089 HTTP/1.1" 404 6971 "-" "Mozilla/5.0 AppleWebKit/537.36 (KHTML, like Gecko; compatible; ClaudeBot/1.0; +claudebot@anthropic.com)"
147.79.59.16 - - [19/Sep/2025:01:59:39 -0400] "GET /wp-road.php HTTP/1.1" 200 12800 "-" "Mozilla/5.0 (Windows NT 10.0; Win64; x64) AppleWebKit/537.36 (KHTML, like Gecko) Chrome/140.0.0.0 Safari/537.36"
147.79.59.16 - - [19/Sep/2025:01:59:35 -0400] "POST /wp-content/plugins/fusion-core/js/min/default.php HTTP/1.1" 200 5217 "http://vohradecor.com/wp-content/plugins/fusion-core/js/min/default.php" "Mozilla/5.0 (Windows NT 10.0; Win64; x64) AppleWebKit/537.36 (KHTML, like Gecko) Chrome/140.0.0.0 Safari/537.36"
66.249.65.70 - - [19/Sep/2025:01:59:41 -0400] "GET /1419874972 HTTP/1.1" 200 24141 "-" "Mozilla/5.0 (Linux; Android 6.0.1; Nexus 5X Build/MMB29P) AppleWebKit/537.36 (KHTML, like Gecko) Chrome/140.0.7339.127 Mobile Safari/537.36 (compatible; GoogleOther)"
147.79.59.16 - - [19/Sep/2025:01:59:50 -0400] "POST /wp-content/plugins/fusion-core/js/min/default.php HTTP/1.1" 200 5247 "http://vohradecor.com/wp-content/plugins/fusion-core/js/min/default.php" "Mozilla/5.0 (Windows NT 10.0; Win64; x64) AppleWebKit/537.36 (KHTML, like Gecko) Chrome/140.0.0.0 Safari/537.36"
147.79.59.16 - - [19/Sep/2025:01:59:53 -0400] "GET /wp-opml.php HTTP/1.1" 200 113 "-" "Mozilla/5.0 (Windows NT 10.0; Win64; x64) AppleWebKit/537.36 (KHTML, like Gecko) Chrome/140.0.0.0 Safari/537.36"
147.79.59.16 - - [19/Sep/2025:01:59:56 -0400] "POST /wp-opml.php HTTP/1.1" 200 4628 "http://vohradecor.com/wp-opml.php" "Mozilla/5.0 (Windows NT 10.0; Win64; x64) AppleWebKit/537.36 (KHTML, like Gecko) Chrome/140.0.0.0 Safari/537.36"
147.79.59.16 - - [19/Sep/2025:02:00:01 -0400] "POST /wp-content/plugins/fusion-core/js/min/default.php HTTP/1.1" 200 3425 "http://vohradecor.com/wp-content/plugins/fusion-core/js/min/default.php" "Mozilla/5.0 (Windows NT 10.0; Win64; x64) AppleWebKit/537.36 (KHTML, like Gecko) Chrome/140.0.0.0 Safari/537.36"
66.249.65.70 - - [19/Sep/2025:02:00:01 -0400] "GET /9854235935 HTTP/1.1" 200 25511 "-" "Mozilla/5.0 (Linux; Android 6.0.1; Nexus 5X Build/MMB29P) AppleWebKit/537.36 (KHTML, like Gecko) Chrome/140.0.7339.127 Mobile Safari/537.36 (compatible; GoogleOther)"
147.79.59.16 - - [19/Sep/2025:02:00:04 -0400] "POST /wp-content/plugins/fusion-core/js/min/default.php HTTP/1.1" 200 3352 "http://vohradecor.com/wp-content/plugins/fusion-core/js/min/default.php" "Mozilla/5.0 (Windows NT 10.0; Win64; x64) AppleWebKit/537.36 (KHTML, like Gecko) Chrome/140.0.0.0 Safari/537.36"
80.97.160.132 - - [19/Sep/2025:02:00:06 -0400] "GET /wp-admin/includes/root.php HTTP/1.1" 200 9278 "http://vohradecor.com/wp-admin/includes/root.php" "Mozilla/5.0 (Windows NT 10.0; Win64; x64) AppleWebKit/537.36 (KHTML, like Gecko) Chrome/58.0.3029.110 Safari/537.3"
216.73.216.132 - - [19/Sep/2025:01:54:36 -0400] "GET /38419989310 HTTP/1.1" 404 6971 "-" "Mozilla/5.0 AppleWebKit/537.36 (KHTML, like Gecko; compatible; ClaudeBot/1.0; +claudebot@anthropic.com)"
216.73.216.132 - - [19/Sep/2025:01:54:37 -0400] "GET /79973699 HTTP/1.1" 404 6971 "-" "Mozilla/5.0 AppleWebKit/537.36 (KHTML, like Gecko; compatible; ClaudeBot/1.0; +claudebot@anthropic.com)"
216.73.216.132 - - [19/Sep/2025:01:54:38 -0400] "GET /3587149132 HTTP/1.1" 404 6971 "-" "Mozilla/5.0 AppleWebKit/537.36 (KHTML, like Gecko; compatible; ClaudeBot/1.0; +claudebot@anthropic.com)"
216.73.216.132 - - [19/Sep/2025:01:54:38 -0400] "GET /2749758098 HTTP/1.1" 404 6971 "-" "Mozilla/5.0 AppleWebKit/537.36 (KHTML, like Gecko; compatible; ClaudeBot/1.0; +claudebot@anthropic.com)"
216.73.216.132 - - [19/Sep/2025:01:54:39 -0400] "GET /9782274 HTTP/1.1" 404 4886 "-" "Mozilla/5.0 AppleWebKit/537.36 (KHTML, like Gecko; compatible; ClaudeBot/1.0; +claudebot@anthropic.com)"
216.73.216.132 - - [19/Sep/2025:01:54:40 -0400] "GET /278286064 HTTP/1.1" 404 6971 "-" "Mozilla/5.0 AppleWebKit/537.36 (KHTML, like Gecko; compatible; ClaudeBot/1.0; +claudebot@anthropic.com)"
216.73.216.132 - - [19/Sep/2025:01:54:43 -0400] "GET /8015418 HTTP/1.1" 404 6971 "-" "Mozilla/5.0 AppleWebKit/537.36 (KHTML, like Gecko; compatible; ClaudeBot/1.0; +claudebot@anthropic.com)"
216.73.216.132 - - [19/Sep/2025:01:54:43 -0400] "GET /56479293 HTTP/1.1" 404 6971 "-" "Mozilla/5.0 AppleWebKit/537.36 (KHTML, like Gecko; compatible; ClaudeBot/1.0; +claudebot@anthropic.com)"
216.73.216.132 - - [19/Sep/2025:01:54:47 -0400] "GET /1498067547 HTTP/1.1" 404 6971 "-" "Mozilla/5.0 AppleWebKit/537.36 (KHTML, like Gecko; compatible; ClaudeBot/1.0; +claudebot@anthropic.com)"
216.73.216.132 - - [19/Sep/2025:01:54:47 -0400] "GET /8120820 HTTP/1.1" 404 6971 "-" "Mozilla/5.0 AppleWebKit/537.36 (KHTML, like Gecko; compatible; ClaudeBot/1.0; +claudebot@anthropic.com)"
216.73.216.132 - - [19/Sep/2025:01:54:51 -0400] "GET /2947441 HTTP/1.1" 404 6971 "-" "Mozilla/5.0 AppleWebKit/537.36 (KHTML, like Gecko; compatible; ClaudeBot/1.0; +claudebot@anthropic.com)"
216.73.216.132 - - [19/Sep/2025:01:54:51 -0400] "GET /1903188 HTTP/1.1" 404 6971 "-" "Mozilla/5.0 AppleWebKit/537.36 (KHTML, like Gecko; compatible; ClaudeBot/1.0; +claudebot@anthropic.com)"
147.79.59.16 - - [19/Sep/2025:02:00:11 -0400] "POST /wp-content/plugins/fusion-core/js/min/default.php HTTP/1.1" 200 19817 "http://vohradecor.com/wp-content/plugins/fusion-core/js/min/default.php" "Mozilla/5.0 (Windows NT 10.0; Win64; x64) AppleWebKit/537.36 (KHTML, like Gecko) Chrome/140.0.0.0 Safari/537.36"
147.79.59.16 - - [19/Sep/2025:02:00:14 -0400] "POST /wp-content/plugins/fusion-core/js/min/default.php HTTP/1.1" 200 3301 "http://vohradecor.com/wp-content/plugins/fusion-core/js/min/default.php" "Mozilla/5.0 (Windows NT 10.0; Win64; x64) AppleWebKit/537.36 (KHTML, like Gecko) Chrome/140.0.0.0 Safari/537.36"
147.79.59.16 - - [19/Sep/2025:02:00:16 -0400] "POST /wp-content/plugins/fusion-core/js/min/default.php HTTP/1.1" 200 3468 "http://vohradecor.com/wp-content/plugins/fusion-core/js/min/default.php" "Mozilla/5.0 (Windows NT 10.0; Win64; x64) AppleWebKit/537.36 (KHTML, like Gecko) Chrome/140.0.0.0 Safari/537.36"
147.79.59.16 - - [19/Sep/2025:02:00:17 -0400] "POST /wp-content/plugins/fusion-core/js/min/default.php HTTP/1.1" 200 4043 "http://vohradecor.com/wp-content/plugins/fusion-core/js/min/default.php" "Mozilla/5.0 (Windows NT 10.0; Win64; x64) AppleWebKit/537.36 (KHTML, like Gecko) Chrome/140.0.0.0 Safari/537.36"
147.79.59.16 - - [19/Sep/2025:02:00:21 -0400] "GET /apple.php HTTP/1.1" 200 369 "-" "Mozilla/5.0 (Windows NT 10.0; Win64; x64) AppleWebKit/537.36 (KHTML, like Gecko) Chrome/140.0.0.0 Safari/537.36"
147.79.59.16 - - [19/Sep/2025:02:00:23 -0400] "GET /apple.php?action=lock HTTP/1.1" 200 621 "http://vohradecor.com/apple.php" "Mozilla/5.0 (Windows NT 10.0; Win64; x64) AppleWebKit/537.36 (KHTML, like Gecko) Chrome/140.0.0.0 Safari/537.36"
147.79.59.16 - - [19/Sep/2025:02:00:25 -0400] "POST /wp-content/plugins/fusion-core/js/min/default.php HTTP/1.1" 200 5260 "http://vohradecor.com/wp-content/plugins/fusion-core/js/min/default.php" "Mozilla/5.0 (Windows NT 10.0; Win64; x64) AppleWebKit/537.36 (KHTML, like Gecko) Chrome/140.0.0.0 Safari/537.36"
147.79.59.16 - - [19/Sep/2025:02:00:27 -0400] "GET //jp2023 HTTP/1.1" 404 57 "-" "Mozilla/5.0 (Windows NT 10.0; Win64; x64) AppleWebKit/537.36 (KHTML, like Gecko) Chrome/140.0.0.0 Safari/537.36"
147.79.59.16 - - [19/Sep/2025:02:00:31 -0400] "GET //wp-rss4.php HTTP/1.1" 200 1359 "-" "Mozilla/5.0 (Windows NT 10.0; Win64; x64) AppleWebKit/537.36 (KHTML, like Gecko) Chrome/140.0.0.0 Safari/537.36"
216.73.216.132 - - [19/Sep/2025:02:00:33 -0400] "GET /3007491 HTTP/1.1" 404 6971 "-" "Mozilla/5.0 AppleWebKit/537.36 (KHTML, like Gecko; compatible; ClaudeBot/1.0; +claudebot@anthropic.com)"
216.73.216.132 - - [19/Sep/2025:02:00:35 -0400] "GET /7824542 HTTP/1.1" 404 6971 "-" "Mozilla/5.0 AppleWebKit/537.36 (KHTML, like Gecko; compatible; ClaudeBot/1.0; +claudebot@anthropic.com)"
147.79.59.16 - - [19/Sep/2025:02:00:36 -0400] "GET //wp-rss4.http://vohradecor.com/wp-opml.phpphp HTTP/1.1" 200 0 "-" "Mozilla/5.0 (Windows NT 10.0; Win64; x64) AppleWebKit/537.36 (KHTML, like Gecko) Chrome/140.0.0.0 Safari/537.36"
147.79.59.16 - - [19/Sep/2025:02:00:37 -0400] "GET /wp-opml.php HTTP/1.1" 200 4668 "-" "Mozilla/5.0 (Windows NT 10.0; Win64; x64) AppleWebKit/537.36 (KHTML, like Gecko) Chrome/140.0.0.0 Safari/537.36"
216.73.216.132 - - [19/Sep/2025:02:00:37 -0400] "GET /2319530037 HTTP/1.1" 404 6971 "-" "Mozilla/5.0 AppleWebKit/537.36 (KHTML, like Gecko; compatible; ClaudeBot/1.0; +claudebot@anthropic.com)"
147.79.59.16 - - [19/Sep/2025:02:00:40 -0400] "POST /wp-opml.php HTTP/1.1" 200 2554 "http://vohradecor.com/wp-opml.php" "Mozilla/5.0 (Windows NT 10.0; Win64; x64) AppleWebKit/537.36 (KHTML, like Gecko) Chrome/140.0.0.0 Safari/537.36"
216.73.216.132 - - [19/Sep/2025:02:00:41 -0400] "GET /873683483 HTTP/1.1" 404 6971 "-" "Mozilla/5.0 AppleWebKit/537.36 (KHTML, like Gecko; compatible; ClaudeBot/1.0; +claudebot@anthropic.com)"
216.73.216.132 - - [19/Sep/2025:02:00:46 -0400] "GET /1234612786 HTTP/1.1" 404 6971 "-" "Mozilla/5.0 AppleWebKit/537.36 (KHTML, like Gecko; compatible; ClaudeBot/1.0; +claudebot@anthropic.com)"
216.73.216.132 - - [19/Sep/2025:02:00:48 -0400] "GET /57045475 HTTP/1.1" 404 6971 "-" "Mozilla/5.0 AppleWebKit/537.36 (KHTML, like Gecko; compatible; ClaudeBot/1.0; +claudebot@anthropic.com)"
216.73.216.132 - - [19/Sep/2025:02:00:49 -0400] "GET /4738261 HTTP/1.1" 404 6971 "-" "Mozilla/5.0 AppleWebKit/537.36 (KHTML, like Gecko; compatible; ClaudeBot/1.0; +claudebot@anthropic.com)"
147.79.59.16 - - [19/Sep/2025:02:00:42 -0400] "POST /wp-opml.php HTTP/1.1" 200 1109346 "http://vohradecor.com/wp-opml.php" "Mozilla/5.0 (Windows NT 10.0; Win64; x64) AppleWebKit/537.36 (KHTML, like Gecko) Chrome/140.0.0.0 Safari/537.36"
216.73.216.132 - - [19/Sep/2025:02:00:51 -0400] "GET /67985416721 HTTP/1.1" 404 6971 "-" "Mozilla/5.0 AppleWebKit/537.36 (KHTML, like Gecko; compatible; ClaudeBot/1.0; +claudebot@anthropic.com)"
216.73.216.132 - - [19/Sep/2025:02:00:53 -0400] "GET /5427943 HTTP/1.1" 404 6971 "-" "Mozilla/5.0 AppleWebKit/537.36 (KHTML, like Gecko; compatible; ClaudeBot/1.0; +claudebot@anthropic.com)"
216.73.216.132 - - [19/Sep/2025:02:00:55 -0400] "GET /8794682394 HTTP/1.1" 404 6971 "-" "Mozilla/5.0 AppleWebKit/537.36 (KHTML, like Gecko; compatible; ClaudeBot/1.0; +claudebot@anthropic.com)"
216.73.216.132 - - [19/Sep/2025:02:00:56 -0400] "GET /548653724 HTTP/1.1" 404 6971 "-" "Mozilla/5.0 AppleWebKit/537.36 (KHTML, like Gecko; compatible; ClaudeBot/1.0; +claudebot@anthropic.com)"
147.79.59.16 - - [19/Sep/2025:02:00:59 -0400] "GET //wp-content/plugins/woocommerce/i18n/index.php HTTP/1.1" 200 2631 "http://www.openurls.com.cn/" "Mozilla/5.0 (Windows NT 10.0; Win64; x64) AppleWebKit/537.36 (KHTML, like Gecko) Chrome/140.0.0.0 Safari/537.36"
216.73.216.132 - - [19/Sep/2025:02:00:58 -0400] "GET /397050780 HTTP/1.1" 404 6971 "-" "Mozilla/5.0 AppleWebKit/537.36 (KHTML, like Gecko; compatible; ClaudeBot/1.0; +claudebot@anthropic.com)"
147.79.59.16 - - [19/Sep/2025:02:00:59 -0400] "GET //wp-admin/network/layerslider/index.php HTTP/1.1" 302 0 "http://www.openurls.com.cn/" "Mozilla/5.0 (Windows NT 10.0; Win64; x64) AppleWebKit/537.36 (KHTML, like Gecko) Chrome/140.0.0.0 Safari/537.36"
147.79.59.16 - - [19/Sep/2025:02:00:59 -0400] "GET //wp-includes/css/dist/.tmb/index.php HTTP/1.1" 301 0 "http://www.openurls.com.cn/" "Mozilla/5.0 (Windows NT 10.0; Win64; x64) AppleWebKit/537.36 (KHTML, like Gecko) Chrome/140.0.0.0 Safari/537.36"
147.79.59.16 - - [19/Sep/2025:02:00:59 -0400] "GET //wp-includes/IXR/woocommerce/index.php HTTP/1.1" 301 0 "http://www.openurls.com.cn/" "Mozilla/5.0 (Windows NT 10.0; Win64; x64) AppleWebKit/537.36 (KHTML, like Gecko) Chrome/140.0.0.0 Safari/537.36"
147.79.59.16 - - [19/Sep/2025:02:00:59 -0400] "GET //.tmb/IXR/index.php HTTP/1.1" 301 0 "http://www.openurls.com.cn/" "Mozilla/5.0 (Windows NT 10.0; Win64; x64) AppleWebKit/537.36 (KHTML, like Gecko) Chrome/140.0.0.0 Safari/537.36"
147.79.59.16 - - [19/Sep/2025:02:01:00 -0400] "GET //wp-content/uploads/layerslider/fusion_slider_exports/index.php HTTP/1.1" 200 7057 "http://www.openurls.com.cn/" "Mozilla/5.0 (Windows NT 10.0; Win64; x64) AppleWebKit/537.36 (KHTML, like Gecko) Chrome/140.0.0.0 Safari/537.36"
147.79.59.16 - - [19/Sep/2025:02:01:00 -0400] "GET //wp-content/uploads/fusion_slider_exports/classes/index.php HTTP/1.1" 200 8546 "http://www.openurls.com.cn/" "Mozilla/5.0 (Windows NT 10.0; Win64; x64) AppleWebKit/537.36 (KHTML, like Gecko) Chrome/140.0.0.0 Safari/537.36"
147.79.59.16 - - [19/Sep/2025:02:00:59 -0400] "GET //wp-content/plugins/fusion-builder/inc/i18n/network/index.php HTTP/1.1" 200 0 "http://www.openurls.com.cn/" "Mozilla/5.0 (Windows NT 10.0; Win64; x64) AppleWebKit/537.36 (KHTML, like Gecko) Chrome/140.0.0.0 Safari/537.36"
147.79.59.16 - - [19/Sep/2025:02:01:01 -0400] "GET //wp-content/themes/twentynineteen/classes/upgrade/index.php HTTP/1.1" 200 619 "http://www.openurls.com.cn/" "Mozilla/5.0 (Windows NT 10.0; Win64; x64) AppleWebKit/537.36 (KHTML, like Gecko) Chrome/140.0.0.0 Safari/537.36"
216.73.216.132 - - [19/Sep/2025:02:01:00 -0400] "GET /5081274 HTTP/1.1" 404 4886 "-" "Mozilla/5.0 AppleWebKit/537.36 (KHTML, like Gecko; compatible; ClaudeBot/1.0; +claudebot@anthropic.com)"
147.79.59.16 - - [19/Sep/2025:02:01:01 -0400] "GET //wp-admin/images/widgets/index.php HTTP/1.1" 200 2333 "http://www.openurls.com.cn/" "Mozilla/5.0 (Windows NT 10.0; Win64; x64) AppleWebKit/537.36 (KHTML, like Gecko) Chrome/140.0.0.0 Safari/537.36"
147.79.59.16 - - [19/Sep/2025:02:01:01 -0400] "GET //wp-admin/js/widgets/theme-compat/index.php HTTP/1.1" 404 2276 "http://www.openurls.com.cn/" "Mozilla/5.0 (Windows NT 10.0; Win64; x64) AppleWebKit/537.36 (KHTML, like Gecko) Chrome/140.0.0.0 Safari/537.36"
147.79.59.16 - - [19/Sep/2025:02:01:01 -0400] "GET //wp-includes/theme-compat/maint/index.php HTTP/1.1" 200 4250 "http://www.openurls.com.cn/" "Mozilla/5.0 (Windows NT 10.0; Win64; x64) AppleWebKit/537.36 (KHTML, like Gecko) Chrome/140.0.0.0 Safari/537.36"
216.73.216.132 - - [19/Sep/2025:02:01:00 -0400] "GET /3843973279 HTTP/1.1" 404 6971 "-" "Mozilla/5.0 AppleWebKit/537.36 (KHTML, like Gecko; compatible; ClaudeBot/1.0; +claudebot@anthropic.com)"
147.79.59.16 - - [19/Sep/2025:02:01:01 -0400] "GET //wp-content/upgrade/images/index.php HTTP/1.1" 200 455 "http://www.openurls.com.cn/" "Mozilla/5.0 (Windows NT 10.0; Win64; x64) AppleWebKit/537.36 (KHTML, like Gecko) Chrome/140.0.0.0 Safari/537.36"
147.79.59.16 - - [19/Sep/2025:02:01:01 -0400] "GET //wp-admin/maint/blue/index.php HTTP/1.1" 200 683 "http://www.openurls.com.cn/" "Mozilla/5.0 (Windows NT 10.0; Win64; x64) AppleWebKit/537.36 (KHTML, like Gecko) Chrome/140.0.0.0 Safari/537.36"
147.79.59.16 - - [19/Sep/2025:02:01:02 -0400] "GET //wp-admin/user/06/index.php HTTP/1.1" 200 2621 "http://www.openurls.com.cn/" "Mozilla/5.0 (Windows NT 10.0; Win64; x64) AppleWebKit/537.36 (KHTML, like Gecko) Chrome/140.0.0.0 Safari/537.36"
147.79.59.16 - - [19/Sep/2025:02:01:01 -0400] "GET //wp-admin/css/colors/blue/02/index.php HTTP/1.1" 301 0 "http://www.openurls.com.cn/" "Mozilla/5.0 (Windows NT 10.0; Win64; x64) AppleWebKit/537.36 (KHTML, like Gecko) Chrome/140.0.0.0 Safari/537.36"
147.79.59.16 - - [19/Sep/2025:02:01:02 -0400] "GET //wp-content/uploads/2015/02/includes/index.php HTTP/1.1" 301 0 "http://www.openurls.com.cn/" "Mozilla/5.0 (Windows NT 10.0; Win64; x64) AppleWebKit/537.36 (KHTML, like Gecko) Chrome/140.0.0.0 Safari/537.36"
216.73.216.132 - - [19/Sep/2025:02:01:02 -0400] "GET /95123654826 HTTP/1.1" 404 6971 "-" "Mozilla/5.0 AppleWebKit/537.36 (KHTML, like Gecko; compatible; ClaudeBot/1.0; +claudebot@anthropic.com)"
147.79.59.16 - - [19/Sep/2025:02:01:03 -0400] "GET //wp-includes/blocks/quote/dist/index.php HTTP/1.1" 302 0 "http://www.openurls.com.cn/" "Mozilla/5.0 (Windows NT 10.0; Win64; x64) AppleWebKit/537.36 (KHTML, like Gecko) Chrome/140.0.0.0 Safari/537.36"
66.249.65.70 - - [19/Sep/2025:02:01:02 -0400] "GET /41863666848 HTTP/1.1" 200 25500 "-" "Mozilla/5.0 (Linux; Android 6.0.1; Nexus 5X Build/MMB29P) AppleWebKit/537.36 (KHTML, like Gecko) Chrome/140.0.7339.127 Mobile Safari/537.36 (compatible; GoogleOther)"
147.79.59.16 - - [19/Sep/2025:02:01:02 -0400] "GET //wp-admin/includes/user/index.php HTTP/1.1" 200 0 "http://www.openurls.com.cn/" "Mozilla/5.0 (Windows NT 10.0; Win64; x64) AppleWebKit/537.36 (KHTML, like Gecko) Chrome/140.0.0.0 Safari/537.36"
147.79.59.16 - - [19/Sep/2025:02:01:03 -0400] "GET /wp-includes/css/dist/.tmb/ HTTP/1.1" 200 684 "http://www.openurls.com.cn/" "Mozilla/5.0 (Windows NT 10.0; Win64; x64) AppleWebKit/537.36 (KHTML, like Gecko) Chrome/140.0.0.0 Safari/537.36"
147.79.59.16 - - [19/Sep/2025:02:01:03 -0400] "GET /wp-admin/network/layerslider/index.php?p= HTTP/1.1" 200 15557 "http://www.openurls.com.cn/" "Mozilla/5.0 (Windows NT 10.0; Win64; x64) AppleWebKit/537.36 (KHTML, like Gecko) Chrome/140.0.0.0 Safari/537.36"
147.79.59.16 - - [19/Sep/2025:02:01:02 -0400] "GET //wp-content/uploads/2022/06/quote/index.php HTTP/1.1" 200 0 "http://www.openurls.com.cn/" "Mozilla/5.0 (Windows NT 10.0; Win64; x64) AppleWebKit/537.36 (KHTML, like Gecko) Chrome/140.0.0.0 Safari/537.36"
147.79.59.16 - - [19/Sep/2025:02:01:04 -0400] "GET /wp-includes/IXR/woocommerce/ HTTP/1.1" 200 686 "http://www.openurls.com.cn/" "Mozilla/5.0 (Windows NT 10.0; Win64; x64) AppleWebKit/537.36 (KHTML, like Gecko) Chrome/140.0.0.0 Safari/537.36"
216.73.216.132 - - [19/Sep/2025:02:01:03 -0400] "GET /8175425477 HTTP/1.1" 404 6971 "-" "Mozilla/5.0 AppleWebKit/537.36 (KHTML, like Gecko; compatible; ClaudeBot/1.0; +claudebot@anthropic.com)"
147.79.59.16 - - [19/Sep/2025:02:01:04 -0400] "GET /.tmb/IXR/ HTTP/1.1" 200 674 "http://www.openurls.com.cn/" "Mozilla/5.0 (Windows NT 10.0; Win64; x64) AppleWebKit/537.36 (KHTML, like Gecko) Chrome/140.0.0.0 Safari/537.36"
147.79.59.16 - - [19/Sep/2025:02:01:04 -0400] "GET /wp-admin/css/colors/blue/02/ HTTP/1.1" 200 685 "http://www.openurls.com.cn/" "Mozilla/5.0 (Windows NT 10.0; Win64; x64) AppleWebKit/537.36 (KHTML, like Gecko) Chrome/140.0.0.0 Safari/537.36"
147.79.59.16 - - [19/Sep/2025:02:01:04 -0400] "GET /wp-content/uploads/2015/02/includes/ HTTP/1.1" 200 691 "http://www.openurls.com.cn/" "Mozilla/5.0 (Windows NT 10.0; Win64; x64) AppleWebKit/537.36 (KHTML, like Gecko) Chrome/140.0.0.0 Safari/537.36"
147.79.59.16 - - [19/Sep/2025:02:01:04 -0400] "GET /_autoindex/assets/css/autoindex.css HTTP/1.1" 200 1397 "http://vohradecor.com/wp-includes/css/dist/.tmb/" "Mozilla/5.0 (Windows NT 10.0; Win64; x64) AppleWebKit/537.36 (KHTML, like Gecko) Chrome/140.0.0.0 Safari/537.36"
147.79.59.16 - - [19/Sep/2025:02:01:04 -0400] "GET //wp-content/plugins/woocommerce/i18n/index.php?action=d HTTP/1.1" 200 310 "http://vohradecor.com//wp-content/plugins/woocommerce/i18n/index.php" "Mozilla/5.0 (Windows NT 10.0; Win64; x64) AppleWebKit/537.36 (KHTML, like Gecko) Chrome/140.0.0.0 Safari/537.36"
147.79.59.16 - - [19/Sep/2025:02:01:05 -0400] "GET //wp-admin/user/06/index.php?action=d HTTP/1.1" 200 163 "http://vohradecor.com//wp-admin/user/06/index.php" "Mozilla/5.0 (Windows NT 10.0; Win64; x64) AppleWebKit/537.36 (KHTML, like Gecko) Chrome/140.0.0.0 Safari/537.36"
147.79.59.16 - - [19/Sep/2025:02:01:04 -0400] "GET /wp-includes/blocks/quote/dist/index.php?p= HTTP/1.1" 200 15532 "http://www.openurls.com.cn/" "Mozilla/5.0 (Windows NT 10.0; Win64; x64) AppleWebKit/537.36 (KHTML, like Gecko) Chrome/140.0.0.0 Safari/537.36"
216.73.216.132 - - [19/Sep/2025:02:01:04 -0400] "GET /38795701626 HTTP/1.1" 404 6971 "-" "Mozilla/5.0 AppleWebKit/537.36 (KHTML, like Gecko; compatible; ClaudeBot/1.0; +claudebot@anthropic.com)"
147.79.59.16 - - [19/Sep/2025:02:01:05 -0400] "GET /_autoindex/assets/js/tablesort.js HTTP/1.1" 200 2634 "http://vohradecor.com/wp-includes/css/dist/.tmb/" "Mozilla/5.0 (Windows NT 10.0; Win64; x64) AppleWebKit/537.36 (KHTML, like Gecko) Chrome/140.0.0.0 Safari/537.36"
147.79.59.16 - - [19/Sep/2025:02:01:05 -0400] "GET /_autoindex/assets/js/tablesort.number.js HTTP/1.1" 200 375 "http://vohradecor.com/wp-includes/css/dist/.tmb/" "Mozilla/5.0 (Windows NT 10.0; Win64; x64) AppleWebKit/537.36 (KHTML, like Gecko) Chrome/140.0.0.0 Safari/537.36"
216.73.216.132 - - [19/Sep/2025:02:01:04 -0400] "GET /38952180884 HTTP/1.1" 404 6971 "-" "Mozilla/5.0 AppleWebKit/537.36 (KHTML, like Gecko; compatible; ClaudeBot/1.0; +claudebot@anthropic.com)"
147.79.59.16 - - [19/Sep/2025:02:01:05 -0400] "GET /_autoindex/assets/icons/corner-left-up.svg HTTP/1.1" 200 401 "http://vohradecor.com/wp-includes/css/dist/.tmb/" "Mozilla/5.0 (Windows NT 10.0; Win64; x64) AppleWebKit/537.36 (KHTML, like Gecko) Chrome/140.0.0.0 Safari/537.36"
216.73.216.132 - - [19/Sep/2025:02:01:05 -0400] "GET /1352910219 HTTP/1.1" 404 6971 "-" "Mozilla/5.0 AppleWebKit/537.36 (KHTML, like Gecko; compatible; ClaudeBot/1.0; +claudebot@anthropic.com)"
147.79.59.16 - - [19/Sep/2025:02:01:05 -0400] "GET //wp-content/plugins/woocommerce/i18n/mainhack.ico HTTP/1.1" 301 0 "http://vohradecor.com//wp-content/plugins/woocommerce/i18n/index.php" "Mozilla/5.0 (Windows NT 10.0; Win64; x64) AppleWebKit/537.36 (KHTML, like Gecko) Chrome/140.0.0.0 Safari/537.36"
147.79.59.16 - - [19/Sep/2025:02:01:05 -0400] "GET //wp-admin/user/06/mainhack.ico HTTP/1.1" 301 0 "http://vohradecor.com//wp-admin/user/06/index.php" "Mozilla/5.0 (Windows NT 10.0; Win64; x64) AppleWebKit/537.36 (KHTML, like Gecko) Chrome/140.0.0.0 Safari/537.36"
216.73.216.132 - - [19/Sep/2025:02:01:06 -0400] "GET /6794763 HTTP/1.1" 404 6971 "-" "Mozilla/5.0 AppleWebKit/537.36 (KHTML, like Gecko; compatible; ClaudeBot/1.0; +claudebot@anthropic.com)"
216.73.216.132 - - [19/Sep/2025:02:01:08 -0400] "GET /18607016 HTTP/1.1" 404 6971 "-" "Mozilla/5.0 AppleWebKit/537.36 (KHTML, like Gecko; compatible; ClaudeBot/1.0; +claudebot@anthropic.com)"
216.73.216.132 - - [19/Sep/2025:02:01:08 -0400] "GET /32844128 HTTP/1.1" 404 6971 "-" "Mozilla/5.0 AppleWebKit/537.36 (KHTML, like Gecko; compatible; ClaudeBot/1.0; +claudebot@anthropic.com)"
216.73.216.132 - - [19/Sep/2025:02:01:09 -0400] "GET /586930621 HTTP/1.1" 404 6971 "-" "Mozilla/5.0 AppleWebKit/537.36 (KHTML, like Gecko; compatible; ClaudeBot/1.0; +claudebot@anthropic.com)"
147.79.59.16 - - [19/Sep/2025:02:01:08 -0400] "GET /wp-admin/user/06/mainhack.ico HTTP/1.1" 404 11218 "http://vohradecor.com//wp-admin/user/06/index.php" "Mozilla/5.0 (Windows NT 10.0; Win64; x64) AppleWebKit/537.36 (KHTML, like Gecko) Chrome/140.0.0.0 Safari/537.36"
147.79.59.16 - - [19/Sep/2025:02:01:08 -0400] "GET /wp-content/plugins/woocommerce/i18n/mainhack.ico HTTP/1.1" 404 11166 "http://vohradecor.com//wp-content/plugins/woocommerce/i18n/index.php" "Mozilla/5.0 (Windows NT 10.0; Win64; x64) AppleWebKit/537.36 (KHTML, like Gecko) Chrome/140.0.0.0 Safari/537.36"
216.73.216.132 - - [19/Sep/2025:02:01:11 -0400] "GET /879869988 HTTP/1.1" 404 6971 "-" "Mozilla/5.0 AppleWebKit/537.36 (KHTML, like Gecko; compatible; ClaudeBot/1.0; +claudebot@anthropic.com)"
216.73.216.132 - - [19/Sep/2025:02:01:11 -0400] "GET /187136332 HTTP/1.1" 404 6971 "-" "Mozilla/5.0 AppleWebKit/537.36 (KHTML, like Gecko; compatible; ClaudeBot/1.0; +claudebot@anthropic.com)"
216.73.216.132 - - [19/Sep/2025:02:01:12 -0400] "GET /476926352 HTTP/1.1" 404 6971 "-" "Mozilla/5.0 AppleWebKit/537.36 (KHTML, like Gecko; compatible; ClaudeBot/1.0; +claudebot@anthropic.com)"
216.73.216.132 - - [19/Sep/2025:02:01:12 -0400] "GET /68934673983 HTTP/1.1" 404 6971 "-" "Mozilla/5.0 AppleWebKit/537.36 (KHTML, like Gecko; compatible; ClaudeBot/1.0; +claudebot@anthropic.com)"
216.73.216.132 - - [19/Sep/2025:02:01:13 -0400] "GET /51888973 HTTP/1.1" 404 6971 "-" "Mozilla/5.0 AppleWebKit/537.36 (KHTML, like Gecko; compatible; ClaudeBot/1.0; +claudebot@anthropic.com)"
216.73.216.132 - - [19/Sep/2025:02:01:13 -0400] "GET /7700000 HTTP/1.1" 404 6971 "-" "Mozilla/5.0 AppleWebKit/537.36 (KHTML, like Gecko; compatible; ClaudeBot/1.0; +claudebot@anthropic.com)"
216.73.216.132 - - [19/Sep/2025:02:01:14 -0400] "GET /45313443862 HTTP/1.1" 404 6971 "-" "Mozilla/5.0 AppleWebKit/537.36 (KHTML, like Gecko; compatible; ClaudeBot/1.0; +claudebot@anthropic.com)"
216.73.216.132 - - [19/Sep/2025:02:01:14 -0400] "GET /6159679643 HTTP/1.1" 404 6971 "-" "Mozilla/5.0 AppleWebKit/537.36 (KHTML, like Gecko; compatible; ClaudeBot/1.0; +claudebot@anthropic.com)"
216.73.216.132 - - [19/Sep/2025:02:01:20 -0400] "GET /98414578069 HTTP/1.1" 404 6971 "-" "Mozilla/5.0 AppleWebKit/537.36 (KHTML, like Gecko; compatible; ClaudeBot/1.0; +claudebot@anthropic.com)"
216.73.216.132 - - [19/Sep/2025:02:01:20 -0400] "GET /96975143 HTTP/1.1" 404 6971 "-" "Mozilla/5.0 AppleWebKit/537.36 (KHTML, like Gecko; compatible; ClaudeBot/1.0; +claudebot@anthropic.com)"
216.73.216.132 - - [19/Sep/2025:02:01:21 -0400] "GET /93866754254 HTTP/1.1" 404 6971 "-" "Mozilla/5.0 AppleWebKit/537.36 (KHTML, like Gecko; compatible; ClaudeBot/1.0; +claudebot@anthropic.com)"
216.73.216.132 - - [19/Sep/2025:02:01:23 -0400] "GET /12874397040 HTTP/1.1" 404 6971 "-" "Mozilla/5.0 AppleWebKit/537.36 (KHTML, like Gecko; compatible; ClaudeBot/1.0; +claudebot@anthropic.com)"
216.73.216.132 - - [19/Sep/2025:02:01:23 -0400] "GET /64214531216 HTTP/1.1" 404 6971 "-" "Mozilla/5.0 AppleWebKit/537.36 (KHTML, like Gecko; compatible; ClaudeBot/1.0; +claudebot@anthropic.com)"
216.73.216.132 - - [19/Sep/2025:02:01:23 -0400] "GET /68371933773 HTTP/1.1" 404 6971 "-" "Mozilla/5.0 AppleWebKit/537.36 (KHTML, like Gecko; compatible; ClaudeBot/1.0; +claudebot@anthropic.com)"
216.73.216.132 - - [19/Sep/2025:02:01:25 -0400] "GET /6379512080 HTTP/1.1" 404 6971 "-" "Mozilla/5.0 AppleWebKit/537.36 (KHTML, like Gecko; compatible; ClaudeBot/1.0; +claudebot@anthropic.com)"
216.73.216.132 - - [19/Sep/2025:02:01:26 -0400] "GET /89474692937 HTTP/1.1" 404 6971 "-" "Mozilla/5.0 AppleWebKit/537.36 (KHTML, like Gecko; compatible; ClaudeBot/1.0; +claudebot@anthropic.com)"
216.73.216.132 - - [19/Sep/2025:02:01:27 -0400] "GET /48972460182 HTTP/1.1" 404 6971 "-" "Mozilla/5.0 AppleWebKit/537.36 (KHTML, like Gecko; compatible; ClaudeBot/1.0; +claudebot@anthropic.com)"
216.73.216.132 - - [19/Sep/2025:02:01:27 -0400] "GET /4260484 HTTP/1.1" 404 6971 "-" "Mozilla/5.0 AppleWebKit/537.36 (KHTML, like Gecko; compatible; ClaudeBot/1.0; +claudebot@anthropic.com)"
66.249.65.69 - - [19/Sep/2025:02:01:28 -0400] "GET /9564384639 HTTP/1.1" 200 25032 "-" "Mozilla/5.0 (Linux; Android 6.0.1; Nexus 5X Build/MMB29P) AppleWebKit/537.36 (KHTML, like Gecko) Chrome/140.0.7339.127 Mobile Safari/537.36 (compatible; GoogleOther)"
216.73.216.132 - - [19/Sep/2025:02:01:28 -0400] "GET /4775827 HTTP/1.1" 404 6971 "-" "Mozilla/5.0 AppleWebKit/537.36 (KHTML, like Gecko; compatible; ClaudeBot/1.0; +claudebot@anthropic.com)"
216.73.216.132 - - [19/Sep/2025:02:01:29 -0400] "GET /1692531 HTTP/1.1" 404 6971 "-" "Mozilla/5.0 AppleWebKit/537.36 (KHTML, like Gecko; compatible; ClaudeBot/1.0; +claudebot@anthropic.com)"
216.73.216.132 - - [19/Sep/2025:02:01:29 -0400] "GET /5292395904 HTTP/1.1" 404 6971 "-" "Mozilla/5.0 AppleWebKit/537.36 (KHTML, like Gecko; compatible; ClaudeBot/1.0; +claudebot@anthropic.com)"
216.73.216.132 - - [19/Sep/2025:02:01:30 -0400] "GET /6809860 HTTP/1.1" 404 6971 "-" "Mozilla/5.0 AppleWebKit/537.36 (KHTML, like Gecko; compatible; ClaudeBot/1.0; +claudebot@anthropic.com)"
216.73.216.132 - - [19/Sep/2025:02:01:31 -0400] "GET /8607300 HTTP/1.1" 404 6971 "-" "Mozilla/5.0 AppleWebKit/537.36 (KHTML, like Gecko; compatible; ClaudeBot/1.0; +claudebot@anthropic.com)"
216.73.216.132 - - [19/Sep/2025:02:01:31 -0400] "GET /7142599 HTTP/1.1" 404 6971 "-" "Mozilla/5.0 AppleWebKit/537.36 (KHTML, like Gecko; compatible; ClaudeBot/1.0; +claudebot@anthropic.com)"
216.73.216.132 - - [19/Sep/2025:02:01:32 -0400] "GET /13629431206 HTTP/1.1" 404 6971 "-" "Mozilla/5.0 AppleWebKit/537.36 (KHTML, like Gecko; compatible; ClaudeBot/1.0; +claudebot@anthropic.com)"
216.73.216.132 - - [19/Sep/2025:02:01:33 -0400] "GET /583892123 HTTP/1.1" 404 6971 "-" "Mozilla/5.0 AppleWebKit/537.36 (KHTML, like Gecko; compatible; ClaudeBot/1.0; +claudebot@anthropic.com)"
66.249.65.71 - - [19/Sep/2025:02:02:16 -0400] "GET /26915942 HTTP/1.1" 200 24438 "-" "Mozilla/5.0 (Linux; Android 6.0.1; Nexus 5X Build/MMB29P) AppleWebKit/537.36 (KHTML, like Gecko) Chrome/140.0.7339.127 Mobile Safari/537.36 (compatible; GoogleOther)"
216.73.216.132 - - [19/Sep/2025:02:03:15 -0400] "GET /79981694 HTTP/1.1" 404 6971 "-" "Mozilla/5.0 AppleWebKit/537.36 (KHTML, like Gecko; compatible; ClaudeBot/1.0; +claudebot@anthropic.com)"
216.73.216.132 - - [19/Sep/2025:02:03:17 -0400] "GET /95194819383 HTTP/1.1" 404 6971 "-" "Mozilla/5.0 AppleWebKit/537.36 (KHTML, like Gecko; compatible; ClaudeBot/1.0; +claudebot@anthropic.com)"
216.73.216.132 - - [19/Sep/2025:02:03:19 -0400] "GET /79002343 HTTP/1.1" 404 6971 "-" "Mozilla/5.0 AppleWebKit/537.36 (KHTML, like Gecko; compatible; ClaudeBot/1.0; +claudebot@anthropic.com)"
216.73.216.132 - - [19/Sep/2025:02:03:21 -0400] "GET /83953683074 HTTP/1.1" 404 6971 "-" "Mozilla/5.0 AppleWebKit/537.36 (KHTML, like Gecko; compatible; ClaudeBot/1.0; +claudebot@anthropic.com)"
216.73.216.132 - - [19/Sep/2025:02:03:22 -0400] "GET /64339028 HTTP/1.1" 404 6971 "-" "Mozilla/5.0 AppleWebKit/537.36 (KHTML, like Gecko; compatible; ClaudeBot/1.0; +claudebot@anthropic.com)"
216.73.216.132 - - [19/Sep/2025:02:03:23 -0400] "GET /49138588 HTTP/1.1" 404 6971 "-" "Mozilla/5.0 AppleWebKit/537.36 (KHTML, like Gecko; compatible; ClaudeBot/1.0; +claudebot@anthropic.com)"
216.73.216.132 - - [19/Sep/2025:02:03:24 -0400] "GET /6907336 HTTP/1.1" 404 6971 "-" "Mozilla/5.0 AppleWebKit/537.36 (KHTML, like Gecko; compatible; ClaudeBot/1.0; +claudebot@anthropic.com)"
216.73.216.132 - - [19/Sep/2025:02:03:24 -0400] "GET /85362403250 HTTP/1.1" 404 4886 "-" "Mozilla/5.0 AppleWebKit/537.36 (KHTML, like Gecko; compatible; ClaudeBot/1.0; +claudebot@anthropic.com)"
216.73.216.132 - - [19/Sep/2025:02:03:26 -0400] "GET /84184333 HTTP/1.1" 404 6971 "-" "Mozilla/5.0 AppleWebKit/537.36 (KHTML, like Gecko; compatible; ClaudeBot/1.0; +claudebot@anthropic.com)"
216.73.216.132 - - [19/Sep/2025:02:03:26 -0400] "GET /2856589000 HTTP/1.1" 404 6971 "-" "Mozilla/5.0 AppleWebKit/537.36 (KHTML, like Gecko; compatible; ClaudeBot/1.0; +claudebot@anthropic.com)"
216.73.216.132 - - [19/Sep/2025:02:03:27 -0400] "GET /2718903470 HTTP/1.1" 404 6971 "-" "Mozilla/5.0 AppleWebKit/537.36 (KHTML, like Gecko; compatible; ClaudeBot/1.0; +claudebot@anthropic.com)"
216.73.216.132 - - [19/Sep/2025:02:03:28 -0400] "GET /65610781 HTTP/1.1" 404 6971 "-" "Mozilla/5.0 AppleWebKit/537.36 (KHTML, like Gecko; compatible; ClaudeBot/1.0; +claudebot@anthropic.com)"
216.73.216.132 - - [19/Sep/2025:02:03:29 -0400] "GET /891998452 HTTP/1.1" 404 4886 "-" "Mozilla/5.0 AppleWebKit/537.36 (KHTML, like Gecko; compatible; ClaudeBot/1.0; +claudebot@anthropic.com)"
216.73.216.132 - - [19/Sep/2025:02:03:29 -0400] "GET /5098435 HTTP/1.1" 404 6971 "-" "Mozilla/5.0 AppleWebKit/537.36 (KHTML, like Gecko; compatible; ClaudeBot/1.0; +claudebot@anthropic.com)"
216.73.216.132 - - [19/Sep/2025:02:03:29 -0400] "GET /574419523 HTTP/1.1" 404 6971 "-" "Mozilla/5.0 AppleWebKit/537.36 (KHTML, like Gecko; compatible; ClaudeBot/1.0; +claudebot@anthropic.com)"
216.73.216.132 - - [19/Sep/2025:02:03:30 -0400] "GET /2601289 HTTP/1.1" 404 6971 "-" "Mozilla/5.0 AppleWebKit/537.36 (KHTML, like Gecko; compatible; ClaudeBot/1.0; +claudebot@anthropic.com)"
216.73.216.132 - - [19/Sep/2025:02:03:31 -0400] "GET /758536948 HTTP/1.1" 404 6971 "-" "Mozilla/5.0 AppleWebKit/537.36 (KHTML, like Gecko; compatible; ClaudeBot/1.0; +claudebot@anthropic.com)"
216.73.216.132 - - [19/Sep/2025:02:03:32 -0400] "GET /3297946882 HTTP/1.1" 404 6971 "-" "Mozilla/5.0 AppleWebKit/537.36 (KHTML, like Gecko; compatible; ClaudeBot/1.0; +claudebot@anthropic.com)"
216.73.216.132 - - [19/Sep/2025:02:03:33 -0400] "GET /97451738058 HTTP/1.1" 404 6971 "-" "Mozilla/5.0 AppleWebKit/537.36 (KHTML, like Gecko; compatible; ClaudeBot/1.0; +claudebot@anthropic.com)"
216.73.216.132 - - [19/Sep/2025:02:03:35 -0400] "GET /69509812 HTTP/1.1" 404 6971 "-" "Mozilla/5.0 AppleWebKit/537.36 (KHTML, like Gecko; compatible; ClaudeBot/1.0; +claudebot@anthropic.com)"
216.73.216.132 - - [19/Sep/2025:02:03:35 -0400] "GET /57822945332 HTTP/1.1" 404 6971 "-" "Mozilla/5.0 AppleWebKit/537.36 (KHTML, like Gecko; compatible; ClaudeBot/1.0; +claudebot@anthropic.com)"
216.73.216.132 - - [19/Sep/2025:02:03:36 -0400] "GET /9532718380 HTTP/1.1" 404 6971 "-" "Mozilla/5.0 AppleWebKit/537.36 (KHTML, like Gecko; compatible; ClaudeBot/1.0; +claudebot@anthropic.com)"
216.73.216.132 - - [19/Sep/2025:02:03:37 -0400] "GET /87333246 HTTP/1.1" 404 6971 "-" "Mozilla/5.0 AppleWebKit/537.36 (KHTML, like Gecko; compatible; ClaudeBot/1.0; +claudebot@anthropic.com)"
216.73.216.132 - - [19/Sep/2025:02:03:37 -0400] "GET /9512747 HTTP/1.1" 404 6971 "-" "Mozilla/5.0 AppleWebKit/537.36 (KHTML, like Gecko; compatible; ClaudeBot/1.0; +claudebot@anthropic.com)"
216.73.216.132 - - [19/Sep/2025:02:03:38 -0400] "GET /2637414124 HTTP/1.1" 404 6971 "-" "Mozilla/5.0 AppleWebKit/537.36 (KHTML, like Gecko; compatible; ClaudeBot/1.0; +claudebot@anthropic.com)"
216.73.216.132 - - [19/Sep/2025:02:03:39 -0400] "GET /18012586 HTTP/1.1" 404 4886 "-" "Mozilla/5.0 AppleWebKit/537.36 (KHTML, like Gecko; compatible; ClaudeBot/1.0; +claudebot@anthropic.com)"
216.73.216.132 - - [19/Sep/2025:02:03:39 -0400] "GET /2837836958 HTTP/1.1" 404 6971 "-" "Mozilla/5.0 AppleWebKit/537.36 (KHTML, like Gecko; compatible; ClaudeBot/1.0; +claudebot@anthropic.com)"
216.73.216.132 - - [19/Sep/2025:02:03:39 -0400] "GET /3798800323 HTTP/1.1" 404 6971 "-" "Mozilla/5.0 AppleWebKit/537.36 (KHTML, like Gecko; compatible; ClaudeBot/1.0; +claudebot@anthropic.com)"
216.73.216.132 - - [19/Sep/2025:02:03:39 -0400] "GET /175688351 HTTP/1.1" 404 6971 "-" "Mozilla/5.0 AppleWebKit/537.36 (KHTML, like Gecko; compatible; ClaudeBot/1.0; +claudebot@anthropic.com)"
216.73.216.132 - - [19/Sep/2025:02:03:40 -0400] "GET /25960545 HTTP/1.1" 404 6971 "-" "Mozilla/5.0 AppleWebKit/537.36 (KHTML, like Gecko; compatible; ClaudeBot/1.0; +claudebot@anthropic.com)"
216.73.216.132 - - [19/Sep/2025:02:03:48 -0400] "GET /26538416613 HTTP/1.1" 404 6971 "-" "Mozilla/5.0 AppleWebKit/537.36 (KHTML, like Gecko; compatible; ClaudeBot/1.0; +claudebot@anthropic.com)"
216.73.216.132 - - [19/Sep/2025:02:03:49 -0400] "GET /941913195 HTTP/1.1" 404 6971 "-" "Mozilla/5.0 AppleWebKit/537.36 (KHTML, like Gecko; compatible; ClaudeBot/1.0; +claudebot@anthropic.com)"
216.73.216.132 - - [19/Sep/2025:02:03:49 -0400] "GET /5130132361 HTTP/1.1" 404 6971 "-" "Mozilla/5.0 AppleWebKit/537.36 (KHTML, like Gecko; compatible; ClaudeBot/1.0; +claudebot@anthropic.com)"
216.73.216.132 - - [19/Sep/2025:02:03:50 -0400] "GET /13292755386 HTTP/1.1" 404 6971 "-" "Mozilla/5.0 AppleWebKit/537.36 (KHTML, like Gecko; compatible; ClaudeBot/1.0; +claudebot@anthropic.com)"
216.73.216.132 - - [19/Sep/2025:02:03:51 -0400] "GET /44020503 HTTP/1.1" 404 4886 "-" "Mozilla/5.0 AppleWebKit/537.36 (KHTML, like Gecko; compatible; ClaudeBot/1.0; +claudebot@anthropic.com)"
216.73.216.132 - - [19/Sep/2025:02:03:51 -0400] "GET /971916335 HTTP/1.1" 404 4886 "-" "Mozilla/5.0 AppleWebKit/537.36 (KHTML, like Gecko; compatible; ClaudeBot/1.0; +claudebot@anthropic.com)"
216.73.216.132 - - [19/Sep/2025:02:03:52 -0400] "GET /8998688 HTTP/1.1" 404 6971 "-" "Mozilla/5.0 AppleWebKit/537.36 (KHTML, like Gecko; compatible; ClaudeBot/1.0; +claudebot@anthropic.com)"
216.73.216.132 - - [19/Sep/2025:02:03:52 -0400] "GET /2205117 HTTP/1.1" 404 7006 "-" "Mozilla/5.0 AppleWebKit/537.36 (KHTML, like Gecko; compatible; ClaudeBot/1.0; +claudebot@anthropic.com)"
216.73.216.132 - - [19/Sep/2025:02:03:53 -0400] "GET /353062784 HTTP/1.1" 404 6971 "-" "Mozilla/5.0 AppleWebKit/537.36 (KHTML, like Gecko; compatible; ClaudeBot/1.0; +claudebot@anthropic.com)"
216.73.216.132 - - [19/Sep/2025:02:03:53 -0400] "GET /3415366 HTTP/1.1" 404 6971 "-" "Mozilla/5.0 AppleWebKit/537.36 (KHTML, like Gecko; compatible; ClaudeBot/1.0; +claudebot@anthropic.com)"
216.73.216.132 - - [19/Sep/2025:02:03:54 -0400] "GET /54484190319 HTTP/1.1" 404 6971 "-" "Mozilla/5.0 AppleWebKit/537.36 (KHTML, like Gecko; compatible; ClaudeBot/1.0; +claudebot@anthropic.com)"
216.73.216.132 - - [19/Sep/2025:02:03:54 -0400] "GET /857265919 HTTP/1.1" 404 6971 "-" "Mozilla/5.0 AppleWebKit/537.36 (KHTML, like Gecko; compatible; ClaudeBot/1.0; +claudebot@anthropic.com)"
216.73.216.132 - - [19/Sep/2025:02:03:54 -0400] "GET /31865496998 HTTP/1.1" 404 6971 "-" "Mozilla/5.0 AppleWebKit/537.36 (KHTML, like Gecko; compatible; ClaudeBot/1.0; +claudebot@anthropic.com)"
216.73.216.132 - - [19/Sep/2025:02:03:55 -0400] "GET /67146158123 HTTP/1.1" 404 4886 "-" "Mozilla/5.0 AppleWebKit/537.36 (KHTML, like Gecko; compatible; ClaudeBot/1.0; +claudebot@anthropic.com)"
216.73.216.132 - - [19/Sep/2025:02:03:55 -0400] "GET /8565051 HTTP/1.1" 404 6971 "-" "Mozilla/5.0 AppleWebKit/537.36 (KHTML, like Gecko; compatible; ClaudeBot/1.0; +claudebot@anthropic.com)"
216.73.216.132 - - [19/Sep/2025:02:03:56 -0400] "GET /75728833 HTTP/1.1" 404 6971 "-" "Mozilla/5.0 AppleWebKit/537.36 (KHTML, like Gecko; compatible; ClaudeBot/1.0; +claudebot@anthropic.com)"
216.73.216.132 - - [19/Sep/2025:02:03:56 -0400] "GET /52837099779 HTTP/1.1" 404 6971 "-" "Mozilla/5.0 AppleWebKit/537.36 (KHTML, like Gecko; compatible; ClaudeBot/1.0; +claudebot@anthropic.com)"
216.73.216.132 - - [19/Sep/2025:02:03:57 -0400] "GET /7573551 HTTP/1.1" 404 6971 "-" "Mozilla/5.0 AppleWebKit/537.36 (KHTML, like Gecko; compatible; ClaudeBot/1.0; +claudebot@anthropic.com)"
216.73.216.132 - - [19/Sep/2025:02:03:56 -0400] "GET /6741717683 HTTP/1.1" 404 10124 "-" "Mozilla/5.0 AppleWebKit/537.36 (KHTML, like Gecko; compatible; ClaudeBot/1.0; +claudebot@anthropic.com)"
216.73.216.132 - - [19/Sep/2025:02:03:57 -0400] "GET /584273245 HTTP/1.1" 404 6971 "-" "Mozilla/5.0 AppleWebKit/537.36 (KHTML, like Gecko; compatible; ClaudeBot/1.0; +claudebot@anthropic.com)"
216.73.216.132 - - [19/Sep/2025:02:03:58 -0400] "GET /75859426830 HTTP/1.1" 404 6971 "-" "Mozilla/5.0 AppleWebKit/537.36 (KHTML, like Gecko; compatible; ClaudeBot/1.0; +claudebot@anthropic.com)"
216.73.216.132 - - [19/Sep/2025:02:03:58 -0400] "GET /9522299 HTTP/1.1" 404 4886 "-" "Mozilla/5.0 AppleWebKit/537.36 (KHTML, like Gecko; compatible; ClaudeBot/1.0; +claudebot@anthropic.com)"
216.73.216.132 - - [19/Sep/2025:02:03:59 -0400] "GET /190215099 HTTP/1.1" 404 6971 "-" "Mozilla/5.0 AppleWebKit/537.36 (KHTML, like Gecko; compatible; ClaudeBot/1.0; +claudebot@anthropic.com)"
216.73.216.132 - - [19/Sep/2025:02:03:59 -0400] "GET /75913541 HTTP/1.1" 404 6971 "-" "Mozilla/5.0 AppleWebKit/537.36 (KHTML, like Gecko; compatible; ClaudeBot/1.0; +claudebot@anthropic.com)"
216.73.216.132 - - [19/Sep/2025:02:04:00 -0400] "GET /576595195 HTTP/1.1" 404 6971 "-" "Mozilla/5.0 AppleWebKit/537.36 (KHTML, like Gecko; compatible; ClaudeBot/1.0; +claudebot@anthropic.com)"
216.73.216.132 - - [19/Sep/2025:02:04:00 -0400] "GET /6821737474 HTTP/1.1" 404 6971 "-" "Mozilla/5.0 AppleWebKit/537.36 (KHTML, like Gecko; compatible; ClaudeBot/1.0; +claudebot@anthropic.com)"
216.73.216.132 - - [19/Sep/2025:02:04:00 -0400] "GET /6425083925 HTTP/1.1" 404 6971 "-" "Mozilla/5.0 AppleWebKit/537.36 (KHTML, like Gecko; compatible; ClaudeBot/1.0; +claudebot@anthropic.com)"
216.73.216.132 - - [19/Sep/2025:02:04:01 -0400] "GET /37496217226 HTTP/1.1" 404 6971 "-" "Mozilla/5.0 AppleWebKit/537.36 (KHTML, like Gecko; compatible; ClaudeBot/1.0; +claudebot@anthropic.com)"
216.73.216.132 - - [19/Sep/2025:02:04:01 -0400] "GET /3850159994 HTTP/1.1" 404 4886 "-" "Mozilla/5.0 AppleWebKit/537.36 (KHTML, like Gecko; compatible; ClaudeBot/1.0; +claudebot@anthropic.com)"
216.73.216.132 - - [19/Sep/2025:02:04:02 -0400] "GET /69490515 HTTP/1.1" 404 6971 "-" "Mozilla/5.0 AppleWebKit/537.36 (KHTML, like Gecko; compatible; ClaudeBot/1.0; +claudebot@anthropic.com)"
66.249.65.69 - - [19/Sep/2025:02:04:28 -0400] "GET /173241267 HTTP/1.1" 200 24466 "-" "Mozilla/5.0 (Linux; Android 6.0.1; Nexus 5X Build/MMB29P) AppleWebKit/537.36 (KHTML, like Gecko) Chrome/140.0.7339.127 Mobile Safari/537.36 (compatible; GoogleOther)"
66.249.65.69 - - [19/Sep/2025:02:04:52 -0400] "GET /7624957 HTTP/1.1" 200 25166 "-" "Mozilla/5.0 (Linux; Android 6.0.1; Nexus 5X Build/MMB29P) AppleWebKit/537.36 (KHTML, like Gecko) Chrome/140.0.7339.127 Mobile Safari/537.36 (compatible; GoogleOther)"
66.249.65.71 - - [19/Sep/2025:02:05:02 -0400] "GET /37698443692 HTTP/1.1" 200 24911 "-" "Mozilla/5.0 (Linux; Android 6.0.1; Nexus 5X Build/MMB29P) AppleWebKit/537.36 (KHTML, like Gecko) Chrome/140.0.7339.127 Mobile Safari/537.36 (compatible; GoogleOther)"
216.73.216.132 - - [19/Sep/2025:02:05:42 -0400] "GET /3976123812 HTTP/1.1" 404 6971 "-" "Mozilla/5.0 AppleWebKit/537.36 (KHTML, like Gecko; compatible; ClaudeBot/1.0; +claudebot@anthropic.com)"
216.73.216.132 - - [19/Sep/2025:02:05:43 -0400] "GET /84978783087 HTTP/1.1" 404 6971 "-" "Mozilla/5.0 AppleWebKit/537.36 (KHTML, like Gecko; compatible; ClaudeBot/1.0; +claudebot@anthropic.com)"
216.73.216.132 - - [19/Sep/2025:02:05:43 -0400] "GET /78952755 HTTP/1.1" 404 6971 "-" "Mozilla/5.0 AppleWebKit/537.36 (KHTML, like Gecko; compatible; ClaudeBot/1.0; +claudebot@anthropic.com)"
216.73.216.132 - - [19/Sep/2025:02:05:45 -0400] "GET /8506909 HTTP/1.1" 404 6971 "-" "Mozilla/5.0 AppleWebKit/537.36 (KHTML, like Gecko; compatible; ClaudeBot/1.0; +claudebot@anthropic.com)"
216.73.216.132 - - [19/Sep/2025:02:05:46 -0400] "GET /975126217 HTTP/1.1" 404 6971 "-" "Mozilla/5.0 AppleWebKit/537.36 (KHTML, like Gecko; compatible; ClaudeBot/1.0; +claudebot@anthropic.com)"
216.73.216.132 - - [19/Sep/2025:02:05:46 -0400] "GET /692616509 HTTP/1.1" 404 6971 "-" "Mozilla/5.0 AppleWebKit/537.36 (KHTML, like Gecko; compatible; ClaudeBot/1.0; +claudebot@anthropic.com)"
216.73.216.132 - - [19/Sep/2025:02:05:48 -0400] "GET /76928633148 HTTP/1.1" 404 6971 "-" "Mozilla/5.0 AppleWebKit/537.36 (KHTML, like Gecko; compatible; ClaudeBot/1.0; +claudebot@anthropic.com)"
216.73.216.132 - - [19/Sep/2025:02:05:48 -0400] "GET /47725792 HTTP/1.1" 404 6971 "-" "Mozilla/5.0 AppleWebKit/537.36 (KHTML, like Gecko; compatible; ClaudeBot/1.0; +claudebot@anthropic.com)"
216.73.216.132 - - [19/Sep/2025:02:05:47 -0400] "GET /42338582 HTTP/1.1" 404 6971 "-" "Mozilla/5.0 AppleWebKit/537.36 (KHTML, like Gecko; compatible; ClaudeBot/1.0; +claudebot@anthropic.com)"
216.73.216.132 - - [19/Sep/2025:02:05:55 -0400] "GET /2875371 HTTP/1.1" 404 6971 "-" "Mozilla/5.0 AppleWebKit/537.36 (KHTML, like Gecko; compatible; ClaudeBot/1.0; +claudebot@anthropic.com)"
216.73.216.132 - - [19/Sep/2025:02:05:56 -0400] "GET /762615810 HTTP/1.1" 404 6971 "-" "Mozilla/5.0 AppleWebKit/537.36 (KHTML, like Gecko; compatible; ClaudeBot/1.0; +claudebot@anthropic.com)"
216.73.216.132 - - [19/Sep/2025:02:05:58 -0400] "GET /16713031443 HTTP/1.1" 404 4886 "-" "Mozilla/5.0 AppleWebKit/537.36 (KHTML, like Gecko; compatible; ClaudeBot/1.0; +claudebot@anthropic.com)"
216.73.216.132 - - [19/Sep/2025:02:05:58 -0400] "GET /659855662 HTTP/1.1" 404 6971 "-" "Mozilla/5.0 AppleWebKit/537.36 (KHTML, like Gecko; compatible; ClaudeBot/1.0; +claudebot@anthropic.com)"
216.73.216.132 - - [19/Sep/2025:02:05:59 -0400] "GET /9109406 HTTP/1.1" 404 6971 "-" "Mozilla/5.0 AppleWebKit/537.36 (KHTML, like Gecko; compatible; ClaudeBot/1.0; +claudebot@anthropic.com)"
216.73.216.132 - - [19/Sep/2025:02:06:01 -0400] "GET /94643355780 HTTP/1.1" 404 6971 "-" "Mozilla/5.0 AppleWebKit/537.36 (KHTML, like Gecko; compatible; ClaudeBot/1.0; +claudebot@anthropic.com)"
216.73.216.132 - - [19/Sep/2025:02:06:02 -0400] "GET /719411134 HTTP/1.1" 404 6971 "-" "Mozilla/5.0 AppleWebKit/537.36 (KHTML, like Gecko; compatible; ClaudeBot/1.0; +claudebot@anthropic.com)"
216.73.216.132 - - [19/Sep/2025:02:06:03 -0400] "GET /1724120 HTTP/1.1" 404 6971 "-" "Mozilla/5.0 AppleWebKit/537.36 (KHTML, like Gecko; compatible; ClaudeBot/1.0; +claudebot@anthropic.com)"
216.73.216.132 - - [19/Sep/2025:02:06:03 -0400] "GET /87319451136 HTTP/1.1" 404 6971 "-" "Mozilla/5.0 AppleWebKit/537.36 (KHTML, like Gecko; compatible; ClaudeBot/1.0; +claudebot@anthropic.com)"
216.73.216.132 - - [19/Sep/2025:02:06:04 -0400] "GET /76997006369 HTTP/1.1" 404 6971 "-" "Mozilla/5.0 AppleWebKit/537.36 (KHTML, like Gecko; compatible; ClaudeBot/1.0; +claudebot@anthropic.com)"
216.73.216.132 - - [19/Sep/2025:02:06:05 -0400] "GET /535471409 HTTP/1.1" 404 6971 "-" "Mozilla/5.0 AppleWebKit/537.36 (KHTML, like Gecko; compatible; ClaudeBot/1.0; +claudebot@anthropic.com)"
216.73.216.132 - - [19/Sep/2025:02:06:06 -0400] "GET /35712498 HTTP/1.1" 404 6971 "-" "Mozilla/5.0 AppleWebKit/537.36 (KHTML, like Gecko; compatible; ClaudeBot/1.0; +claudebot@anthropic.com)"
216.73.216.132 - - [19/Sep/2025:02:06:06 -0400] "GET /82656650719 HTTP/1.1" 404 6971 "-" "Mozilla/5.0 AppleWebKit/537.36 (KHTML, like Gecko; compatible; ClaudeBot/1.0; +claudebot@anthropic.com)"
216.73.216.132 - - [19/Sep/2025:02:06:08 -0400] "GET /72805295 HTTP/1.1" 404 6971 "-" "Mozilla/5.0 AppleWebKit/537.36 (KHTML, like Gecko; compatible; ClaudeBot/1.0; +claudebot@anthropic.com)"
216.73.216.132 - - [19/Sep/2025:02:06:08 -0400] "GET /69771500495 HTTP/1.1" 404 6971 "-" "Mozilla/5.0 AppleWebKit/537.36 (KHTML, like Gecko; compatible; ClaudeBot/1.0; +claudebot@anthropic.com)"
216.73.216.132 - - [19/Sep/2025:02:06:11 -0400] "GET /358870069 HTTP/1.1" 404 6971 "-" "Mozilla/5.0 AppleWebKit/537.36 (KHTML, like Gecko; compatible; ClaudeBot/1.0; +claudebot@anthropic.com)"
216.73.216.132 - - [19/Sep/2025:02:06:11 -0400] "GET /3469683 HTTP/1.1" 404 6971 "-" "Mozilla/5.0 AppleWebKit/537.36 (KHTML, like Gecko; compatible; ClaudeBot/1.0; +claudebot@anthropic.com)"
216.73.216.132 - - [19/Sep/2025:02:06:12 -0400] "GET /419778861 HTTP/1.1" 404 6971 "-" "Mozilla/5.0 AppleWebKit/537.36 (KHTML, like Gecko; compatible; ClaudeBot/1.0; +claudebot@anthropic.com)"
216.73.216.132 - - [19/Sep/2025:02:06:12 -0400] "GET /53790220 HTTP/1.1" 404 6971 "-" "Mozilla/5.0 AppleWebKit/537.36 (KHTML, like Gecko; compatible; ClaudeBot/1.0; +claudebot@anthropic.com)"
216.73.216.132 - - [19/Sep/2025:02:06:13 -0400] "GET /7952870408 HTTP/1.1" 404 6971 "-" "Mozilla/5.0 AppleWebKit/537.36 (KHTML, like Gecko; compatible; ClaudeBot/1.0; +claudebot@anthropic.com)"
216.73.216.132 - - [19/Sep/2025:02:06:14 -0400] "GET /34130351439 HTTP/1.1" 404 6971 "-" "Mozilla/5.0 AppleWebKit/537.36 (KHTML, like Gecko; compatible; ClaudeBot/1.0; +claudebot@anthropic.com)"
216.73.216.132 - - [19/Sep/2025:02:06:15 -0400] "GET /8707210 HTTP/1.1" 404 6971 "-" "Mozilla/5.0 AppleWebKit/537.36 (KHTML, like Gecko; compatible; ClaudeBot/1.0; +claudebot@anthropic.com)"
216.73.216.132 - - [19/Sep/2025:02:06:24 -0400] "GET /35056554 HTTP/1.1" 404 6971 "-" "Mozilla/5.0 AppleWebKit/537.36 (KHTML, like Gecko; compatible; ClaudeBot/1.0; +claudebot@anthropic.com)"
216.73.216.132 - - [19/Sep/2025:02:06:24 -0400] "GET /2166907652 HTTP/1.1" 404 6971 "-" "Mozilla/5.0 AppleWebKit/537.36 (KHTML, like Gecko; compatible; ClaudeBot/1.0; +claudebot@anthropic.com)"
216.73.216.132 - - [19/Sep/2025:02:06:26 -0400] "GET /98557727643 HTTP/1.1" 404 6971 "-" "Mozilla/5.0 AppleWebKit/537.36 (KHTML, like Gecko; compatible; ClaudeBot/1.0; +claudebot@anthropic.com)"
216.73.216.132 - - [19/Sep/2025:02:06:26 -0400] "GET /37588728 HTTP/1.1" 404 6971 "-" "Mozilla/5.0 AppleWebKit/537.36 (KHTML, like Gecko; compatible; ClaudeBot/1.0; +claudebot@anthropic.com)"
216.73.216.132 - - [19/Sep/2025:02:06:30 -0400] "GET /6617201 HTTP/1.1" 404 4886 "-" "Mozilla/5.0 AppleWebKit/537.36 (KHTML, like Gecko; compatible; ClaudeBot/1.0; +claudebot@anthropic.com)"
216.73.216.132 - - [19/Sep/2025:02:06:30 -0400] "GET /5174737623 HTTP/1.1" 404 6971 "-" "Mozilla/5.0 AppleWebKit/537.36 (KHTML, like Gecko; compatible; ClaudeBot/1.0; +claudebot@anthropic.com)"
216.73.216.132 - - [19/Sep/2025:02:06:32 -0400] "GET /9643938792 HTTP/1.1" 404 6971 "-" "Mozilla/5.0 AppleWebKit/537.36 (KHTML, like Gecko; compatible; ClaudeBot/1.0; +claudebot@anthropic.com)"
216.73.216.132 - - [19/Sep/2025:02:06:34 -0400] "GET /236508298 HTTP/1.1" 404 6971 "-" "Mozilla/5.0 AppleWebKit/537.36 (KHTML, like Gecko; compatible; ClaudeBot/1.0; +claudebot@anthropic.com)"
