66.249.65.69 - - [19/Sep/2025:05:08:36 -0400] "GET /16275202 HTTP/1.1" 200 18542 "-" "Mozilla/5.0 (Linux; Android 6.0.1; Nexus 5X Build/MMB29P) AppleWebKit/537.36 (KHTML, like Gecko) Chrome/140.0.7339.127 Mobile Safari/537.36 (compatible; GoogleOther)"
66.249.65.70 - - [19/Sep/2025:05:09:41 -0400] "GET /734947983 HTTP/1.1" 200 18718 "-" "Mozilla/5.0 (Linux; Android 6.0.1; Nexus 5X Build/MMB29P) AppleWebKit/537.36 (KHTML, like Gecko) Chrome/140.0.7339.127 Mobile Safari/537.36 (compatible; GoogleOther)"
66.249.65.71 - - [19/Sep/2025:05:10:02 -0400] "GET /4878734 HTTP/1.1" 200 20392 "-" "Mozilla/5.0 (Linux; Android 6.0.1; Nexus 5X Build/MMB29P) AppleWebKit/537.36 (KHTML, like Gecko) Chrome/140.0.7339.127 Mobile Safari/537.36 (compatible; GoogleOther)"
124.156.226.179 - - [19/Sep/2025:05:14:17 -0400] "GET /sitemap-10.xml HTTP/1.1" 200 11892 "-" "Mozilla/5.0 (iPhone; CPU iPhone OS 13_2_3 like Mac OS X) AppleWebKit/605.1.15 (KHTML, like Gecko) Version/13.0.3 Mobile/15E148 Safari/604.1"
66.249.65.70 - - [19/Sep/2025:05:15:32 -0400] "GET /6479586948 HTTP/1.1" 200 20120 "-" "Mozilla/5.0 (Linux; Android 6.0.1; Nexus 5X Build/MMB29P) AppleWebKit/537.36 (KHTML, like Gecko) Chrome/140.0.7339.127 Mobile Safari/537.36 (compatible; GoogleOther)"
66.249.65.69 - - [19/Sep/2025:05:16:56 -0400] "GET /56378507 HTTP/1.1" 200 20669 "-" "Mozilla/5.0 (Linux; Android 6.0.1; Nexus 5X Build/MMB29P) AppleWebKit/537.36 (KHTML, like Gecko) Chrome/140.0.7339.127 Mobile Safari/537.36 (compatible; GoogleOther)"
66.249.65.70 - - [19/Sep/2025:05:17:21 -0400] "GET /deneme-bonusu-veren-siteler-2025-yeni-bonus-veren-1153/ HTTP/1.1" 200 19515 "-" "Mozilla/5.0 (Linux; Android 6.0.1; Nexus 5X Build/MMB29P) AppleWebKit/537.36 (KHTML, like Gecko) Chrome/140.0.7339.127 Mobile Safari/537.36 (compatible; Googlebot/2.1; +http://www.google.com/bot.html)"
66.249.65.70 - - [19/Sep/2025:05:17:23 -0400] "POST /get-message-notify HTTP/1.1" 200 21351 "http://vohradecor.com/deneme-bonusu-veren-siteler-2025-yeni-bonus-veren-1153/" "Mozilla/5.0 (Linux; Android 6.0.1; Nexus 5X Build/MMB29P) AppleWebKit/537.36 (KHTML, like Gecko) Chrome/139.0.7258.127 Mobile Safari/537.36 (compatible; Googlebot/2.1; +http://www.google.com/bot.html)"
68.65.123.208 - - [19/Sep/2025:05:17:56 -0400] "POST /wp-cron.php?doing_wp_cron=1758273476.4158530235290527343750 HTTP/1.1" 403 1242 "-" "WordPress/6.8.2; http://vohradecor.com"
114.119.144.55 - - [19/Sep/2025:05:17:52 -0400] "GET /wall/ HTTP/1.1" 301 0 "http://vohradecor.com/collection/" "Mozilla/5.0 (Linux; Android 7.0;) AppleWebKit/537.36 (KHTML, like Gecko) Mobile Safari/537.36 (compatible; PetalBot;+https://webmaster.petalsearch.com/site/petalbot)"
114.119.144.55 - - [19/Sep/2025:05:17:56 -0400] "GET /wall-coverings/ HTTP/1.1" 200 20810 "http://vohradecor.com/collection/" "Mozilla/5.0 (Linux; Android 7.0;) AppleWebKit/537.36 (KHTML, like Gecko) Mobile Safari/537.36 (compatible; PetalBot;+https://webmaster.petalsearch.com/site/petalbot)"
66.249.65.71 - - [19/Sep/2025:05:18:03 -0400] "GET /3396038316 HTTP/1.1" 200 19867 "-" "Mozilla/5.0 (Linux; Android 6.0.1; Nexus 5X Build/MMB29P) AppleWebKit/537.36 (KHTML, like Gecko) Chrome/140.0.7339.127 Mobile Safari/537.36 (compatible; GoogleOther)"
66.249.65.69 - - [19/Sep/2025:05:18:31 -0400] "GET /44869944106 HTTP/1.1" 200 18507 "-" "Mozilla/5.0 (Linux; Android 6.0.1; Nexus 5X Build/MMB29P) AppleWebKit/537.36 (KHTML, like Gecko) Chrome/140.0.7339.127 Mobile Safari/537.36 (compatible; GoogleOther)"
66.249.65.69 - - [19/Sep/2025:05:18:55 -0400] "GET /563124020 HTTP/1.1" 200 18438 "-" "Mozilla/5.0 (Linux; Android 6.0.1; Nexus 5X Build/MMB29P) AppleWebKit/537.36 (KHTML, like Gecko) Chrome/140.0.7339.127 Mobile Safari/537.36 (compatible; GoogleOther)"
68.65.123.208 - - [19/Sep/2025:05:19:10 -0400] "POST /wp-cron.php?doing_wp_cron=1758273550.8560349941253662109375 HTTP/1.1" 403 1242 "-" "WordPress/6.8.2; http://vohradecor.com"
114.119.133.234 - - [19/Sep/2025:05:19:10 -0400] "GET /rolevye-igry-s-edoj-kak-kurtizanki-tvorjat/ HTTP/1.1" 200 21610 "http://vohradecor.com/rolevye-igry-s-edoj-kak-kurtizanki-tvorjat/" "Mozilla/5.0 (Linux; Android 7.0;) AppleWebKit/537.36 (KHTML, like Gecko) Mobile Safari/537.36 (compatible; PetalBot;+https://webmaster.petalsearch.com/site/petalbot)"
66.249.65.71 - - [19/Sep/2025:05:19:16 -0400] "GET /7831685357 HTTP/1.1" 200 20248 "-" "Mozilla/5.0 (Linux; Android 6.0.1; Nexus 5X Build/MMB29P) AppleWebKit/537.36 (KHTML, like Gecko) Chrome/140.0.7339.127 Mobile Safari/537.36 (compatible; GoogleOther)"
66.249.65.70 - - [19/Sep/2025:05:19:34 -0400] "GET /2558728422 HTTP/1.1" 200 18505 "-" "Mozilla/5.0 (Linux; Android 6.0.1; Nexus 5X Build/MMB29P) AppleWebKit/537.36 (KHTML, like Gecko) Chrome/140.0.7339.127 Mobile Safari/537.36 (compatible; GoogleOther)"
66.249.65.70 - - [19/Sep/2025:05:20:09 -0400] "GET /76326334217 HTTP/1.1" 200 19081 "-" "Mozilla/5.0 (Linux; Android 6.0.1; Nexus 5X Build/MMB29P) AppleWebKit/537.36 (KHTML, like Gecko) Chrome/140.0.7339.127 Mobile Safari/537.36 (compatible; GoogleOther)"
68.65.123.208 - - [19/Sep/2025:05:20:22 -0400] "POST /wp-cron.php?doing_wp_cron=1758273622.8793199062347412109375 HTTP/1.1" 403 1242 "-" "WordPress/6.8.2; http://vohradecor.com"
114.119.155.81 - - [19/Sep/2025:05:20:22 -0400] "GET /mostbet-casino-login-in-bangladesh-official-999/ HTTP/1.1" 200 22511 "http://vohradecor.com/deneme-bonusu-veren-siteler-2025-yeni-bonus-veren-1153/" "Mozilla/5.0 (Linux; Android 7.0;) AppleWebKit/537.36 (KHTML, like Gecko) Mobile Safari/537.36 (compatible; PetalBot;+https://webmaster.petalsearch.com/site/petalbot)"
66.249.65.70 - - [19/Sep/2025:05:20:31 -0400] "GET /1977979 HTTP/1.1" 200 18887 "-" "Mozilla/5.0 (Linux; Android 6.0.1; Nexus 5X Build/MMB29P) AppleWebKit/537.36 (KHTML, like Gecko) Chrome/140.0.7339.127 Mobile Safari/537.36 (compatible; GoogleOther)"
66.249.65.71 - - [19/Sep/2025:05:21:30 -0400] "GET /31845183.shtml HTTP/1.1" 200 20362 "-" "Mozilla/5.0 (Linux; Android 6.0.1; Nexus 5X Build/MMB29P) AppleWebKit/537.36 (KHTML, like Gecko) Chrome/140.0.7339.127 Mobile Safari/537.36 (compatible; GoogleOther)"
68.65.123.208 - - [19/Sep/2025:05:21:35 -0400] "POST /wp-cron.php?doing_wp_cron=1758273695.5513839721679687500000 HTTP/1.1" 403 1242 "-" "WordPress/6.8.2; http://vohradecor.com"
114.119.144.55 - - [19/Sep/2025:05:21:34 -0400] "GET /kazino-onlajn-naslazhdajtes-stilem-i-atmosferoj-115/ HTTP/1.1" 200 23298 "http://vohradecor.com/kazino-onlajn-naslazhdajtes-stilem-i-atmosferoj-115/" "Mozilla/5.0 (Linux; Android 7.0;) AppleWebKit/537.36 (KHTML, like Gecko) Mobile Safari/537.36 (compatible; PetalBot;+https://webmaster.petalsearch.com/site/petalbot)"
66.249.65.70 - - [19/Sep/2025:05:21:39 -0400] "GET /7210804 HTTP/1.1" 200 21297 "-" "Mozilla/5.0 (Linux; Android 6.0.1; Nexus 5X Build/MMB29P) AppleWebKit/537.36 (KHTML, like Gecko) Chrome/140.0.7339.127 Mobile Safari/537.36 (compatible; GoogleOther)"
66.249.65.69 - - [19/Sep/2025:05:21:48 -0400] "GET /12823551.shtml HTTP/1.1" 200 20463 "-" "Mozilla/5.0 (Linux; Android 6.0.1; Nexus 5X Build/MMB29P) AppleWebKit/537.36 (KHTML, like Gecko) Chrome/140.0.7339.127 Mobile Safari/537.36 (compatible; GoogleOther)"
185.39.19.97 - - [19/Sep/2025:05:22:05 -0400] "GET / HTTP/1.0" 200 62413 "http://vohradecor.com/" "Mozilla/5.0 (Windows NT 10.0; Win64; x64) AppleWebKit/537.36 (KHTML, like Gecko) Chrome/131.0.0.0 Safari/537.36"
185.39.19.97 - - [19/Sep/2025:05:22:07 -0400] "GET /contact-us/ HTTP/1.0" 200 58534 "http://vohradecor.com/contact-us/" "Mozilla/5.0 (Windows NT 10.0; Win64; x64) AppleWebKit/537.36 (KHTML, like Gecko) Chrome/131.0.0.0 Safari/537.36"
66.249.65.69 - - [19/Sep/2025:05:22:41 -0400] "GET /88462370 HTTP/1.1" 200 19987 "-" "Mozilla/5.0 (Linux; Android 6.0.1; Nexus 5X Build/MMB29P) AppleWebKit/537.36 (KHTML, like Gecko) Chrome/140.0.7339.127 Mobile Safari/537.36 (compatible; GoogleOther)"
68.65.123.208 - - [19/Sep/2025:05:23:03 -0400] "POST /wp-cron.php?doing_wp_cron=1758273783.9623560905456542968750 HTTP/1.1" 403 1242 "-" "WordPress/6.8.2; http://vohradecor.com"
114.119.143.39 - - [19/Sep/2025:05:23:00 -0400] "GET /cruks-omzeilen-waarom-dat-geen-goed-idee-is/ HTTP/1.1" 200 21939 "http://vohradecor.com/category/uncategorized/page/2/" "Mozilla/5.0 (Linux; Android 7.0;) AppleWebKit/537.36 (KHTML, like Gecko) Mobile Safari/537.36 (compatible; PetalBot;+https://webmaster.petalsearch.com/site/petalbot)"
66.249.65.70 - - [19/Sep/2025:05:23:46 -0400] "GET /45802843 HTTP/1.1" 200 18615 "-" "Mozilla/5.0 (Linux; Android 6.0.1; Nexus 5X Build/MMB29P) AppleWebKit/537.36 (KHTML, like Gecko) Chrome/140.0.7339.127 Mobile Safari/537.36 (compatible; GoogleOther)"
68.65.123.208 - - [19/Sep/2025:05:24:46 -0400] "POST /wp-cron.php?doing_wp_cron=1758273886.0639550685882568359375 HTTP/1.1" 403 1242 "-" "WordPress/6.8.2; http://vohradecor.com"
43.134.186.61 - - [19/Sep/2025:05:24:45 -0400] "GET /43190531.shtml HTTP/1.1" 404 11138 "-" "Mozilla/5.0 (iPhone; CPU iPhone OS 13_2_3 like Mac OS X) AppleWebKit/605.1.15 (KHTML, like Gecko) Version/13.0.3 Mobile/15E148 Safari/604.1"
66.249.65.69 - - [19/Sep/2025:05:24:51 -0400] "GET /482946460 HTTP/1.1" 200 18859 "-" "Mozilla/5.0 (Linux; Android 6.0.1; Nexus 5X Build/MMB29P) AppleWebKit/537.36 (KHTML, like Gecko) Chrome/140.0.7339.127 Mobile Safari/537.36 (compatible; GoogleOther)"
68.65.123.208 - - [19/Sep/2025:05:25:46 -0400] "POST /wp-cron.php?doing_wp_cron=1758273946.4924600124359130859375 HTTP/1.1" 403 1242 "-" "WordPress/6.8.2; http://vohradecor.com"
114.119.133.42 - - [19/Sep/2025:05:25:45 -0400] "GET /category/news/ HTTP/1.1" 200 16558 "http://vohradecor.com/casibom-casibom-casino-yeni-giri-adresi-casibom-187/" "Mozilla/5.0 (Linux; Android 7.0;) AppleWebKit/537.36 (KHTML, like Gecko) Mobile Safari/537.36 (compatible; PetalBot;+https://webmaster.petalsearch.com/site/petalbot)"
66.249.65.69 - - [19/Sep/2025:05:25:56 -0400] "GET /8841981 HTTP/1.1" 200 18807 "-" "Mozilla/5.0 (Linux; Android 6.0.1; Nexus 5X Build/MMB29P) AppleWebKit/537.36 (KHTML, like Gecko) Chrome/140.0.7339.127 Mobile Safari/537.36 (compatible; GoogleOther)"
165.232.106.228 - - [19/Sep/2025:05:26:04 -0400] "GET / HTTP/1.1" 200 18868 "-" "Mozilla/5.0 (X11; Linux x86_64) AppleWebKit/537.36 (KHTML, like Gecko) Chrome/139.0.0.0 Safari/537.36"
165.232.106.228 - - [19/Sep/2025:05:26:06 -0400] "GET /wp-content/uploads/2016/05/Vohra-Logo.png HTTP/1.1" 200 34366 "http://vohradecor.com/" "Mozilla/5.0 (X11; Linux x86_64) AppleWebKit/537.36 (KHTML, like Gecko) Chrome/139.0.0.0 Safari/537.36"
66.249.65.70 - - [19/Sep/2025:05:26:44 -0400] "GET /68145203454 HTTP/1.1" 200 18659 "-" "Mozilla/5.0 (Linux; Android 6.0.1; Nexus 5X Build/MMB29P) AppleWebKit/537.36 (KHTML, like Gecko) Chrome/140.0.7339.127 Mobile Safari/537.36 (compatible; GoogleOther)"
66.249.65.69 - - [19/Sep/2025:05:27:01 -0400] "GET /29703247 HTTP/1.1" 200 20101 "-" "Mozilla/5.0 (Linux; Android 6.0.1; Nexus 5X Build/MMB29P) AppleWebKit/537.36 (KHTML, like Gecko) Chrome/140.0.7339.127 Mobile Safari/537.36 (compatible; GoogleOther)"
68.65.123.208 - - [19/Sep/2025:05:27:02 -0400] "POST /wp-cron.php?doing_wp_cron=1758274022.1523559093475341796875 HTTP/1.1" 403 1242 "-" "WordPress/6.8.2; http://vohradecor.com"
114.119.157.245 - - [19/Sep/2025:05:27:01 -0400] "GET /7slots-casino-cretsiz-deneme-oyunlar-2322/ HTTP/1.1" 200 20957 "http://vohradecor.com/7slots-casino-cretsiz-deneme-oyunlar-2322/" "Mozilla/5.0 (Linux; Android 7.0;) AppleWebKit/537.36 (KHTML, like Gecko) Mobile Safari/537.36 (compatible; PetalBot;+https://webmaster.petalsearch.com/site/petalbot)"
66.249.65.71 - - [19/Sep/2025:05:28:02 -0400] "GET /15502890 HTTP/1.1" 200 19683 "-" "Mozilla/5.0 (Linux; Android 6.0.1; Nexus 5X Build/MMB29P) AppleWebKit/537.36 (KHTML, like Gecko) Chrome/140.0.7339.127 Mobile Safari/537.36 (compatible; GoogleOther)"
66.249.65.69 - - [19/Sep/2025:05:28:07 -0400] "GET /5802464 HTTP/1.1" 200 19227 "-" "Mozilla/5.0 (Linux; Android 6.0.1; Nexus 5X Build/MMB29P) AppleWebKit/537.36 (KHTML, like Gecko) Chrome/140.0.7339.127 Mobile Safari/537.36 (compatible; GoogleOther)"
51.161.37.87 - - [19/Sep/2025:05:28:08 -0400] "GET /sitemap-13.xml HTTP/1.1" 200 11368 "-" "Mozilla/5.0 (compatible; AhrefsBot/7.0; +http://ahrefs.com/robot/)"
68.65.123.208 - - [19/Sep/2025:05:28:12 -0400] "POST /wp-cron.php?doing_wp_cron=1758274092.9014229774475097656250 HTTP/1.1" 403 1242 "-" "WordPress/6.8.2; http://vohradecor.com"
114.119.143.39 - - [19/Sep/2025:05:28:11 -0400] "GET /2025-s-igrami-na-dengi-obzor-luchshih-variantov-18/ HTTP/1.1" 200 21074 "http://vohradecor.com/author/admin/page/5/" "Mozilla/5.0 (Linux; Android 7.0;) AppleWebKit/537.36 (KHTML, like Gecko) Mobile Safari/537.36 (compatible; PetalBot;+https://webmaster.petalsearch.com/site/petalbot)"
66.249.65.70 - - [19/Sep/2025:05:29:11 -0400] "GET /96963715 HTTP/1.1" 200 19737 "-" "Mozilla/5.0 (Linux; Android 6.0.1; Nexus 5X Build/MMB29P) AppleWebKit/537.36 (KHTML, like Gecko) Chrome/140.0.7339.127 Mobile Safari/537.36 (compatible; GoogleOther)"
66.249.65.69 - - [19/Sep/2025:05:29:43 -0400] "GET /250015156 HTTP/1.1" 200 18444 "-" "Mozilla/5.0 (Linux; Android 6.0.1; Nexus 5X Build/MMB29P) AppleWebKit/537.36 (KHTML, like Gecko) Chrome/140.0.7339.127 Mobile Safari/537.36 (compatible; GoogleOther)"
68.65.123.208 - - [19/Sep/2025:05:30:33 -0400] "POST /wp-cron.php?doing_wp_cron=1758274233.9520299434661865234375 HTTP/1.1" 403 1242 "-" "WordPress/6.8.2; http://vohradecor.com"
23.95.63.214 - - [19/Sep/2025:05:30:33 -0400] "GET / HTTP/1.1" 200 62413 "-" "Mozilla/5.0 (Windows NT 10.0; Win64; x64) AppleWebKit/537.36 (KHTML, like Gecko) Chrome/88.0.4240.193 Safari/537.36"
23.95.63.214 - - [19/Sep/2025:05:30:34 -0400] "GET /wp-login.php HTTP/1.1" 302 0 "-" "Mozilla/5.0 (Windows NT 10.0; Win64; x64) AppleWebKit/537.36 (KHTML, like Gecko) Chrome/88.0.4240.193 Safari/537.36"
23.95.63.214 - - [19/Sep/2025:05:30:43 -0400] "GET / HTTP/1.1" 200 62413 "-" "Mozilla/5.0 (Windows NT 10.0; Win64; x64) AppleWebKit/537.36 (KHTML, like Gecko) Chrome/88.0.4240.193 Safari/537.36"
23.95.63.214 - - [19/Sep/2025:05:30:44 -0400] "GET /wp-login.php HTTP/1.1" 302 0 "-" "Mozilla/5.0 (Windows NT 10.0; Win64; x64) AppleWebKit/537.36 (KHTML, like Gecko) Chrome/88.0.4240.193 Safari/537.36"
66.249.65.71 - - [19/Sep/2025:05:31:21 -0400] "GET /439742325 HTTP/1.1" 200 18460 "-" "Mozilla/5.0 (Linux; Android 6.0.1; Nexus 5X Build/MMB29P) AppleWebKit/537.36 (KHTML, like Gecko) Chrome/140.0.7339.127 Mobile Safari/537.36 (compatible; GoogleOther)"
66.249.65.71 - - [19/Sep/2025:05:32:26 -0400] "GET /95583699406 HTTP/1.1" 200 19484 "-" "Mozilla/5.0 (Linux; Android 6.0.1; Nexus 5X Build/MMB29P) AppleWebKit/537.36 (KHTML, like Gecko) Chrome/140.0.7339.127 Mobile Safari/537.36 (compatible; GoogleOther)"
66.249.65.69 - - [19/Sep/2025:05:33:47 -0400] "GET /2492701756 HTTP/1.1" 200 19018 "-" "Mozilla/5.0 (Linux; Android 6.0.1; Nexus 5X Build/MMB29P) AppleWebKit/537.36 (KHTML, like Gecko) Chrome/140.0.7339.127 Mobile Safari/537.36 (compatible; GoogleOther)"
66.249.65.70 - - [19/Sep/2025:05:34:36 -0400] "GET /5669715 HTTP/1.1" 200 18851 "-" "Mozilla/5.0 (Linux; Android 6.0.1; Nexus 5X Build/MMB29P) AppleWebKit/537.36 (KHTML, like Gecko) Chrome/140.0.7339.127 Mobile Safari/537.36 (compatible; GoogleOther)"
43.166.240.231 - - [19/Sep/2025:05:35:38 -0400] "GET /38166883.shtml HTTP/1.1" 404 11138 "-" "Mozilla/5.0 (iPhone; CPU iPhone OS 13_2_3 like Mac OS X) AppleWebKit/605.1.15 (KHTML, like Gecko) Version/13.0.3 Mobile/15E148 Safari/604.1"
66.249.65.70 - - [19/Sep/2025:05:35:41 -0400] "GET /?9854567974 HTTP/1.1" 200 18900 "-" "Mozilla/5.0 (Linux; Android 6.0.1; Nexus 5X Build/MMB29P) AppleWebKit/537.36 (KHTML, like Gecko) Chrome/140.0.7339.127 Mobile Safari/537.36 (compatible; GoogleOther)"
66.249.65.70 - - [19/Sep/2025:05:37:52 -0400] "GET /17779842 HTTP/1.1" 200 20041 "-" "Mozilla/5.0 (Linux; Android 6.0.1; Nexus 5X Build/MMB29P) AppleWebKit/537.36 (KHTML, like Gecko) Chrome/140.0.7339.127 Mobile Safari/537.36 (compatible; GoogleOther)"
66.249.65.69 - - [19/Sep/2025:05:38:57 -0400] "GET /58591794 HTTP/1.1" 200 19361 "-" "Mozilla/5.0 (Linux; Android 6.0.1; Nexus 5X Build/MMB29P) AppleWebKit/537.36 (KHTML, like Gecko) Chrome/140.0.7339.127 Mobile Safari/537.36 (compatible; GoogleOther)"
182.42.111.156 - - [19/Sep/2025:05:39:47 -0400] "GET / HTTP/1.1" 200 18775 "-" "Mozilla/5.0 (iPhone; CPU iPhone OS 13_2_3 like Mac OS X) AppleWebKit/605.1.15 (KHTML, like Gecko) Version/13.0.3 Mobile/15E148 Safari/604.1"
66.249.65.70 - - [19/Sep/2025:05:40:02 -0400] "GET /5690322 HTTP/1.1" 200 19783 "-" "Mozilla/5.0 (Linux; Android 6.0.1; Nexus 5X Build/MMB29P) AppleWebKit/537.36 (KHTML, like Gecko) Chrome/140.0.7339.127 Mobile Safari/537.36 (compatible; GoogleOther)"
66.249.65.69 - - [19/Sep/2025:05:40:28 -0400] "GET /1877875 HTTP/1.1" 200 18783 "-" "Mozilla/5.0 (Linux; Android 6.0.1; Nexus 5X Build/MMB29P) AppleWebKit/537.36 (KHTML, like Gecko) Chrome/140.0.7339.127 Mobile Safari/537.36 (compatible; GoogleOther)"
66.249.65.69 - - [19/Sep/2025:05:43:17 -0400] "GET /94824834066 HTTP/1.1" 200 19697 "-" "Mozilla/5.0 (Linux; Android 6.0.1; Nexus 5X Build/MMB29P) AppleWebKit/537.36 (KHTML, like Gecko) Chrome/140.0.7339.127 Mobile Safari/537.36 (compatible; GoogleOther)"
66.249.65.70 - - [19/Sep/2025:05:44:22 -0400] "GET /2661631 HTTP/1.1" 200 19827 "-" "Mozilla/5.0 (Linux; Android 6.0.1; Nexus 5X Build/MMB29P) AppleWebKit/537.36 (KHTML, like Gecko) Chrome/140.0.7339.127 Mobile Safari/537.36 (compatible; GoogleOther)"
8.217.211.219 - - [19/Sep/2025:05:44:38 -0400] "GET /robots.txt HTTP/1.1" 200 105 "-" "AliyunSecBot/Aliyun (AliyunSecBot@service.alibaba.com)"
8.217.209.236 - - [19/Sep/2025:05:44:39 -0400] "GET /wp-content/plugins/LayerSlider/static/css/layerslider.css?ver=5.6.6 HTTP/1.1" 200 2837 "-" "AliyunSecBot/Aliyun (AliyunSecBot@service.alibaba.com)"
68.65.123.208 - - [19/Sep/2025:05:44:48 -0400] "POST /wp-cron.php?doing_wp_cron=1758275088.3951361179351806640625 HTTP/1.1" 403 1242 "-" "WordPress/6.8.2; http://vohradecor.com"
43.158.91.71 - - [19/Sep/2025:05:44:45 -0400] "GET /35453935.shtml HTTP/1.1" 404 11138 "-" "Mozilla/5.0 (iPhone; CPU iPhone OS 13_2_3 like Mac OS X) AppleWebKit/605.1.15 (KHTML, like Gecko) Version/13.0.3 Mobile/15E148 Safari/604.1"
77.75.77.109 - - [19/Sep/2025:05:44:54 -0400] "GET /robots.txt HTTP/1.1" 200 146 "-" "Mozilla/5.0 (compatible; SeznamBot/4.0; +https://o-seznam.cz/napoveda/vyhledavani/en/seznambot-crawler/)"
77.75.77.109 - - [19/Sep/2025:05:44:54 -0400] "GET /fairspin-para-jogadores-de-portugal-selecao-de-13/ HTTP/1.1" 200 21940 "-" "Mozilla/5.0 (compatible; SeznamBot/4.0; +https://o-seznam.cz/napoveda/vyhledavani/en/seznambot-crawler/)"
66.249.65.69 - - [19/Sep/2025:05:45:27 -0400] "GET /34465778 HTTP/1.1" 200 18736 "-" "Mozilla/5.0 (Linux; Android 6.0.1; Nexus 5X Build/MMB29P) AppleWebKit/537.36 (KHTML, like Gecko) Chrome/140.0.7339.127 Mobile Safari/537.36 (compatible; GoogleOther)"
66.249.65.69 - - [19/Sep/2025:05:46:02 -0400] "GET /83659903387 HTTP/1.1" 200 20189 "-" "Mozilla/5.0 (Linux; Android 6.0.1; Nexus 5X Build/MMB29P) AppleWebKit/537.36 (KHTML, like Gecko) Chrome/140.0.7339.127 Mobile Safari/537.36 (compatible; GoogleOther)"
68.65.123.208 - - [19/Sep/2025:05:47:04 -0400] "POST /wp-cron.php?doing_wp_cron=1758275224.0671699047088623046875 HTTP/1.1" 403 1242 "-" "WordPress/6.8.2; http://vohradecor.com"
223.109.252.191 - - [19/Sep/2025:05:47:03 -0400] "GET / HTTP/1.1" 200 18868 "-" "Sogou web spider/4.0(+http://www.sogou.com/docs/help/webmasters.htm#07)"
66.249.65.70 - - [19/Sep/2025:05:47:37 -0400] "GET /6832716 HTTP/1.1" 200 19135 "-" "Mozilla/5.0 (Linux; Android 6.0.1; Nexus 5X Build/MMB29P) AppleWebKit/537.36 (KHTML, like Gecko) Chrome/140.0.7339.127 Mobile Safari/537.36 (compatible; GoogleOther)"
66.249.65.70 - - [19/Sep/2025:05:48:31 -0400] "GET /search?category=&search_word=&restrict[]=person_id(int)=LNG HTTP/1.1" 200 19310 "-" "Mozilla/5.0 (Linux; Android 6.0.1; Nexus 5X Build/MMB29P) AppleWebKit/537.36 (KHTML, like Gecko) Chrome/140.0.7339.127 Mobile Safari/537.36 (compatible; GoogleOther)"
66.249.65.69 - - [19/Sep/2025:05:48:32 -0400] "GET /52564903.shtml HTTP/1.1" 200 19943 "-" "Mozilla/5.0 (Linux; Android 6.0.1; Nexus 5X Build/MMB29P) AppleWebKit/537.36 (KHTML, like Gecko) Chrome/140.0.7339.127 Mobile Safari/537.36 (compatible; GoogleOther)"
66.249.65.70 - - [19/Sep/2025:05:48:42 -0400] "GET /5998823 HTTP/1.1" 200 19494 "-" "Mozilla/5.0 (Linux; Android 6.0.1; Nexus 5X Build/MMB29P) AppleWebKit/537.36 (KHTML, like Gecko) Chrome/140.0.7339.127 Mobile Safari/537.36 (compatible; GoogleOther)"
66.249.65.69 - - [19/Sep/2025:05:49:14 -0400] "GET /1463214813 HTTP/1.1" 200 19016 "-" "Mozilla/5.0 (Linux; Android 6.0.1; Nexus 5X Build/MMB29P) AppleWebKit/537.36 (KHTML, like Gecko) Chrome/140.0.7339.127 Mobile Safari/537.36 (compatible; GoogleOther)"
66.249.65.70 - - [19/Sep/2025:05:49:47 -0400] "GET /9147133992 HTTP/1.1" 200 18784 "-" "Mozilla/5.0 (Linux; Android 6.0.1; Nexus 5X Build/MMB29P) AppleWebKit/537.36 (KHTML, like Gecko) Chrome/140.0.7339.127 Mobile Safari/537.36 (compatible; GoogleOther)"
66.249.65.69 - - [19/Sep/2025:05:49:51 -0400] "GET /28249591.shtml HTTP/1.1" 200 19191 "-" "Mozilla/5.0 (Linux; Android 6.0.1; Nexus 5X Build/MMB29P) AppleWebKit/537.36 (KHTML, like Gecko) Chrome/140.0.7339.127 Mobile Safari/537.36 (compatible; GoogleOther)"
40.77.167.73 - - [19/Sep/2025:05:50:31 -0400] "GET /8165658 HTTP/1.1" 200 20250 "-" "Mozilla/5.0 AppleWebKit/537.36 (KHTML, like Gecko; compatible; bingbot/2.0; +http://www.bing.com/bingbot.htm) Chrome/116.0.1938.76 Safari/537.36"
66.249.65.69 - - [19/Sep/2025:05:50:52 -0400] "GET /77359346578 HTTP/1.1" 200 18922 "-" "Mozilla/5.0 (Linux; Android 6.0.1; Nexus 5X Build/MMB29P) AppleWebKit/537.36 (KHTML, like Gecko) Chrome/140.0.7339.127 Mobile Safari/537.36 (compatible; GoogleOther)"
66.249.65.69 - - [19/Sep/2025:05:51:12 -0400] "GET /19409963.shtml HTTP/1.1" 200 18958 "-" "Mozilla/5.0 (Linux; Android 6.0.1; Nexus 5X Build/MMB29P) AppleWebKit/537.36 (KHTML, like Gecko) Chrome/140.0.7339.127 Mobile Safari/537.36 (compatible; GoogleOther)"
15.235.96.172 - - [19/Sep/2025:05:51:34 -0400] "GET /?sitemapindex.xml HTTP/1.1" 200 10006 "-" "Mozilla/5.0 (compatible; AhrefsBot/7.0; +http://ahrefs.com/robot/)"
66.249.65.69 - - [19/Sep/2025:05:51:57 -0400] "GET /3544801 HTTP/1.1" 200 20381 "-" "Mozilla/5.0 (Linux; Android 6.0.1; Nexus 5X Build/MMB29P) AppleWebKit/537.36 (KHTML, like Gecko) Chrome/140.0.7339.127 Mobile Safari/537.36 (compatible; GoogleOther)"
68.65.123.208 - - [19/Sep/2025:05:52:15 -0400] "POST /wp-cron.php?doing_wp_cron=1758275535.1616950035095214843750 HTTP/1.1" 403 1242 "-" "WordPress/6.8.2; http://vohradecor.com"
216.73.216.132 - - [19/Sep/2025:05:52:14 -0400] "GET /16214062 HTTP/1.1" 404 6971 "-" "Mozilla/5.0 AppleWebKit/537.36 (KHTML, like Gecko; compatible; ClaudeBot/1.0; +claudebot@anthropic.com)"
216.73.216.132 - - [19/Sep/2025:05:52:15 -0400] "GET /12762850164 HTTP/1.1" 404 6971 "-" "Mozilla/5.0 AppleWebKit/537.36 (KHTML, like Gecko; compatible; ClaudeBot/1.0; +claudebot@anthropic.com)"
216.73.216.132 - - [19/Sep/2025:05:52:16 -0400] "GET /27995513 HTTP/1.1" 404 9653 "-" "Mozilla/5.0 AppleWebKit/537.36 (KHTML, like Gecko; compatible; ClaudeBot/1.0; +claudebot@anthropic.com)"
216.73.216.132 - - [19/Sep/2025:05:52:18 -0400] "GET /214365978 HTTP/1.1" 404 6971 "-" "Mozilla/5.0 AppleWebKit/537.36 (KHTML, like Gecko; compatible; ClaudeBot/1.0; +claudebot@anthropic.com)"
216.73.216.132 - - [19/Sep/2025:05:52:18 -0400] "GET /5696326 HTTP/1.1" 404 6971 "-" "Mozilla/5.0 AppleWebKit/537.36 (KHTML, like Gecko; compatible; ClaudeBot/1.0; +claudebot@anthropic.com)"
216.73.216.132 - - [19/Sep/2025:05:52:21 -0400] "GET /291919404 HTTP/1.1" 404 6971 "-" "Mozilla/5.0 AppleWebKit/537.36 (KHTML, like Gecko; compatible; ClaudeBot/1.0; +claudebot@anthropic.com)"
216.73.216.132 - - [19/Sep/2025:05:52:21 -0400] "GET /87442826 HTTP/1.1" 404 9653 "-" "Mozilla/5.0 AppleWebKit/537.36 (KHTML, like Gecko; compatible; ClaudeBot/1.0; +claudebot@anthropic.com)"
40.77.167.73 - - [19/Sep/2025:05:52:51 -0400] "GET /68771554201 HTTP/1.1" 200 20379 "-" "Mozilla/5.0 AppleWebKit/537.36 (KHTML, like Gecko; compatible; bingbot/2.0; +http://www.bing.com/bingbot.htm) Chrome/116.0.1938.76 Safari/537.36"
66.249.65.71 - - [19/Sep/2025:05:53:02 -0400] "GET /5325676 HTTP/1.1" 200 19607 "-" "Mozilla/5.0 (Linux; Android 6.0.1; Nexus 5X Build/MMB29P) AppleWebKit/537.36 (KHTML, like Gecko) Chrome/140.0.7339.127 Mobile Safari/537.36 (compatible; GoogleOther)"
68.65.123.208 - - [19/Sep/2025:05:53:48 -0400] "POST /wp-cron.php?doing_wp_cron=1758275628.0679240226745605468750 HTTP/1.1" 403 1242 "-" "WordPress/6.8.2; http://vohradecor.com"
43.156.202.34 - - [19/Sep/2025:05:53:47 -0400] "GET /75611619.shtml HTTP/1.1" 404 11138 "-" "Mozilla/5.0 (iPhone; CPU iPhone OS 13_2_3 like Mac OS X) AppleWebKit/605.1.15 (KHTML, like Gecko) Version/13.0.3 Mobile/15E148 Safari/604.1"
66.249.65.71 - - [19/Sep/2025:05:54:07 -0400] "GET /24312660 HTTP/1.1" 200 19840 "-" "Mozilla/5.0 (Linux; Android 6.0.1; Nexus 5X Build/MMB29P) AppleWebKit/537.36 (KHTML, like Gecko) Chrome/140.0.7339.127 Mobile Safari/537.36 (compatible; GoogleOther)"
8.217.212.36 - - [19/Sep/2025:05:54:08 -0400] "GET /wp-includes/js/jquery/jquery.min.js?ver=3.7.1 HTTP/1.1" 200 32647 "-" "AliyunSecBot/Aliyun (AliyunSecBot@service.alibaba.com)"
216.73.216.132 - - [19/Sep/2025:05:54:15 -0400] "GET /64354878 HTTP/1.1" 404 4886 "-" "Mozilla/5.0 AppleWebKit/537.36 (KHTML, like Gecko; compatible; ClaudeBot/1.0; +claudebot@anthropic.com)"
216.73.216.132 - - [19/Sep/2025:05:54:15 -0400] "GET /2966902 HTTP/1.1" 404 6971 "-" "Mozilla/5.0 AppleWebKit/537.36 (KHTML, like Gecko; compatible; ClaudeBot/1.0; +claudebot@anthropic.com)"
216.73.216.132 - - [19/Sep/2025:05:54:17 -0400] "GET /679900419 HTTP/1.1" 404 6971 "-" "Mozilla/5.0 AppleWebKit/537.36 (KHTML, like Gecko; compatible; ClaudeBot/1.0; +claudebot@anthropic.com)"
216.73.216.132 - - [19/Sep/2025:05:54:17 -0400] "GET /2148372 HTTP/1.1" 404 4886 "-" "Mozilla/5.0 AppleWebKit/537.36 (KHTML, like Gecko; compatible; ClaudeBot/1.0; +claudebot@anthropic.com)"
216.73.216.132 - - [19/Sep/2025:05:54:18 -0400] "GET /32429603723 HTTP/1.1" 404 9653 "-" "Mozilla/5.0 AppleWebKit/537.36 (KHTML, like Gecko; compatible; ClaudeBot/1.0; +claudebot@anthropic.com)"
216.73.216.132 - - [19/Sep/2025:05:54:18 -0400] "GET /27114375 HTTP/1.1" 404 6971 "-" "Mozilla/5.0 AppleWebKit/537.36 (KHTML, like Gecko; compatible; ClaudeBot/1.0; +claudebot@anthropic.com)"
216.73.216.132 - - [19/Sep/2025:05:54:19 -0400] "GET /769826077 HTTP/1.1" 404 4886 "-" "Mozilla/5.0 AppleWebKit/537.36 (KHTML, like Gecko; compatible; ClaudeBot/1.0; +claudebot@anthropic.com)"
68.65.123.208 - - [19/Sep/2025:05:54:56 -0400] "POST /wp-cron.php?doing_wp_cron=1758275696.6819479465484619140625 HTTP/1.1" 403 1242 "-" "WordPress/6.8.2; http://vohradecor.com"
68.65.123.208 - - [19/Sep/2025:05:54:56 -0400] "POST /wp-cron.php?doing_wp_cron=1758275696.7391989231109619140625 HTTP/1.1" 403 1242 "-" "WordPress/6.8.2; http://vohradecor.com"
216.73.216.132 - - [19/Sep/2025:05:54:55 -0400] "GET /742716302 HTTP/1.1" 404 6971 "-" "Mozilla/5.0 AppleWebKit/537.36 (KHTML, like Gecko; compatible; ClaudeBot/1.0; +claudebot@anthropic.com)"
216.73.216.132 - - [19/Sep/2025:05:54:55 -0400] "GET /7582137435 HTTP/1.1" 404 6971 "-" "Mozilla/5.0 AppleWebKit/537.36 (KHTML, like Gecko; compatible; ClaudeBot/1.0; +claudebot@anthropic.com)"
216.73.216.132 - - [19/Sep/2025:05:54:59 -0400] "GET /10272712 HTTP/1.1" 404 6971 "-" "Mozilla/5.0 AppleWebKit/537.36 (KHTML, like Gecko; compatible; ClaudeBot/1.0; +claudebot@anthropic.com)"
216.73.216.132 - - [19/Sep/2025:05:54:59 -0400] "GET /9116722 HTTP/1.1" 404 6971 "-" "Mozilla/5.0 AppleWebKit/537.36 (KHTML, like Gecko; compatible; ClaudeBot/1.0; +claudebot@anthropic.com)"
216.73.216.132 - - [19/Sep/2025:05:55:00 -0400] "GET /1855971724 HTTP/1.1" 404 9653 "-" "Mozilla/5.0 AppleWebKit/537.36 (KHTML, like Gecko; compatible; ClaudeBot/1.0; +claudebot@anthropic.com)"
216.73.216.132 - - [19/Sep/2025:05:55:00 -0400] "GET /54651024 HTTP/1.1" 404 9653 "-" "Mozilla/5.0 AppleWebKit/537.36 (KHTML, like Gecko; compatible; ClaudeBot/1.0; +claudebot@anthropic.com)"
216.73.216.132 - - [19/Sep/2025:05:55:01 -0400] "GET /64561918 HTTP/1.1" 404 6971 "-" "Mozilla/5.0 AppleWebKit/537.36 (KHTML, like Gecko; compatible; ClaudeBot/1.0; +claudebot@anthropic.com)"
66.249.65.69 - - [19/Sep/2025:05:55:12 -0400] "GET /46125300598 HTTP/1.1" 200 18742 "-" "Mozilla/5.0 (Linux; Android 6.0.1; Nexus 5X Build/MMB29P) AppleWebKit/537.36 (KHTML, like Gecko) Chrome/140.0.7339.127 Mobile Safari/537.36 (compatible; GoogleOther)"
66.249.65.70 - - [19/Sep/2025:05:56:17 -0400] "GET /13948031590 HTTP/1.1" 200 20205 "-" "Mozilla/5.0 (Linux; Android 6.0.1; Nexus 5X Build/MMB29P) AppleWebKit/537.36 (KHTML, like Gecko) Chrome/140.0.7339.127 Mobile Safari/537.36 (compatible; GoogleOther)"
68.65.123.208 - - [19/Sep/2025:05:56:51 -0400] "POST /wp-cron.php?doing_wp_cron=1758275811.4834520816802978515625 HTTP/1.1" 403 1242 "-" "WordPress/6.8.2; http://vohradecor.com"
68.65.123.208 - - [19/Sep/2025:05:56:51 -0400] "POST /wp-cron.php?doing_wp_cron=1758275811.5635859966278076171875 HTTP/1.1" 403 1242 "-" "WordPress/6.8.2; http://vohradecor.com"
216.73.216.132 - - [19/Sep/2025:05:56:50 -0400] "GET /542850204 HTTP/1.1" 404 9615 "-" "Mozilla/5.0 AppleWebKit/537.36 (KHTML, like Gecko; compatible; ClaudeBot/1.0; +claudebot@anthropic.com)"
216.73.216.132 - - [19/Sep/2025:05:56:49 -0400] "GET /73465441830 HTTP/1.1" 404 9640 "-" "Mozilla/5.0 AppleWebKit/537.36 (KHTML, like Gecko; compatible; ClaudeBot/1.0; +claudebot@anthropic.com)"
216.73.216.132 - - [19/Sep/2025:05:56:52 -0400] "GET /1318181936 HTTP/1.1" 404 9653 "-" "Mozilla/5.0 AppleWebKit/537.36 (KHTML, like Gecko; compatible; ClaudeBot/1.0; +claudebot@anthropic.com)"
216.73.216.132 - - [19/Sep/2025:05:56:53 -0400] "GET /64870501 HTTP/1.1" 404 9653 "-" "Mozilla/5.0 AppleWebKit/537.36 (KHTML, like Gecko; compatible; ClaudeBot/1.0; +claudebot@anthropic.com)"
216.73.216.132 - - [19/Sep/2025:05:56:54 -0400] "GET /659624084 HTTP/1.1" 404 9653 "-" "Mozilla/5.0 AppleWebKit/537.36 (KHTML, like Gecko; compatible; ClaudeBot/1.0; +claudebot@anthropic.com)"
216.73.216.132 - - [19/Sep/2025:05:56:54 -0400] "GET /624742544 HTTP/1.1" 404 6971 "-" "Mozilla/5.0 AppleWebKit/537.36 (KHTML, like Gecko; compatible; ClaudeBot/1.0; +claudebot@anthropic.com)"
216.73.216.132 - - [19/Sep/2025:05:56:55 -0400] "GET /648435830 HTTP/1.1" 404 6971 "-" "Mozilla/5.0 AppleWebKit/537.36 (KHTML, like Gecko; compatible; ClaudeBot/1.0; +claudebot@anthropic.com)"
66.249.65.69 - - [19/Sep/2025:05:57:22 -0400] "GET /243774150 HTTP/1.1" 200 18773 "-" "Mozilla/5.0 (Linux; Android 6.0.1; Nexus 5X Build/MMB29P) AppleWebKit/537.36 (KHTML, like Gecko) Chrome/140.0.7339.127 Mobile Safari/537.36 (compatible; GoogleOther)"
66.249.65.71 - - [19/Sep/2025:05:58:27 -0400] "GET /3795035855 HTTP/1.1" 200 19099 "-" "Mozilla/5.0 (Linux; Android 6.0.1; Nexus 5X Build/MMB29P) AppleWebKit/537.36 (KHTML, like Gecko) Chrome/140.0.7339.127 Mobile Safari/537.36 (compatible; GoogleOther)"
68.65.123.208 - - [19/Sep/2025:05:58:40 -0400] "POST /wp-cron.php?doing_wp_cron=1758275920.4885699748992919921875 HTTP/1.1" 403 1242 "-" "WordPress/6.8.2; http://vohradecor.com"
216.73.216.132 - - [19/Sep/2025:05:58:39 -0400] "GET /9386838457 HTTP/1.1" 404 6971 "-" "Mozilla/5.0 AppleWebKit/537.36 (KHTML, like Gecko; compatible; ClaudeBot/1.0; +claudebot@anthropic.com)"
216.73.216.132 - - [19/Sep/2025:05:58:40 -0400] "GET /3521489922 HTTP/1.1" 404 6971 "-" "Mozilla/5.0 AppleWebKit/537.36 (KHTML, like Gecko; compatible; ClaudeBot/1.0; +claudebot@anthropic.com)"
216.73.216.132 - - [19/Sep/2025:05:58:43 -0400] "GET /8211172 HTTP/1.1" 404 9653 "-" "Mozilla/5.0 AppleWebKit/537.36 (KHTML, like Gecko; compatible; ClaudeBot/1.0; +claudebot@anthropic.com)"
216.73.216.132 - - [19/Sep/2025:05:58:44 -0400] "GET /13419962296 HTTP/1.1" 404 6971 "-" "Mozilla/5.0 AppleWebKit/537.36 (KHTML, like Gecko; compatible; ClaudeBot/1.0; +claudebot@anthropic.com)"
216.73.216.132 - - [19/Sep/2025:05:58:45 -0400] "GET /76243674210 HTTP/1.1" 404 6971 "-" "Mozilla/5.0 AppleWebKit/537.36 (KHTML, like Gecko; compatible; ClaudeBot/1.0; +claudebot@anthropic.com)"
216.73.216.132 - - [19/Sep/2025:05:58:46 -0400] "GET /54860230 HTTP/1.1" 404 9653 "-" "Mozilla/5.0 AppleWebKit/537.36 (KHTML, like Gecko; compatible; ClaudeBot/1.0; +claudebot@anthropic.com)"
216.73.216.132 - - [19/Sep/2025:05:58:47 -0400] "GET /37805732 HTTP/1.1" 404 9653 "-" "Mozilla/5.0 AppleWebKit/537.36 (KHTML, like Gecko; compatible; ClaudeBot/1.0; +claudebot@anthropic.com)"
216.73.216.132 - - [19/Sep/2025:05:59:13 -0400] "GET /4217872312 HTTP/1.1" 404 6971 "-" "Mozilla/5.0 AppleWebKit/537.36 (KHTML, like Gecko; compatible; ClaudeBot/1.0; +claudebot@anthropic.com)"
216.73.216.132 - - [19/Sep/2025:05:59:14 -0400] "GET /93481314 HTTP/1.1" 404 9653 "-" "Mozilla/5.0 AppleWebKit/537.36 (KHTML, like Gecko; compatible; ClaudeBot/1.0; +claudebot@anthropic.com)"
216.73.216.132 - - [19/Sep/2025:05:59:14 -0400] "GET /761716571 HTTP/1.1" 404 9653 "-" "Mozilla/5.0 AppleWebKit/537.36 (KHTML, like Gecko; compatible; ClaudeBot/1.0; +claudebot@anthropic.com)"
216.73.216.132 - - [19/Sep/2025:05:59:15 -0400] "GET /3345029 HTTP/1.1" 404 9653 "-" "Mozilla/5.0 AppleWebKit/537.36 (KHTML, like Gecko; compatible; ClaudeBot/1.0; +claudebot@anthropic.com)"
216.73.216.132 - - [19/Sep/2025:05:59:16 -0400] "GET /532856215 HTTP/1.1" 404 4886 "-" "Mozilla/5.0 AppleWebKit/537.36 (KHTML, like Gecko; compatible; ClaudeBot/1.0; +claudebot@anthropic.com)"
216.73.216.132 - - [19/Sep/2025:05:59:16 -0400] "GET /38410122 HTTP/1.1" 404 6971 "-" "Mozilla/5.0 AppleWebKit/537.36 (KHTML, like Gecko; compatible; ClaudeBot/1.0; +claudebot@anthropic.com)"
216.73.216.132 - - [19/Sep/2025:05:59:17 -0400] "GET /13874541006 HTTP/1.1" 404 6971 "-" "Mozilla/5.0 AppleWebKit/537.36 (KHTML, like Gecko; compatible; ClaudeBot/1.0; +claudebot@anthropic.com)"
66.249.65.70 - - [19/Sep/2025:05:59:29 -0400] "GET /164490959 HTTP/1.1" 200 19960 "-" "Mozilla/5.0 (Linux; Android 6.0.1; Nexus 5X Build/MMB29P) AppleWebKit/537.36 (KHTML, like Gecko) Chrome/140.0.7339.127 Mobile Safari/537.36 (compatible; GoogleOther)"
66.249.65.69 - - [19/Sep/2025:05:59:33 -0400] "GET /589975515 HTTP/1.1" 200 20051 "-" "Mozilla/5.0 (Linux; Android 6.0.1; Nexus 5X Build/MMB29P) AppleWebKit/537.36 (KHTML, like Gecko) Chrome/140.0.7339.127 Mobile Safari/537.36 (compatible; GoogleOther)"
66.249.65.71 - - [19/Sep/2025:06:00:37 -0400] "GET /95651439 HTTP/1.1" 200 18582 "-" "Mozilla/5.0 (Linux; Android 6.0.1; Nexus 5X Build/MMB29P) AppleWebKit/537.36 (KHTML, like Gecko) Chrome/140.0.7339.127 Mobile Safari/537.36 (compatible; GoogleOther)"
68.65.123.208 - - [19/Sep/2025:06:01:06 -0400] "POST /wp-cron.php?doing_wp_cron=1758276065.8840029239654541015625 HTTP/1.1" 403 1242 "-" "WordPress/6.8.2; http://vohradecor.com"
216.73.216.132 - - [19/Sep/2025:06:01:04 -0400] "GET /6929646971 HTTP/1.1" 404 9653 "-" "Mozilla/5.0 AppleWebKit/537.36 (KHTML, like Gecko; compatible; ClaudeBot/1.0; +claudebot@anthropic.com)"
216.73.216.132 - - [19/Sep/2025:06:01:05 -0400] "GET /8193800 HTTP/1.1" 404 9653 "-" "Mozilla/5.0 AppleWebKit/537.36 (KHTML, like Gecko; compatible; ClaudeBot/1.0; +claudebot@anthropic.com)"
216.73.216.132 - - [19/Sep/2025:06:01:06 -0400] "GET /2415283683 HTTP/1.1" 404 9653 "-" "Mozilla/5.0 AppleWebKit/537.36 (KHTML, like Gecko; compatible; ClaudeBot/1.0; +claudebot@anthropic.com)"
216.73.216.132 - - [19/Sep/2025:06:01:07 -0400] "GET /39059852 HTTP/1.1" 404 9653 "-" "Mozilla/5.0 AppleWebKit/537.36 (KHTML, like Gecko; compatible; ClaudeBot/1.0; +claudebot@anthropic.com)"
216.73.216.132 - - [19/Sep/2025:06:01:08 -0400] "GET /92616253745 HTTP/1.1" 404 6971 "-" "Mozilla/5.0 AppleWebKit/537.36 (KHTML, like Gecko; compatible; ClaudeBot/1.0; +claudebot@anthropic.com)"
216.73.216.132 - - [19/Sep/2025:06:01:08 -0400] "GET /5421245 HTTP/1.1" 404 9653 "-" "Mozilla/5.0 AppleWebKit/537.36 (KHTML, like Gecko; compatible; ClaudeBot/1.0; +claudebot@anthropic.com)"
216.73.216.132 - - [19/Sep/2025:06:01:09 -0400] "GET /714357536 HTTP/1.1" 404 9653 "-" "Mozilla/5.0 AppleWebKit/537.36 (KHTML, like Gecko; compatible; ClaudeBot/1.0; +claudebot@anthropic.com)"
66.249.65.71 - - [19/Sep/2025:06:01:42 -0400] "GET /3189417322 HTTP/1.1" 200 18993 "-" "Mozilla/5.0 (Linux; Android 6.0.1; Nexus 5X Build/MMB29P) AppleWebKit/537.36 (KHTML, like Gecko) Chrome/140.0.7339.127 Mobile Safari/537.36 (compatible; GoogleOther)"
216.73.216.132 - - [19/Sep/2025:06:01:55 -0400] "GET /6862273 HTTP/1.1" 404 9653 "-" "Mozilla/5.0 AppleWebKit/537.36 (KHTML, like Gecko; compatible; ClaudeBot/1.0; +claudebot@anthropic.com)"
216.73.216.132 - - [19/Sep/2025:06:01:56 -0400] "GET /5784143 HTTP/1.1" 404 9653 "-" "Mozilla/5.0 AppleWebKit/537.36 (KHTML, like Gecko; compatible; ClaudeBot/1.0; +claudebot@anthropic.com)"
216.73.216.132 - - [19/Sep/2025:06:01:56 -0400] "GET /88972622587 HTTP/1.1" 404 6971 "-" "Mozilla/5.0 AppleWebKit/537.36 (KHTML, like Gecko; compatible; ClaudeBot/1.0; +claudebot@anthropic.com)"
216.73.216.132 - - [19/Sep/2025:06:01:57 -0400] "GET /94278086 HTTP/1.1" 404 6971 "-" "Mozilla/5.0 AppleWebKit/537.36 (KHTML, like Gecko; compatible; ClaudeBot/1.0; +claudebot@anthropic.com)"
216.73.216.132 - - [19/Sep/2025:06:01:58 -0400] "GET /2168282441 HTTP/1.1" 404 9653 "-" "Mozilla/5.0 AppleWebKit/537.36 (KHTML, like Gecko; compatible; ClaudeBot/1.0; +claudebot@anthropic.com)"
216.73.216.132 - - [19/Sep/2025:06:01:58 -0400] "GET /65067991 HTTP/1.1" 404 6971 "-" "Mozilla/5.0 AppleWebKit/537.36 (KHTML, like Gecko; compatible; ClaudeBot/1.0; +claudebot@anthropic.com)"
216.73.216.132 - - [19/Sep/2025:06:01:59 -0400] "GET /4177552 HTTP/1.1" 404 6971 "-" "Mozilla/5.0 AppleWebKit/537.36 (KHTML, like Gecko; compatible; ClaudeBot/1.0; +claudebot@anthropic.com)"
66.249.65.70 - - [19/Sep/2025:06:02:47 -0400] "GET /4431361 HTTP/1.1" 200 19646 "-" "Mozilla/5.0 (Linux; Android 6.0.1; Nexus 5X Build/MMB29P) AppleWebKit/537.36 (KHTML, like Gecko) Chrome/140.0.7339.127 Mobile Safari/537.36 (compatible; GoogleOther)"
101.99.88.90 - - [19/Sep/2025:06:03:08 -0400] "GET / HTTP/1.1" 200 121725 "-" "Mozilla/5.0 (compatible; Googlebot/2.1; +http://www.google.com/bot.html)"
101.99.88.90 - - [19/Sep/2025:06:03:09 -0400] "GET /search?category=701&search_word= HTTP/1.1" 200 140301 "-" "Mozilla/5.0 (compatible; Googlebot/2.1; +http://www.google.com/bot.html)"
68.65.123.208 - - [19/Sep/2025:06:03:30 -0400] "POST /wp-cron.php?doing_wp_cron=1758276210.9613990783691406250000 HTTP/1.1" 403 1242 "-" "WordPress/6.8.2; http://vohradecor.com"
68.65.123.208 - - [19/Sep/2025:06:03:31 -0400] "POST /wp-cron.php?doing_wp_cron=1758276211.0414309501647949218750 HTTP/1.1" 403 1242 "-" "WordPress/6.8.2; http://vohradecor.com"
216.73.216.132 - - [19/Sep/2025:06:03:29 -0400] "GET /2707525 HTTP/1.1" 404 6971 "-" "Mozilla/5.0 AppleWebKit/537.36 (KHTML, like Gecko; compatible; ClaudeBot/1.0; +claudebot@anthropic.com)"
216.73.216.132 - - [19/Sep/2025:06:03:29 -0400] "GET /15457107 HTTP/1.1" 404 9653 "-" "Mozilla/5.0 AppleWebKit/537.36 (KHTML, like Gecko; compatible; ClaudeBot/1.0; +claudebot@anthropic.com)"
216.73.216.132 - - [19/Sep/2025:06:03:34 -0400] "GET /8196306736 HTTP/1.1" 404 9653 "-" "Mozilla/5.0 AppleWebKit/537.36 (KHTML, like Gecko; compatible; ClaudeBot/1.0; +claudebot@anthropic.com)"
216.73.216.132 - - [19/Sep/2025:06:03:35 -0400] "GET /4074209 HTTP/1.1" 404 6971 "-" "Mozilla/5.0 AppleWebKit/537.36 (KHTML, like Gecko; compatible; ClaudeBot/1.0; +claudebot@anthropic.com)"
216.73.216.132 - - [19/Sep/2025:06:03:38 -0400] "GET /96378694330 HTTP/1.1" 404 9653 "-" "Mozilla/5.0 AppleWebKit/537.36 (KHTML, like Gecko; compatible; ClaudeBot/1.0; +claudebot@anthropic.com)"
216.73.216.132 - - [19/Sep/2025:06:03:38 -0400] "GET /3881360 HTTP/1.1" 404 9653 "-" "Mozilla/5.0 AppleWebKit/537.36 (KHTML, like Gecko; compatible; ClaudeBot/1.0; +claudebot@anthropic.com)"
216.73.216.132 - - [19/Sep/2025:06:03:40 -0400] "GET /74452953413 HTTP/1.1" 404 6971 "-" "Mozilla/5.0 AppleWebKit/537.36 (KHTML, like Gecko; compatible; ClaudeBot/1.0; +claudebot@anthropic.com)"
216.73.216.132 - - [19/Sep/2025:06:03:50 -0400] "GET /7797695 HTTP/1.1" 404 10060 "-" "Mozilla/5.0 AppleWebKit/537.36 (KHTML, like Gecko; compatible; ClaudeBot/1.0; +claudebot@anthropic.com)"
66.249.65.70 - - [19/Sep/2025:06:03:52 -0400] "GET /34977436243 HTTP/1.1" 200 19056 "-" "Mozilla/5.0 (Linux; Android 6.0.1; Nexus 5X Build/MMB29P) AppleWebKit/537.36 (KHTML, like Gecko) Chrome/140.0.7339.127 Mobile Safari/537.36 (compatible; GoogleOther)"
216.73.216.132 - - [19/Sep/2025:06:03:55 -0400] "GET /244083266 HTTP/1.1" 404 9653 "-" "Mozilla/5.0 AppleWebKit/537.36 (KHTML, like Gecko; compatible; ClaudeBot/1.0; +claudebot@anthropic.com)"
216.73.216.132 - - [19/Sep/2025:06:03:59 -0400] "GET /822044943 HTTP/1.1" 404 6971 "-" "Mozilla/5.0 AppleWebKit/537.36 (KHTML, like Gecko; compatible; ClaudeBot/1.0; +claudebot@anthropic.com)"
216.73.216.132 - - [19/Sep/2025:06:04:01 -0400] "GET /21853866472 HTTP/1.1" 404 9653 "-" "Mozilla/5.0 AppleWebKit/537.36 (KHTML, like Gecko; compatible; ClaudeBot/1.0; +claudebot@anthropic.com)"
66.249.65.69 - - [19/Sep/2025:06:04:02 -0400] "GET /7841804 HTTP/1.1" 200 18373 "-" "Mozilla/5.0 (Linux; Android 6.0.1; Nexus 5X Build/MMB29P) AppleWebKit/537.36 (KHTML, like Gecko) Chrome/140.0.7339.127 Mobile Safari/537.36 (compatible; GoogleOther)"
216.73.216.132 - - [19/Sep/2025:06:04:02 -0400] "GET /858482157 HTTP/1.1" 404 6971 "-" "Mozilla/5.0 AppleWebKit/537.36 (KHTML, like Gecko; compatible; ClaudeBot/1.0; +claudebot@anthropic.com)"
216.73.216.132 - - [19/Sep/2025:06:04:04 -0400] "GET /4276263 HTTP/1.1" 404 6971 "-" "Mozilla/5.0 AppleWebKit/537.36 (KHTML, like Gecko; compatible; ClaudeBot/1.0; +claudebot@anthropic.com)"
216.73.216.132 - - [19/Sep/2025:06:04:05 -0400] "GET /13453107302 HTTP/1.1" 404 6971 "-" "Mozilla/5.0 AppleWebKit/537.36 (KHTML, like Gecko; compatible; ClaudeBot/1.0; +claudebot@anthropic.com)"
66.249.65.69 - - [19/Sep/2025:06:04:57 -0400] "GET /14646327 HTTP/1.1" 200 19535 "-" "Mozilla/5.0 (Linux; Android 6.0.1; Nexus 5X Build/MMB29P) AppleWebKit/537.36 (KHTML, like Gecko) Chrome/140.0.7339.127 Mobile Safari/537.36 (compatible; GoogleOther)"
66.249.65.70 - - [19/Sep/2025:06:05:13 -0400] "GET /man/kaitori/kantan.html HTTP/1.1" 200 18559 "-" "Mozilla/5.0 (Linux; Android 6.0.1; Nexus 5X Build/MMB29P) AppleWebKit/537.36 (KHTML, like Gecko) Chrome/140.0.7339.127 Mobile Safari/537.36 (compatible; GoogleOther)"
66.249.65.69 - - [19/Sep/2025:06:05:22 -0400] "POST /get-message-notify HTTP/1.1" 200 21351 "http://vohradecor.com/man/kaitori/kantan.html" "Mozilla/5.0 (Linux; Android 6.0.1; Nexus 5X Build/MMB29P) AppleWebKit/537.36 (KHTML, like Gecko) Chrome/139.0.7258.127 Mobile Safari/537.36 (compatible; Googlebot/2.1; +http://www.google.com/bot.html)"
68.65.123.208 - - [19/Sep/2025:06:05:43 -0400] "POST /wp-cron.php?doing_wp_cron=1758276343.2671310901641845703125 HTTP/1.1" 403 1242 "-" "WordPress/6.8.2; http://vohradecor.com"
216.73.216.132 - - [19/Sep/2025:06:05:42 -0400] "GET /9471225 HTTP/1.1" 404 6971 "-" "Mozilla/5.0 AppleWebKit/537.36 (KHTML, like Gecko; compatible; ClaudeBot/1.0; +claudebot@anthropic.com)"
216.73.216.132 - - [19/Sep/2025:06:05:44 -0400] "GET /7961211 HTTP/1.1" 404 4886 "-" "Mozilla/5.0 AppleWebKit/537.36 (KHTML, like Gecko; compatible; ClaudeBot/1.0; +claudebot@anthropic.com)"
216.73.216.132 - - [19/Sep/2025:06:05:46 -0400] "GET /29486642777 HTTP/1.1" 404 6971 "-" "Mozilla/5.0 AppleWebKit/537.36 (KHTML, like Gecko; compatible; ClaudeBot/1.0; +claudebot@anthropic.com)"
216.73.216.132 - - [19/Sep/2025:06:05:48 -0400] "GET /6548436 HTTP/1.1" 404 6971 "-" "Mozilla/5.0 AppleWebKit/537.36 (KHTML, like Gecko; compatible; ClaudeBot/1.0; +claudebot@anthropic.com)"
216.73.216.132 - - [19/Sep/2025:06:05:51 -0400] "GET /46279312 HTTP/1.1" 404 9653 "-" "Mozilla/5.0 AppleWebKit/537.36 (KHTML, like Gecko; compatible; ClaudeBot/1.0; +claudebot@anthropic.com)"
216.73.216.132 - - [19/Sep/2025:06:05:54 -0400] "GET /96214614910 HTTP/1.1" 404 9688 "-" "Mozilla/5.0 AppleWebKit/537.36 (KHTML, like Gecko; compatible; ClaudeBot/1.0; +claudebot@anthropic.com)"
43.166.224.244 - - [19/Sep/2025:06:05:54 -0400] "GET /23542539.shtml HTTP/1.1" 404 11138 "-" "Mozilla/5.0 (iPhone; CPU iPhone OS 13_2_3 like Mac OS X) AppleWebKit/605.1.15 (KHTML, like Gecko) Version/13.0.3 Mobile/15E148 Safari/604.1"
66.249.65.70 - - [19/Sep/2025:06:07:30 -0400] "GET /73771767.shtml HTTP/1.1" 200 19810 "-" "Mozilla/5.0 (Linux; Android 6.0.1; Nexus 5X Build/MMB29P) AppleWebKit/537.36 (KHTML, like Gecko) Chrome/140.0.7339.127 Mobile Safari/537.36 (compatible; GoogleOther)"
68.65.123.208 - - [19/Sep/2025:06:07:41 -0400] "POST /wp-cron.php?doing_wp_cron=1758276461.7504899501800537109375 HTTP/1.1" 403 1242 "-" "WordPress/6.8.2; http://vohradecor.com"
216.73.216.132 - - [19/Sep/2025:06:07:37 -0400] "GET /562531306 HTTP/1.1" 404 6971 "-" "Mozilla/5.0 AppleWebKit/537.36 (KHTML, like Gecko; compatible; ClaudeBot/1.0; +claudebot@anthropic.com)"
216.73.216.132 - - [19/Sep/2025:06:07:42 -0400] "GET /869657194 HTTP/1.1" 404 6971 "-" "Mozilla/5.0 AppleWebKit/537.36 (KHTML, like Gecko; compatible; ClaudeBot/1.0; +claudebot@anthropic.com)"
216.73.216.132 - - [19/Sep/2025:06:07:43 -0400] "GET /27885223014 HTTP/1.1" 404 6971 "-" "Mozilla/5.0 AppleWebKit/537.36 (KHTML, like Gecko; compatible; ClaudeBot/1.0; +claudebot@anthropic.com)"
216.73.216.132 - - [19/Sep/2025:06:07:46 -0400] "GET /21575441 HTTP/1.1" 404 9653 "-" "Mozilla/5.0 AppleWebKit/537.36 (KHTML, like Gecko; compatible; ClaudeBot/1.0; +claudebot@anthropic.com)"
216.73.216.132 - - [19/Sep/2025:06:07:48 -0400] "GET /8123175 HTTP/1.1" 404 9653 "-" "Mozilla/5.0 AppleWebKit/537.36 (KHTML, like Gecko; compatible; ClaudeBot/1.0; +claudebot@anthropic.com)"
216.73.216.132 - - [19/Sep/2025:06:07:51 -0400] "GET /8854435 HTTP/1.1" 404 9653 "-" "Mozilla/5.0 AppleWebKit/537.36 (KHTML, like Gecko; compatible; ClaudeBot/1.0; +claudebot@anthropic.com)"
66.249.65.70 - - [19/Sep/2025:06:08:04 -0400] "GET /625994769 HTTP/1.1" 200 18580 "-" "Mozilla/5.0 (Linux; Android 6.0.1; Nexus 5X Build/MMB29P) AppleWebKit/537.36 (KHTML, like Gecko) Chrome/140.0.7339.127 Mobile Safari/537.36 (compatible; GoogleOther)"
66.249.65.69 - - [19/Sep/2025:06:08:29 -0400] "GET /44361311 HTTP/1.1" 200 19579 "-" "Mozilla/5.0 (Linux; Android 6.0.1; Nexus 5X Build/MMB29P) AppleWebKit/537.36 (KHTML, like Gecko) Chrome/140.0.7339.127 Mobile Safari/537.36 (compatible; GoogleOther)"
216.73.216.132 - - [19/Sep/2025:06:09:29 -0400] "GET /robots.txt HTTP/1.1" 200 105 "-" "Mozilla/5.0 AppleWebKit/537.36 (KHTML, like Gecko; compatible; ClaudeBot/1.0; +claudebot@anthropic.com)"
68.65.123.208 - - [19/Sep/2025:06:09:30 -0400] "POST /wp-cron.php?doing_wp_cron=1758276570.1063079833984375000000 HTTP/1.1" 403 1242 "-" "WordPress/6.8.2; http://vohradecor.com"
216.73.216.132 - - [19/Sep/2025:06:09:29 -0400] "GET /2310829 HTTP/1.1" 404 9688 "-" "Mozilla/5.0 AppleWebKit/537.36 (KHTML, like Gecko; compatible; ClaudeBot/1.0; +claudebot@anthropic.com)"
216.73.216.132 - - [19/Sep/2025:06:09:31 -0400] "GET /7614477688 HTTP/1.1" 404 6971 "-" "Mozilla/5.0 AppleWebKit/537.36 (KHTML, like Gecko; compatible; ClaudeBot/1.0; +claudebot@anthropic.com)"
216.73.216.132 - - [19/Sep/2025:06:09:33 -0400] "GET /5392041256 HTTP/1.1" 404 6971 "-" "Mozilla/5.0 AppleWebKit/537.36 (KHTML, like Gecko; compatible; ClaudeBot/1.0; +claudebot@anthropic.com)"
216.73.216.132 - - [19/Sep/2025:06:09:36 -0400] "GET /489264851 HTTP/1.1" 404 6971 "-" "Mozilla/5.0 AppleWebKit/537.36 (KHTML, like Gecko; compatible; ClaudeBot/1.0; +claudebot@anthropic.com)"
216.73.216.132 - - [19/Sep/2025:06:09:36 -0400] "GET /89639162 HTTP/1.1" 404 6971 "-" "Mozilla/5.0 AppleWebKit/537.36 (KHTML, like Gecko; compatible; ClaudeBot/1.0; +claudebot@anthropic.com)"
216.73.216.132 - - [19/Sep/2025:06:09:37 -0400] "GET /3709364 HTTP/1.1" 404 6971 "-" "Mozilla/5.0 AppleWebKit/537.36 (KHTML, like Gecko; compatible; ClaudeBot/1.0; +claudebot@anthropic.com)"
66.249.65.69 - - [19/Sep/2025:06:10:16 -0400] "GET /68683602737 HTTP/1.1" 200 19115 "-" "Mozilla/5.0 (Linux; Android 6.0.1; Nexus 5X Build/MMB29P) AppleWebKit/537.36 (KHTML, like Gecko) Chrome/140.0.7339.127 Mobile Safari/537.36 (compatible; GoogleOther)"
204.12.208.18 - - [19/Sep/2025:06:11:10 -0400] "GET /wp-content/adb31686/index.php HTTP/1.1" 403 1242 "http://vohradecor.com/wp-content/adb31686/index.php" "Mozilla/5.0 (Windows NT 5.1) AppleWebKit/535.2 (KHTML, like Gecko) Chrome/15.0.874.120 Safari/535.2"
204.12.208.18 - - [19/Sep/2025:06:11:10 -0400] "GET /wp-content/adb31686/index.php HTTP/1.1" 403 1242 "http://vohradecor.com/wp-content/adb31686/index.php" "Mozilla/5.0 (compatible; MSIE 9.0; Windows NT 6.1; WOW64; Trident/5.0; SLCC2; .NET CLR 2.0.50727; .NET CLR 3.5.30729; .NET CLR 3.0.30729; Media Center PC 6.0; MAGW; .NET4.0C; Lunascape 6.5.8.24780)"
204.12.208.18 - - [19/Sep/2025:06:11:10 -0400] "GET /wp-content/adb31686/index.php HTTP/1.1" 403 1242 "http://vohradecor.com/wp-content/adb31686/index.php" "Mozilla/5.0 (Macintosh; Intel Mac OS X 10.6; rv:6.0.2) Gecko/20100101 Firefox/6.0.2"
66.249.65.70 - - [19/Sep/2025:06:11:14 -0400] "POST /get-message-notify HTTP/1.1" 200 21351 "http://vohradecor.com/625994769" "Mozilla/5.0 (Linux; Android 6.0.1; Nexus 5X Build/MMB29P) AppleWebKit/537.36 (KHTML, like Gecko) Chrome/139.0.7258.127 Mobile Safari/537.36 (compatible; Googlebot/2.1; +http://www.google.com/bot.html)"
68.65.123.208 - - [19/Sep/2025:06:11:26 -0400] "POST /wp-cron.php?doing_wp_cron=1758276686.3189630508422851562500 HTTP/1.1" 403 1242 "-" "WordPress/6.8.2; http://vohradecor.com"
216.73.216.132 - - [19/Sep/2025:06:11:25 -0400] "GET /7498916 HTTP/1.1" 404 6971 "-" "Mozilla/5.0 AppleWebKit/537.36 (KHTML, like Gecko; compatible; ClaudeBot/1.0; +claudebot@anthropic.com)"
