77.75.77.109 - - [19/Sep/2025:07:44:16 -0400] "GET /27438687015 HTTP/1.1" 404 11129 "-" "Mozilla/5.0 (compatible; SeznamBot/4.0; +https://o-seznam.cz/napoveda/vyhledavani/en/seznambot-crawler/)"
20.15.133.184 - - [19/Sep/2025:07:45:06 -0400] "GET /zhHant/product/surugaya/UGD51459529?campaign_uid=f64d716db5e979ed2f947dbaf4296895b951ae7f HTTP/1.1" 200 19217 "-" "Mozilla/5.0 AppleWebKit/537.36 (KHTML, like Gecko; compatible; bingbot/2.0; +http://www.bing.com/bingbot.htm) Chrome/116.0.1938.76 Safari/537.36"
66.249.65.69 - - [19/Sep/2025:07:45:33 -0400] "GET /31685387.shtml HTTP/1.1" 200 19453 "-" "Mozilla/5.0 (Linux; Android 6.0.1; Nexus 5X Build/MMB29P) AppleWebKit/537.36 (KHTML, like Gecko) Chrome/140.0.7339.127 Mobile Safari/537.36 (compatible; GoogleOther)"
51.222.168.48 - - [19/Sep/2025:07:46:58 -0400] "GET /sitemap-5.xml HTTP/1.1" 200 11511 "-" "Mozilla/5.0 (compatible; AhrefsBot/7.0; +http://ahrefs.com/robot/)"
66.249.65.71 - - [19/Sep/2025:07:47:13 -0400] "GET /84868244 HTTP/1.1" 200 19020 "-" "Mozilla/5.0 (Linux; Android 6.0.1; Nexus 5X Build/MMB29P) AppleWebKit/537.36 (KHTML, like Gecko) Chrome/140.0.7339.127 Mobile Safari/537.36 (compatible; GoogleOther)"
66.249.65.71 - - [19/Sep/2025:07:48:18 -0400] "GET /85627677264 HTTP/1.1" 200 20285 "-" "Mozilla/5.0 (Linux; Android 6.0.1; Nexus 5X Build/MMB29P) AppleWebKit/537.36 (KHTML, like Gecko) Chrome/140.0.7339.127 Mobile Safari/537.36 (compatible; GoogleOther)"
40.77.167.16 - - [19/Sep/2025:07:48:32 -0400] "GET /9669960429 HTTP/1.1" 200 19085 "-" "Mozilla/5.0 AppleWebKit/537.36 (KHTML, like Gecko; compatible; bingbot/2.0; +http://www.bing.com/bingbot.htm) Chrome/116.0.1938.76 Safari/537.36"
142.44.233.183 - - [19/Sep/2025:07:50:51 -0400] "GET /?sitemap761.xml HTTP/1.1" 200 11591 "-" "Mozilla/5.0 (compatible; AhrefsBot/7.0; +http://ahrefs.com/robot/)"
66.249.65.69 - - [19/Sep/2025:07:53:13 -0400] "GET /3448440 HTTP/1.1" 200 19762 "-" "Mozilla/5.0 (Linux; Android 6.0.1; Nexus 5X Build/MMB29P) AppleWebKit/537.36 (KHTML, like Gecko) Chrome/140.0.7339.127 Mobile Safari/537.36 (compatible; GoogleOther)"
54.39.0.51 - - [19/Sep/2025:07:54:45 -0400] "GET /category/news/ HTTP/1.1" 200 12464 "-" "Mozilla/5.0 (compatible; AhrefsBot/7.0; +http://ahrefs.com/robot/)"
204.12.208.18 - - [19/Sep/2025:07:56:49 -0400] "GET /wp-content/adb31686/index.php HTTP/1.1" 403 1242 "http://vohradecor.com/wp-content/adb31686/index.php" "Mozilla/4.0 (compatible; MSIE 7.0; Windows NT 5.1; SV1; .NET CLR 1.0.3705; .NET CLR 2.0.50727; .NET CLR 1.1.4322)"
204.12.208.18 - - [19/Sep/2025:07:56:50 -0400] "GET /wp-content/adb31686/index.php HTTP/1.1" 403 1242 "http://vohradecor.com/wp-content/adb31686/index.php" "Mozilla/4.0 (compatible; MSIE 7.0; Windows NT 5.1)"
204.12.208.18 - - [19/Sep/2025:07:56:50 -0400] "GET /wp-content/adb31686/index.php HTTP/1.1" 403 1242 "http://vohradecor.com/wp-content/adb31686/index.php" "Mozilla/4.0 (compatible; MSIE 7.0; Windows NT 6.0; SLCC1; .NET CLR 2.0.50727; Media Center PC 5.0; .NET CLR 3.0.04506; InfoPath.1)"
66.249.65.69 - - [19/Sep/2025:07:58:08 -0400] "GET /robots.txt HTTP/1.1" 200 105 "-" "Mozilla/5.0 (compatible; Googlebot/2.1; +http://www.google.com/bot.html)"
66.249.65.69 - - [19/Sep/2025:07:58:08 -0400] "GET /81254189710 HTTP/1.1" 200 20912 "-" "Mozilla/5.0 (Linux; Android 6.0.1; Nexus 5X Build/MMB29P) AppleWebKit/537.36 (KHTML, like Gecko) Chrome/140.0.7339.127 Mobile Safari/537.36 (compatible; GoogleOther)"
68.65.123.208 - - [19/Sep/2025:07:58:27 -0400] "POST /wp-cron.php?doing_wp_cron=1758283107.9479811191558837890625 HTTP/1.1" 403 1242 "-" "WordPress/6.8.2; http://vohradecor.com"
77.75.77.109 - - [19/Sep/2025:07:58:24 -0400] "GET /7353563 HTTP/1.1" 404 11129 "-" "Mozilla/5.0 (compatible; SeznamBot/4.0; +https://o-seznam.cz/napoveda/vyhledavani/en/seznambot-crawler/)"
51.161.37.226 - - [19/Sep/2025:07:58:31 -0400] "GET /casino-en-ligne-golden-panda-bonus-et-promotions-98/ HTTP/1.1" 200 16613 "-" "Mozilla/5.0 (compatible; AhrefsBot/7.0; +http://ahrefs.com/robot/)"
66.249.65.71 - - [19/Sep/2025:07:59:13 -0400] "GET /robots.txt HTTP/1.1" 200 105 "-" "Mozilla/5.0 (compatible; Googlebot/2.1; +http://www.google.com/bot.html)"
66.249.65.69 - - [19/Sep/2025:07:59:13 -0400] "GET /6875278 HTTP/1.1" 200 18852 "-" "Mozilla/5.0 (Linux; Android 6.0.1; Nexus 5X Build/MMB29P) AppleWebKit/537.36 (KHTML, like Gecko) Chrome/140.0.7339.127 Mobile Safari/537.36 (compatible; GoogleOther)"
52.167.144.219 - - [19/Sep/2025:08:01:34 -0400] "GET /95145272494 HTTP/1.1" 200 18388 "-" "Mozilla/5.0 AppleWebKit/537.36 (KHTML, like Gecko; compatible; bingbot/2.0; +http://www.bing.com/bingbot.htm) Chrome/116.0.1938.76 Safari/537.36"
157.55.39.203 - - [19/Sep/2025:08:01:38 -0400] "GET /54778858385 HTTP/1.1" 200 19541 "-" "Mozilla/5.0 AppleWebKit/537.36 (KHTML, like Gecko; compatible; bingbot/2.0; +http://www.bing.com/bingbot.htm) Chrome/116.0.1938.76 Safari/537.36"
66.249.65.70 - - [19/Sep/2025:08:01:55 -0400] "GET /robots.txt HTTP/1.1" 200 105 "-" "Mozilla/5.0 (compatible; Googlebot/2.1; +http://www.google.com/bot.html)"
66.249.65.71 - - [19/Sep/2025:08:01:55 -0400] "GET /79013283.shtml HTTP/1.1" 200 19092 "-" "Mozilla/5.0 (Linux; Android 6.0.1; Nexus 5X Build/MMB29P) AppleWebKit/537.36 (KHTML, like Gecko) Chrome/140.0.7339.127 Mobile Safari/537.36 (compatible; GoogleOther)"
68.65.123.208 - - [19/Sep/2025:08:02:21 -0400] "POST /wp-cron.php?doing_wp_cron=1758283341.3034510612487792968750 HTTP/1.1" 403 1242 "-" "WordPress/6.8.2; http://vohradecor.com"
142.44.228.163 - - [19/Sep/2025:08:02:17 -0400] "GET /amon-casino-avis-complet-2025-bonus-jusqu-400-922/ HTTP/1.1" 200 17761 "-" "Mozilla/5.0 (compatible; AhrefsBot/7.0; +http://ahrefs.com/robot/)"
66.249.65.69 - - [19/Sep/2025:08:03:53 -0400] "GET /robots.txt HTTP/1.1" 200 105 "-" "Mozilla/5.0 (compatible; Googlebot/2.1; +http://www.google.com/bot.html)"
66.249.65.71 - - [19/Sep/2025:08:03:53 -0400] "GET /7397706 HTTP/1.1" 200 19600 "-" "Mozilla/5.0 (Linux; Android 6.0.1; Nexus 5X Build/MMB29P) AppleWebKit/537.36 (KHTML, like Gecko) Chrome/140.0.7339.127 Mobile Safari/537.36 (compatible; GoogleOther)"
66.249.65.70 - - [19/Sep/2025:08:05:13 -0400] "GET /robots.txt HTTP/1.1" 200 105 "-" "Mozilla/5.0 (compatible; Googlebot/2.1; +http://www.google.com/bot.html)"
66.249.65.71 - - [19/Sep/2025:08:05:13 -0400] "GET /9436466287 HTTP/1.1" 200 21841 "-" "Mozilla/5.0 (Linux; Android 6.0.1; Nexus 5X Build/MMB29P) AppleWebKit/537.36 (KHTML, like Gecko) Chrome/140.0.7339.127 Mobile Safari/537.36 (compatible; GoogleOther)"
68.65.123.208 - - [19/Sep/2025:08:05:51 -0400] "POST /wp-cron.php?doing_wp_cron=1758283551.7666239738464355468750 HTTP/1.1" 403 1242 "-" "WordPress/6.8.2; http://vohradecor.com"
54.39.89.79 - - [19/Sep/2025:08:05:48 -0400] "GET /7slots-casino-bonus-ve-promosyonlar-1752/ HTTP/1.1" 200 15747 "-" "Mozilla/5.0 (compatible; AhrefsBot/7.0; +http://ahrefs.com/robot/)"
66.249.65.69 - - [19/Sep/2025:08:07:22 -0400] "GET /robots.txt HTTP/1.1" 200 105 "-" "Mozilla/5.0 (compatible; Googlebot/2.1; +http://www.google.com/bot.html)"
66.249.65.69 - - [19/Sep/2025:08:07:22 -0400] "GET /65988131.shtml HTTP/1.1" 200 18222 "-" "Mozilla/5.0 (Linux; Android 6.0.1; Nexus 5X Build/MMB29P) AppleWebKit/537.36 (KHTML, like Gecko) Chrome/140.0.7339.127 Mobile Safari/537.36 (compatible; GoogleOther)"
68.65.123.208 - - [19/Sep/2025:08:09:17 -0400] "POST /wp-cron.php?doing_wp_cron=1758283756.9815330505371093750000 HTTP/1.1" 403 1242 "-" "WordPress/6.8.2; http://vohradecor.com"
148.113.128.181 - - [19/Sep/2025:08:09:13 -0400] "GET /1win-official-site-for-sports-betting-and-casino-910/ HTTP/1.1" 200 15422 "-" "Mozilla/5.0 (compatible; AhrefsBot/7.0; +http://ahrefs.com/robot/)"
66.249.65.70 - - [19/Sep/2025:08:10:06 -0400] "GET /robots.txt HTTP/1.1" 200 105 "-" "Mozilla/5.0 (compatible; Googlebot/2.1; +http://www.google.com/bot.html)"
66.249.65.69 - - [19/Sep/2025:08:10:06 -0400] "GET /4821550584 HTTP/1.1" 200 19816 "-" "Mozilla/5.0 (Linux; Android 6.0.1; Nexus 5X Build/MMB29P) AppleWebKit/537.36 (KHTML, like Gecko) Chrome/140.0.7339.127 Mobile Safari/537.36 (compatible; GoogleOther)"
204.12.208.18 - - [19/Sep/2025:08:11:09 -0400] "GET /wp-content/adb31686/index.php HTTP/1.1" 403 1242 "http://vohradecor.com/wp-content/adb31686/index.php" "Mozilla/5.0 (Macintosh; Intel Mac OS X 10_6_8) AppleWebKit/534.24 (KHTML, like Gecko) Chrome/11.0.696.71 Safari/534.24"
204.12.208.18 - - [19/Sep/2025:08:11:09 -0400] "GET /wp-content/adb31686/index.php HTTP/1.1" 403 1242 "http://vohradecor.com/wp-content/adb31686/index.php" "Mozilla/5.0 (Windows NT 6.1) AppleWebKit/534.24 (KHTML, like Gecko) Chrome/11.0.696.65 Safari/534.24"
204.12.208.18 - - [19/Sep/2025:08:11:09 -0400] "GET /wp-content/adb31686/index.php HTTP/1.1" 403 1242 "http://vohradecor.com/wp-content/adb31686/index.php" "Mozilla/5.0 (Windows NT 5.1) AppleWebKit/534.30 (KHTML, like Gecko) Chrome/12.0.742.122 Safari/534.30 ChromePlus/1.6.3.1"
66.249.65.71 - - [19/Sep/2025:08:11:13 -0400] "GET /4541435 HTTP/1.1" 200 20620 "-" "Mozilla/5.0 (Linux; Android 6.0.1; Nexus 5X Build/MMB29P) AppleWebKit/537.36 (KHTML, like Gecko) Chrome/140.0.7339.127 Mobile Safari/537.36 (compatible; GoogleOther)"
15.235.27.118 - - [19/Sep/2025:08:13:20 -0400] "GET /mostbet-india-review-of-mostbet-casino-online-620/ HTTP/1.1" 200 16433 "-" "Mozilla/5.0 (compatible; AhrefsBot/7.0; +http://ahrefs.com/robot/)"
157.55.39.58 - - [19/Sep/2025:08:16:09 -0400] "GET /4458369508 HTTP/1.1" 200 18583 "-" "Mozilla/5.0 AppleWebKit/537.36 (KHTML, like Gecko; compatible; bingbot/2.0; +http://www.bing.com/bingbot.htm) Chrome/116.0.1938.76 Safari/537.36"
68.65.123.208 - - [19/Sep/2025:08:16:35 -0400] "POST /wp-cron.php?doing_wp_cron=1758284195.8191819190979003906250 HTTP/1.1" 403 1242 "-" "WordPress/6.8.2; http://vohradecor.com"
51.222.95.37 - - [19/Sep/2025:08:16:32 -0400] "GET /mostbet-casino-login-official-website-online-836/ HTTP/1.1" 200 17579 "-" "Mozilla/5.0 (compatible; AhrefsBot/7.0; +http://ahrefs.com/robot/)"
66.249.65.69 - - [19/Sep/2025:08:17:13 -0400] "GET /921568919 HTTP/1.1" 200 18756 "-" "Mozilla/5.0 (Linux; Android 6.0.1; Nexus 5X Build/MMB29P) AppleWebKit/537.36 (KHTML, like Gecko) Chrome/140.0.7339.127 Mobile Safari/537.36 (compatible; GoogleOther)"
66.249.65.70 - - [19/Sep/2025:08:18:46 -0400] "GET /4367902 HTTP/1.1" 200 18580 "-" "Mozilla/5.0 (Linux; Android 6.0.1; Nexus 5X Build/MMB29P) AppleWebKit/537.36 (KHTML, like Gecko) Chrome/140.0.7339.127 Mobile Safari/537.36 (compatible; GoogleOther)"
68.65.123.208 - - [19/Sep/2025:08:20:00 -0400] "POST /wp-cron.php?doing_wp_cron=1758284400.7902150154113769531250 HTTP/1.1" 403 1242 "-" "WordPress/6.8.2; http://vohradecor.com"
54.39.0.241 - - [19/Sep/2025:08:19:57 -0400] "GET /mostbet-casino-login-in-bangladesh-official-731/ HTTP/1.1" 200 16677 "-" "Mozilla/5.0 (compatible; AhrefsBot/7.0; +http://ahrefs.com/robot/)"
66.249.65.69 - - [19/Sep/2025:08:20:38 -0400] "GET /37804311 HTTP/1.1" 200 21233 "-" "Mozilla/5.0 (Linux; Android 6.0.1; Nexus 5X Build/MMB29P) AppleWebKit/537.36 (KHTML, like Gecko) Chrome/140.0.7339.127 Mobile Safari/537.36 (compatible; GoogleOther)"
66.249.65.70 - - [19/Sep/2025:08:21:00 -0400] "GET /40441435.shtml HTTP/1.1" 200 19744 "-" "Mozilla/5.0 (Linux; Android 6.0.1; Nexus 5X Build/MMB29P) AppleWebKit/537.36 (KHTML, like Gecko) Chrome/140.0.7339.127 Mobile Safari/537.36 (compatible; GoogleOther)"
68.65.123.208 - - [19/Sep/2025:08:23:09 -0400] "POST /wp-cron.php?doing_wp_cron=1758284589.8798010349273681640625 HTTP/1.1" 403 1242 "-" "WordPress/6.8.2; http://vohradecor.com"
148.113.130.81 - - [19/Sep/2025:08:23:06 -0400] "GET /grandpashabet-grandpashabet-casino-grandpashabet-910/ HTTP/1.1" 200 16139 "-" "Mozilla/5.0 (compatible; AhrefsBot/7.0; +http://ahrefs.com/robot/)"
66.249.65.69 - - [19/Sep/2025:08:23:13 -0400] "GET /26321087 HTTP/1.1" 200 18879 "-" "Mozilla/5.0 (Linux; Android 6.0.1; Nexus 5X Build/MMB29P) AppleWebKit/537.36 (KHTML, like Gecko) Chrome/140.0.7339.127 Mobile Safari/537.36 (compatible; GoogleOther)"
66.249.65.69 - - [19/Sep/2025:08:23:44 -0400] "GET /43497691.shtml HTTP/1.1" 200 19718 "-" "Mozilla/5.0 (Linux; Android 6.0.1; Nexus 5X Build/MMB29P) AppleWebKit/537.36 (KHTML, like Gecko) Chrome/140.0.7339.127 Mobile Safari/537.36 (compatible; GoogleOther)"
161.35.81.157 - - [19/Sep/2025:08:23:46 -0400] "GET / HTTP/1.1" 301 0 "-" "Mozilla/5.0 (X11; Linux x86_64) AppleWebKit/537.36 (KHTML, like Gecko) Chrome/139.0.0.0 Safari/537.36"
161.35.81.157 - - [19/Sep/2025:08:23:47 -0400] "GET /favicon.ico HTTP/1.1" 404 1251 "http://www.vohradecor.com/" "Mozilla/5.0 (X11; Linux x86_64) AppleWebKit/537.36 (KHTML, like Gecko) Chrome/139.0.0.0 Safari/537.36"
204.12.208.18 - - [19/Sep/2025:08:25:01 -0400] "GET /wp-content/adb31686/index.php HTTP/1.1" 403 1242 "http://vohradecor.com/wp-content/adb31686/index.php" "Mozilla/5.0 (compatible; MSIE 10.0; Windows NT 6.2; Trident/6.0)"
204.12.208.18 - - [19/Sep/2025:08:25:01 -0400] "GET /wp-content/adb31686/index.php HTTP/1.1" 403 1242 "http://vohradecor.com/wp-content/adb31686/index.php" "Mozilla/5.0 (compatible; MSIE 10.0; Windows NT 6.2; WOW64; Trident/6.0)"
204.12.208.18 - - [19/Sep/2025:08:25:01 -0400] "GET /wp-content/adb31686/index.php HTTP/1.1" 403 1242 "http://vohradecor.com/wp-content/adb31686/index.php" "Mozilla/5.0 (compatible; MSIE 10.0; Windows NT 6.2; ARM; Trident/6.0)"
173.252.87.8 - - [19/Sep/2025:08:26:03 -0400] "GET /robots.txt HTTP/1.1" 206 1044 "-" "facebookexternalhit/1.1 (+http://www.facebook.com/externalhit_uatext.php)"
66.249.65.69 - - [19/Sep/2025:08:26:27 -0400] "GET /45710755.shtml HTTP/1.1" 200 18307 "-" "Mozilla/5.0 (Linux; Android 6.0.1; Nexus 5X Build/MMB29P) AppleWebKit/537.36 (KHTML, like Gecko) Chrome/140.0.7339.127 Mobile Safari/537.36 (compatible; GoogleOther)"
68.65.123.208 - - [19/Sep/2025:08:26:44 -0400] "POST /wp-cron.php?doing_wp_cron=1758284804.0135719776153564453125 HTTP/1.1" 403 1242 "-" "WordPress/6.8.2; http://vohradecor.com"
15.235.27.64 - - [19/Sep/2025:08:26:40 -0400] "GET /chicken-road-online-casino-slot-filled-with-205/ HTTP/1.1" 200 17189 "-" "Mozilla/5.0 (compatible; AhrefsBot/7.0; +http://ahrefs.com/robot/)"
66.249.65.71 - - [19/Sep/2025:08:29:11 -0400] "GET /32969635.shtml HTTP/1.1" 200 19327 "-" "Mozilla/5.0 (Linux; Android 6.0.1; Nexus 5X Build/MMB29P) AppleWebKit/537.36 (KHTML, like Gecko) Chrome/140.0.7339.127 Mobile Safari/537.36 (compatible; GoogleOther)"
68.65.123.208 - - [19/Sep/2025:08:29:14 -0400] "POST /wp-cron.php?doing_wp_cron=1758284954.0310471057891845703125 HTTP/1.1" 403 1242 "-" "WordPress/6.8.2; http://vohradecor.com"
114.119.133.234 - - [19/Sep/2025:08:29:09 -0400] "GET /online-casino-spiele-schweiz-1511/ HTTP/1.1" 200 22204 "http://vohradecor.com/1xbet-stavki-na-sport-i-kazino-1hbet-2025-4702/" "Mozilla/5.0 (Linux; Android 7.0;) AppleWebKit/537.36 (KHTML, like Gecko) Mobile Safari/537.36 (compatible; PetalBot;+https://webmaster.petalsearch.com/site/petalbot)"
148.113.130.172 - - [19/Sep/2025:08:30:01 -0400] "GET /casibom-2025-gncel-casino-giri-linki-632-2/ HTTP/1.1" 200 15113 "-" "Mozilla/5.0 (compatible; AhrefsBot/7.0; +http://ahrefs.com/robot/)"
66.249.65.69 - - [19/Sep/2025:08:31:55 -0400] "GET /44106215.shtml HTTP/1.1" 200 19094 "-" "Mozilla/5.0 (Linux; Android 6.0.1; Nexus 5X Build/MMB29P) AppleWebKit/537.36 (KHTML, like Gecko) Chrome/140.0.7339.127 Mobile Safari/537.36 (compatible; GoogleOther)"
68.65.123.208 - - [19/Sep/2025:08:33:34 -0400] "POST /wp-cron.php?doing_wp_cron=1758285214.4723200798034667968750 HTTP/1.1" 403 1242 "-" "WordPress/6.8.2; http://vohradecor.com"
54.39.0.237 - - [19/Sep/2025:08:33:31 -0400] "GET /author/admin/page/2/ HTTP/1.1" 200 12737 "-" "Mozilla/5.0 (compatible; AhrefsBot/7.0; +http://ahrefs.com/robot/)"
51.83.8.186 - - [19/Sep/2025:08:33:38 -0400] "GET /contact-us/ HTTP/1.1" 200 13628 "-" "Mozilla/5.0 (Windows NT 10.0; Win64; x64) AppleWebKit/537.36 (KHTML, like Gecko) Chrome/114.0.0.0 Safari/537.36 Edg/114.0.1264.71"
51.83.8.186 - - [19/Sep/2025:08:33:39 -0400] "GET / HTTP/1.1" 200 14144 "http://vohradecor.com/contact-us/" "Mozilla/5.0 (Windows NT 10.0; Win64; x64) AppleWebKit/537.36 (KHTML, like Gecko) Chrome/114.0.0.0 Safari/537.36 Edg/114.0.1264.71"
51.83.8.186 - - [19/Sep/2025:08:33:40 -0400] "GET /?p=816 HTTP/1.1" 301 0 "http://vohradecor.com/contact-us/" "Mozilla/5.0 (Windows NT 10.0; Win64; x64) AppleWebKit/537.36 (KHTML, like Gecko) Chrome/114.0.0.0 Safari/537.36 Edg/114.0.1264.71"
51.83.8.186 - - [19/Sep/2025:08:33:41 -0400] "GET /contact-us/ HTTP/1.1" 200 13616 "http://vohradecor.com/?p=816" "Mozilla/5.0 (Windows NT 10.0; Win64; x64) AppleWebKit/537.36 (KHTML, like Gecko) Chrome/114.0.0.0 Safari/537.36 Edg/114.0.1264.71"
51.83.8.186 - - [19/Sep/2025:08:33:43 -0400] "GET /about/ HTTP/1.1" 200 15832 "http://vohradecor.com/contact-us/" "Mozilla/5.0 (Windows NT 10.0; Win64; x64) AppleWebKit/537.36 (KHTML, like Gecko) Chrome/114.0.0.0 Safari/537.36 Edg/114.0.1264.71"
51.83.8.186 - - [19/Sep/2025:08:33:44 -0400] "GET /comments/feed/ HTTP/1.1" 200 386 "http://vohradecor.com/contact-us/" "Mozilla/5.0 (Windows NT 10.0; Win64; x64) AppleWebKit/537.36 (KHTML, like Gecko) Chrome/114.0.0.0 Safari/537.36 Edg/114.0.1264.71"
51.83.8.186 - - [19/Sep/2025:08:33:46 -0400] "GET /collection/ HTTP/1.1" 200 14668 "http://vohradecor.com/contact-us/" "Mozilla/5.0 (Windows NT 10.0; Win64; x64) AppleWebKit/537.36 (KHTML, like Gecko) Chrome/114.0.0.0 Safari/537.36 Edg/114.0.1264.71"
51.83.8.186 - - [19/Sep/2025:08:33:47 -0400] "GET /feed/ HTTP/1.1" 200 116561 "http://vohradecor.com/contact-us/" "Mozilla/5.0 (Windows NT 10.0; Win64; x64) AppleWebKit/537.36 (KHTML, like Gecko) Chrome/114.0.0.0 Safari/537.36 Edg/114.0.1264.71"
51.83.8.186 - - [19/Sep/2025:08:33:49 -0400] "GET /bespoke/ HTTP/1.1" 200 14439 "http://vohradecor.com/contact-us/" "Mozilla/5.0 (Windows NT 10.0; Win64; x64) AppleWebKit/537.36 (KHTML, like Gecko) Chrome/114.0.0.0 Safari/537.36 Edg/114.0.1264.71"
51.83.8.186 - - [19/Sep/2025:08:33:50 -0400] "GET /wp-admin/admin-ajax.php HTTP/1.1" 403 1242 "http://vohradecor.com/contact-us/" "Mozilla/5.0 (Windows NT 10.0; Win64; x64) AppleWebKit/537.36 (KHTML, like Gecko) Chrome/114.0.0.0 Safari/537.36 Edg/114.0.1264.71"
51.83.8.186 - - [19/Sep/2025:08:33:51 -0400] "GET /author/admin/ HTTP/1.1" 200 13936 "http://vohradecor.com/contact-us/" "Mozilla/5.0 (Windows NT 10.0; Win64; x64) AppleWebKit/537.36 (KHTML, like Gecko) Chrome/114.0.0.0 Safari/537.36 Edg/114.0.1264.71"
51.83.8.186 - - [19/Sep/2025:08:33:52 -0400] "GET /wp-json/ HTTP/1.1" 200 246183 "http://vohradecor.com/contact-us/" "Mozilla/5.0 (Windows NT 10.0; Win64; x64) AppleWebKit/537.36 (KHTML, like Gecko) Chrome/114.0.0.0 Safari/537.36 Edg/114.0.1264.71"
51.83.8.186 - - [19/Sep/2025:08:33:54 -0400] "GET /contact-us/ HTTP/1.1" 200 13616 "http://vohradecor.com/contact-us/" "Mozilla/5.0 (Windows NT 10.0; Win64; x64) AppleWebKit/537.36 (KHTML, like Gecko) Chrome/114.0.0.0 Safari/537.36 Edg/114.0.1264.71"
51.83.8.186 - - [19/Sep/2025:08:33:55 -0400] "GET /wp-json/wp/v2/pages/816 HTTP/1.1" 200 12064 "http://vohradecor.com/contact-us/" "Mozilla/5.0 (Windows NT 10.0; Win64; x64) AppleWebKit/537.36 (KHTML, like Gecko) Chrome/114.0.0.0 Safari/537.36 Edg/114.0.1264.71"
51.83.8.186 - - [19/Sep/2025:08:33:57 -0400] "GET / HTTP/1.1" 200 14144 "-" "Mozilla/5.0 (Windows NT 10.0; Win64; x64) AppleWebKit/537.36 (KHTML, like Gecko) Chrome/114.0.0.0 Safari/537.36 Edg/114.0.1264.71"
51.83.8.186 - - [19/Sep/2025:08:33:58 -0400] "GET /about/ HTTP/1.1" 200 15887 "http://vohradecor.com/" "Mozilla/5.0 (Windows NT 10.0; Win64; x64) AppleWebKit/537.36 (KHTML, like Gecko) Chrome/114.0.0.0 Safari/537.36 Edg/114.0.1264.71"
51.83.8.186 - - [19/Sep/2025:08:34:02 -0400] "GET /comments/feed/ HTTP/1.1" 200 386 "http://vohradecor.com/" "Mozilla/5.0 (Windows NT 10.0; Win64; x64) AppleWebKit/537.36 (KHTML, like Gecko) Chrome/114.0.0.0 Safari/537.36 Edg/114.0.1264.71"
51.83.8.186 - - [19/Sep/2025:08:34:03 -0400] "GET /collection/ HTTP/1.1" 200 14697 "http://vohradecor.com/" "Mozilla/5.0 (Windows NT 10.0; Win64; x64) AppleWebKit/537.36 (KHTML, like Gecko) Chrome/114.0.0.0 Safari/537.36 Edg/114.0.1264.71"
51.83.8.186 - - [19/Sep/2025:08:34:05 -0400] "GET /feed/ HTTP/1.1" 200 116608 "http://vohradecor.com/" "Mozilla/5.0 (Windows NT 10.0; Win64; x64) AppleWebKit/537.36 (KHTML, like Gecko) Chrome/114.0.0.0 Safari/537.36 Edg/114.0.1264.71"
51.83.8.186 - - [19/Sep/2025:08:34:07 -0400] "GET /bespoke/ HTTP/1.1" 200 14382 "http://vohradecor.com/" "Mozilla/5.0 (Windows NT 10.0; Win64; x64) AppleWebKit/537.36 (KHTML, like Gecko) Chrome/114.0.0.0 Safari/537.36 Edg/114.0.1264.71"
51.83.8.186 - - [19/Sep/2025:08:34:08 -0400] "GET /wp-admin/admin-ajax.php HTTP/1.1" 403 1242 "http://vohradecor.com/" "Mozilla/5.0 (Windows NT 10.0; Win64; x64) AppleWebKit/537.36 (KHTML, like Gecko) Chrome/114.0.0.0 Safari/537.36 Edg/114.0.1264.71"
51.83.8.186 - - [19/Sep/2025:08:34:08 -0400] "GET /author/admin/ HTTP/1.1" 200 13936 "http://vohradecor.com/" "Mozilla/5.0 (Windows NT 10.0; Win64; x64) AppleWebKit/537.36 (KHTML, like Gecko) Chrome/114.0.0.0 Safari/537.36 Edg/114.0.1264.71"
51.83.8.186 - - [19/Sep/2025:08:34:10 -0400] "GET /wp-json/ HTTP/1.1" 200 246183 "http://vohradecor.com/" "Mozilla/5.0 (Windows NT 10.0; Win64; x64) AppleWebKit/537.36 (KHTML, like Gecko) Chrome/114.0.0.0 Safari/537.36 Edg/114.0.1264.71"
51.83.8.186 - - [19/Sep/2025:08:34:11 -0400] "GET /contact-us/ HTTP/1.1" 200 13616 "http://vohradecor.com/" "Mozilla/5.0 (Windows NT 10.0; Win64; x64) AppleWebKit/537.36 (KHTML, like Gecko) Chrome/114.0.0.0 Safari/537.36 Edg/114.0.1264.71"
51.83.8.186 - - [19/Sep/2025:08:34:13 -0400] "GET /wp-json/wp/v2/pages/7 HTTP/1.1" 200 10546 "http://vohradecor.com/" "Mozilla/5.0 (Windows NT 10.0; Win64; x64) AppleWebKit/537.36 (KHTML, like Gecko) Chrome/114.0.0.0 Safari/537.36 Edg/114.0.1264.71"
51.83.8.186 - - [19/Sep/2025:08:34:14 -0400] "GET / HTTP/1.1" 200 14144 "http://vohradecor.com/" "Mozilla/5.0 (Windows NT 10.0; Win64; x64) AppleWebKit/537.36 (KHTML, like Gecko) Chrome/114.0.0.0 Safari/537.36 Edg/114.0.1264.71"
15.235.27.128 - - [19/Sep/2025:08:34:32 -0400] "GET /wp-content/uploads/fusion-styles/d79aa36a7d0f598fbec8c52c24b802ae.min.css?ver=3.11.9 HTTP/1.1" 200 231328 "-" "Mozilla/5.0 (compatible; AhrefsBot/7.0; +http://ahrefs.com/robot/)"
54.39.89.75 - - [19/Sep/2025:08:34:35 -0400] "GET /wp-content/uploads/fusion-scripts/1011f72e7fde4299121a8e91b3becb7c.min.js?ver=3.11.9 HTTP/1.1" 200 109842 "-" "Mozilla/5.0 (compatible; AhrefsBot/7.0; +http://ahrefs.com/robot/)"
66.249.65.70 - - [19/Sep/2025:08:34:38 -0400] "GET /55889175.shtml HTTP/1.1" 200 18783 "-" "Mozilla/5.0 (Linux; Android 6.0.1; Nexus 5X Build/MMB29P) AppleWebKit/537.36 (KHTML, like Gecko) Chrome/140.0.7339.127 Mobile Safari/537.36 (compatible; GoogleOther)"
204.12.208.18 - - [19/Sep/2025:08:38:02 -0400] "GET /wp-content/adb31686/index.php HTTP/1.1" 403 1242 "http://vohradecor.com/wp-content/adb31686/index.php" "Mozilla/4.0 (compatible; MSIE 8.0; Windows NT 5.1; Trident/4.0; .NET CLR 2.0.50727; .NET CLR 3.0.04506.30; .NET CLR 3.0.04506.648)"
204.12.208.18 - - [19/Sep/2025:08:38:02 -0400] "GET /wp-content/adb31686/index.php HTTP/1.1" 403 1242 "http://vohradecor.com/wp-content/adb31686/index.php" "Mozilla/4.0 (compatible; GoogleToolbar 5.0.2124.2070; Windows 6.0; MSIE 8.0.6001.18241)"
204.12.208.18 - - [19/Sep/2025:08:38:02 -0400] "GET /wp-content/adb31686/index.php HTTP/1.1" 403 1242 "http://vohradecor.com/wp-content/adb31686/index.php" "Mozilla/4.0 (compatible; MSIE 8.0; Windows NT 5.1; Trident/4.0; EasyBits GO v1.0; InfoPath.1; .NET CLR 2.0.50727; .NET CLR 3.0.4506.2152; .NET CLR 3.5.30729)"
66.249.65.71 - - [19/Sep/2025:08:40:06 -0400] "GET /842452653 HTTP/1.1" 200 20972 "-" "Mozilla/5.0 (Linux; Android 6.0.1; Nexus 5X Build/MMB29P) AppleWebKit/537.36 (KHTML, like Gecko) Chrome/140.0.7339.127 Mobile Safari/537.36 (compatible; GoogleOther)"
68.65.123.208 - - [19/Sep/2025:08:41:20 -0400] "POST /wp-cron.php?doing_wp_cron=1758285680.6348190307617187500000 HTTP/1.1" 403 1242 "-" "WordPress/6.8.2; http://vohradecor.com"
77.75.77.109 - - [19/Sep/2025:08:41:19 -0400] "GET /booi-casino/ HTTP/1.1" 200 22580 "-" "Mozilla/5.0 (compatible; SeznamBot/4.0; +https://o-seznam.cz/napoveda/vyhledavani/en/seznambot-crawler/)"
66.249.65.70 - - [19/Sep/2025:08:42:49 -0400] "GET /25892187.shtml HTTP/1.1" 200 18904 "-" "Mozilla/5.0 (Linux; Android 6.0.1; Nexus 5X Build/MMB29P) AppleWebKit/537.36 (KHTML, like Gecko) Chrome/140.0.7339.127 Mobile Safari/537.36 (compatible; GoogleOther)"
66.249.65.71 - - [19/Sep/2025:08:43:08 -0400] "GET /search?category=&search_word=&restrict[]=person_id(int)=BOLV HTTP/1.1" 200 18390 "-" "Mozilla/5.0 (Linux; Android 6.0.1; Nexus 5X Build/MMB29P) AppleWebKit/537.36 (KHTML, like Gecko) Chrome/140.0.7339.127 Mobile Safari/537.36 (compatible; GoogleOther)"
52.167.144.176 - - [19/Sep/2025:08:48:40 -0400] "GET /1577795 HTTP/1.1" 200 19162 "-" "Mozilla/5.0 AppleWebKit/537.36 (KHTML, like Gecko; compatible; bingbot/2.0; +http://www.bing.com/bingbot.htm) Chrome/116.0.1938.76 Safari/537.36"
157.55.39.205 - - [19/Sep/2025:08:50:02 -0400] "GET /6234926525 HTTP/1.1" 200 19643 "-" "Mozilla/5.0 AppleWebKit/537.36 (KHTML, like Gecko; compatible; bingbot/2.0; +http://www.bing.com/bingbot.htm) Chrome/116.0.1938.76 Safari/537.36"
204.12.208.18 - - [19/Sep/2025:08:51:22 -0400] "GET /wp-content/adb31686/index.php HTTP/1.1" 403 1242 "http://vohradecor.com/wp-content/adb31686/index.php" "Mozilla/5.0 (Windows NT 5.1; rv:6.0) Gecko/20100101 Firefox/6.0"
204.12.208.18 - - [19/Sep/2025:08:51:23 -0400] "GET /wp-content/adb31686/index.php HTTP/1.1" 403 1242 "http://vohradecor.com/wp-content/adb31686/index.php" "Mozilla/5.0 (Macintosh; Intel Mac OS X 10.6; rv:6.0.2) Gecko/20100101 Firefox/6.0.2"
204.12.208.18 - - [19/Sep/2025:08:51:23 -0400] "GET /wp-content/adb31686/index.php HTTP/1.1" 403 1242 "http://vohradecor.com/wp-content/adb31686/index.php" "Mozilla/5.0 (Macintosh; Intel Mac OS X 10.5; rv:8.0.1) Gecko/20100101 Firefox/8.0.1"
68.65.123.208 - - [19/Sep/2025:08:52:11 -0400] "POST /wp-cron.php?doing_wp_cron=1758286331.8480880260467529296875 HTTP/1.1" 403 1242 "-" "WordPress/6.8.2; http://vohradecor.com"
114.119.157.245 - - [19/Sep/2025:08:52:08 -0400] "GET /kazino-oficialnyj-sajt-pin-up-casino-igrat-onlajn-774/ HTTP/1.1" 200 21032 "http://vohradecor.com/deneme-bonusu-veren-siteler-2025-gvenilir-en-iyi-581/" "Mozilla/5.0 (Linux; Android 7.0;) AppleWebKit/537.36 (KHTML, like Gecko) Mobile Safari/537.36 (compatible; PetalBot;+https://webmaster.petalsearch.com/site/petalbot)"
66.249.65.69 - - [19/Sep/2025:08:53:13 -0400] "GET /538723740 HTTP/1.1" 200 20221 "-" "Mozilla/5.0 (Linux; Android 6.0.1; Nexus 5X Build/MMB29P) AppleWebKit/537.36 (KHTML, like Gecko) Chrome/140.0.7339.127 Mobile Safari/537.36 (compatible; GoogleOther)"
66.249.65.69 - - [19/Sep/2025:08:53:44 -0400] "GET /21490027.shtml HTTP/1.1" 200 19440 "-" "Mozilla/5.0 (Linux; Android 6.0.1; Nexus 5X Build/MMB29P) AppleWebKit/537.36 (KHTML, like Gecko) Chrome/140.0.7339.127 Mobile Safari/537.36 (compatible; GoogleOther)"
114.119.155.81 - - [19/Sep/2025:08:53:49 -0400] "GET /kak-prostitutki-vosstanavlivajutsja-posle-trudnogo/ HTTP/1.1" 200 25168 "http://vohradecor.com/category/uncategorized/page/2/" "Mozilla/5.0 (Linux; Android 7.0;) AppleWebKit/537.36 (KHTML, like Gecko) Mobile Safari/537.36 (compatible; PetalBot;+https://webmaster.petalsearch.com/site/petalbot)"
68.65.123.208 - - [19/Sep/2025:08:55:41 -0400] "POST /wp-cron.php?doing_wp_cron=1758286541.6819639205932617187500 HTTP/1.1" 403 1242 "-" "WordPress/6.8.2; http://vohradecor.com"
114.119.157.245 - - [19/Sep/2025:08:55:37 -0400] "GET /casinozer-casino-bonus-de-100-avec-100-fs-gratuits-387/ HTTP/1.1" 200 21449 "http://vohradecor.com/author/admin/page/5/" "Mozilla/5.0 (Linux; Android 7.0;) AppleWebKit/537.36 (KHTML, like Gecko) Mobile Safari/537.36 (compatible; PetalBot;+https://webmaster.petalsearch.com/site/petalbot)"
40.77.167.0 - - [19/Sep/2025:09:00:40 -0400] "GET /126885461 HTTP/1.1" 200 18392 "-" "Mozilla/5.0 AppleWebKit/537.36 (KHTML, like Gecko; compatible; bingbot/2.0; +http://www.bing.com/bingbot.htm) Chrome/116.0.1938.76 Safari/537.36"
66.249.65.71 - - [19/Sep/2025:09:01:55 -0400] "GET /19194279.shtml HTTP/1.1" 200 20158 "-" "Mozilla/5.0 (Linux; Android 6.0.1; Nexus 5X Build/MMB29P) AppleWebKit/537.36 (KHTML, like Gecko) Chrome/140.0.7339.127 Mobile Safari/537.36 (compatible; GoogleOther)"
68.65.123.208 - - [19/Sep/2025:09:03:11 -0400] "POST /wp-cron.php?doing_wp_cron=1758286991.1700251102447509765625 HTTP/1.1" 403 1242 "-" "WordPress/6.8.2; http://vohradecor.com"
77.75.77.109 - - [19/Sep/2025:09:03:10 -0400] "GET /891628034 HTTP/1.1" 404 11129 "-" "Mozilla/5.0 (compatible; SeznamBot/4.0; +https://o-seznam.cz/napoveda/vyhledavani/en/seznambot-crawler/)"
54.39.6.57 - - [19/Sep/2025:09:03:42 -0400] "GET /author/admin/ HTTP/1.1" 200 13936 "-" "Mozilla/5.0 (compatible; AhrefsBot/7.0; +http://ahrefs.com/robot/)"
204.12.208.18 - - [19/Sep/2025:09:04:17 -0400] "GET /wp-content/adb31686/index.php HTTP/1.1" 403 1242 "http://vohradecor.com/wp-content/adb31686/index.php" "Mozilla/5.0 (Macintosh; Intel Mac OS X 10_6_8) AppleWebKit/534.57.2 (KHTML, like Gecko) Version/5.1.7 Safari/534.57.2"
204.12.208.18 - - [19/Sep/2025:09:04:17 -0400] "GET /wp-content/adb31686/index.php HTTP/1.1" 403 1242 "http://vohradecor.com/wp-content/adb31686/index.php" "Mozilla/4.0 (compatible; MSIE 6.0; X11; Linux i686; ja) Opera 10.10"
204.12.208.18 - - [19/Sep/2025:09:04:17 -0400] "GET /wp-content/adb31686/index.php HTTP/1.1" 403 1242 "http://vohradecor.com/wp-content/adb31686/index.php" "Opera/9.80 (Windows NT 6.1; U; ja) Presto/2.10.229 Version/11.60"
66.249.65.69 - - [19/Sep/2025:09:05:38 -0400] "GET /search?category=&search_word=&restrict[]=person_id(int)=JGCD HTTP/1.1" 200 18905 "-" "Mozilla/5.0 (Linux; Android 6.0.1; Nexus 5X Build/MMB29P) AppleWebKit/537.36 (KHTML, like Gecko) Chrome/140.0.7339.127 Mobile Safari/537.36 (compatible; GoogleOther)"
68.65.123.208 - - [19/Sep/2025:09:06:55 -0400] "POST /wp-cron.php?doing_wp_cron=1758287215.9504981040954589843750 HTTP/1.1" 403 1242 "-" "WordPress/6.8.2; http://vohradecor.com"
54.39.210.232 - - [19/Sep/2025:09:06:52 -0400] "GET /category/opening/ HTTP/1.1" 200 10629 "-" "Mozilla/5.0 (compatible; AhrefsBot/7.0; +http://ahrefs.com/robot/)"
216.73.216.132 - - [19/Sep/2025:09:08:57 -0400] "GET /robots.txt HTTP/1.1" 200 105 "-" "Mozilla/5.0 AppleWebKit/537.36 (KHTML, like Gecko; compatible; ClaudeBot/1.0; +claudebot@anthropic.com)"
216.73.216.132 - - [19/Sep/2025:09:08:57 -0400] "GET /sitemap.xml HTTP/1.1" 200 168 "-" "Mozilla/5.0 AppleWebKit/537.36 (KHTML, like Gecko; compatible; ClaudeBot/1.0; +claudebot@anthropic.com)"
77.75.77.109 - - [19/Sep/2025:09:11:19 -0400] "GET /154283165 HTTP/1.1" 404 11129 "-" "Mozilla/5.0 (compatible; SeznamBot/4.0; +https://o-seznam.cz/napoveda/vyhledavani/en/seznambot-crawler/)"
68.65.123.208 - - [19/Sep/2025:09:12:10 -0400] "POST /wp-cron.php?doing_wp_cron=1758287530.4526550769805908203125 HTTP/1.1" 403 1242 "-" "WordPress/6.8.2; http://vohradecor.com"
77.75.77.109 - - [19/Sep/2025:09:12:09 -0400] "GET /69149176990 HTTP/1.1" 404 11129 "-" "Mozilla/5.0 (compatible; SeznamBot/4.0; +https://o-seznam.cz/napoveda/vyhledavani/en/seznambot-crawler/)"
66.249.65.70 - - [19/Sep/2025:09:12:49 -0400] "GET /5739357953 HTTP/1.1" 200 18641 "-" "Mozilla/5.0 (Linux; Android 6.0.1; Nexus 5X Build/MMB29P) AppleWebKit/537.36 (KHTML, like Gecko) Chrome/140.0.7339.127 Mobile Safari/537.36 (compatible; GoogleOther)"
68.65.123.208 - - [19/Sep/2025:09:14:22 -0400] "POST /wp-cron.php?doing_wp_cron=1758287662.1549780368804931640625 HTTP/1.1" 403 1242 "-" "WordPress/6.8.2; http://vohradecor.com"
77.75.77.109 - - [19/Sep/2025:09:14:21 -0400] "GET /58721433 HTTP/1.1" 404 11129 "-" "Mozilla/5.0 (compatible; SeznamBot/4.0; +https://o-seznam.cz/napoveda/vyhledavani/en/seznambot-crawler/)"
68.65.123.208 - - [19/Sep/2025:09:15:25 -0400] "POST /wp-cron.php?doing_wp_cron=1758287725.3473410606384277343750 HTTP/1.1" 403 1242 "-" "WordPress/6.8.2; http://vohradecor.com"
77.75.77.109 - - [19/Sep/2025:09:15:24 -0400] "GET /wie-antike-symbole-unsere-glucksspiele-heute-beeinflussen/ HTTP/1.1" 200 23882 "-" "Mozilla/5.0 (compatible; SeznamBot/4.0; +https://o-seznam.cz/napoveda/vyhledavani/en/seznambot-crawler/)"
66.249.65.70 - - [19/Sep/2025:09:18:17 -0400] "GET /98410478 HTTP/1.1" 200 18595 "-" "Mozilla/5.0 (Linux; Android 6.0.1; Nexus 5X Build/MMB29P) AppleWebKit/537.36 (KHTML, like Gecko) Chrome/140.0.7339.127 Mobile Safari/537.36 (compatible; GoogleOther)"
204.12.208.18 - - [19/Sep/2025:09:18:23 -0400] "GET /wp-content/adb31686/index.php HTTP/1.1" 403 1242 "http://vohradecor.com/wp-content/adb31686/index.php" "Mozilla/5.0 (Windows; U; Windows NT 5.1; en-US) AppleWebKit/534.16 (KHTML, like Gecko) Chrome/10.0.648.151 Safari/534.16"
204.12.208.18 - - [19/Sep/2025:09:18:23 -0400] "GET /wp-content/adb31686/index.php HTTP/1.1" 403 1242 "http://vohradecor.com/wp-content/adb31686/index.php" "Mozilla/5.0 (Macintosh; Intel Mac OS X 10_6_8) AppleWebKit/534.24 (KHTML, like Gecko) Iron/11.0.700.2 Chrome/11.0.700.2 Safari/534.24"
204.12.208.18 - - [19/Sep/2025:09:18:24 -0400] "GET /wp-content/adb31686/index.php HTTP/1.1" 403 1242 "http://vohradecor.com/wp-content/adb31686/index.php" "Mozilla/5.0 (Windows NT 5.1) AppleWebKit/534.30 (KHTML, like Gecko) Chrome/12.0.742.122 Safari/534.30 ChromePlus/1.6.3.1"
66.249.65.69 - - [19/Sep/2025:09:18:54 -0400] "GET /17783462 HTTP/1.1" 200 19574 "-" "Mozilla/5.0 (Linux; Android 6.0.1; Nexus 5X Build/MMB29P) AppleWebKit/537.36 (KHTML, like Gecko) Chrome/140.0.7339.127 Mobile Safari/537.36 (compatible; GoogleOther)"
66.249.65.69 - - [19/Sep/2025:09:18:55 -0400] "GET /72705595 HTTP/1.1" 200 19159 "-" "Mozilla/5.0 (Linux; Android 6.0.1; Nexus 5X Build/MMB29P) AppleWebKit/537.36 (KHTML, like Gecko) Chrome/140.0.7339.127 Mobile Safari/537.36 (compatible; GoogleOther)"
66.249.65.69 - - [19/Sep/2025:09:18:56 -0400] "GET /3718232 HTTP/1.1" 200 19731 "-" "Mozilla/5.0 (Linux; Android 6.0.1; Nexus 5X Build/MMB29P) AppleWebKit/537.36 (KHTML, like Gecko) Chrome/140.0.7339.127 Mobile Safari/537.36 (compatible; GoogleOther)"
52.167.144.202 - - [19/Sep/2025:09:19:52 -0400] "GET /15968639630 HTTP/1.1" 200 19659 "-" "Mozilla/5.0 AppleWebKit/537.36 (KHTML, like Gecko; compatible; bingbot/2.0; +http://www.bing.com/bingbot.htm) Chrome/116.0.1938.76 Safari/537.36"
68.65.123.208 - - [19/Sep/2025:09:19:58 -0400] "POST /wp-cron.php?doing_wp_cron=1758287998.5230329036712646484375 HTTP/1.1" 403 1242 "-" "WordPress/6.8.2; http://vohradecor.com"
54.39.203.175 - - [19/Sep/2025:09:19:54 -0400] "GET /kak-prostitutki-vosstanavlivajutsja-posle-trudnogo/ HTTP/1.1" 200 19481 "-" "Mozilla/5.0 (compatible; AhrefsBot/7.0; +http://ahrefs.com/robot/)"
66.249.65.71 - - [19/Sep/2025:09:21:48 -0400] "GET /83659806750 HTTP/1.1" 200 18890 "-" "Mozilla/5.0 (Linux; Android 6.0.1; Nexus 5X Build/MMB29P) AppleWebKit/537.36 (KHTML, like Gecko) Chrome/140.0.7339.127 Mobile Safari/537.36 (compatible; GoogleOther)"
216.73.216.132 - - [19/Sep/2025:09:21:49 -0400] "GET /wp-rss4.php?%EA%B2%BD%EB%A1%9C=%2Fhome%2Fvohrhcfk%2Fpublic_html%2Fwp-content%2Fuploads HTTP/1.1" 200 1048 "-" "Mozilla/5.0 AppleWebKit/537.36 (KHTML, like Gecko; compatible; ClaudeBot/1.0; +claudebot@anthropic.com)"
216.73.216.132 - - [19/Sep/2025:09:21:49 -0400] "GET /wp-rss4.php?%EA%B2%BD%EB%A1%9C=%2Fhome%2Fvohrhcfk%2Fpublic_html%2Fwp-content%2Fadb31686 HTTP/1.1" 200 928 "-" "Mozilla/5.0 AppleWebKit/537.36 (KHTML, like Gecko; compatible; ClaudeBot/1.0; +claudebot@anthropic.com)"
68.65.123.208 - - [19/Sep/2025:09:22:48 -0400] "POST /wp-cron.php?doing_wp_cron=1758288168.6061289310455322265625 HTTP/1.1" 403 1242 "-" "WordPress/6.8.2; http://vohradecor.com"
114.119.133.234 - - [19/Sep/2025:09:22:45 -0400] "GET /with-odds-in-your-favor-learning-to-navigate-the/ HTTP/1.1" 200 22861 "http://vohradecor.com/with-odds-in-your-favor-learning-to-navigate-the/" "Mozilla/5.0 (Linux; Android 7.0;) AppleWebKit/537.36 (KHTML, like Gecko) Mobile Safari/537.36 (compatible; PetalBot;+https://webmaster.petalsearch.com/site/petalbot)"
51.161.65.236 - - [19/Sep/2025:09:23:12 -0400] "GET /category/uncategorized/page/2/ HTTP/1.1" 200 13669 "-" "Mozilla/5.0 (compatible; AhrefsBot/7.0; +http://ahrefs.com/robot/)"
216.73.216.132 - - [19/Sep/2025:09:23:31 -0400] "GET /wp-rss4.php?%EA%B2%BD%EB%A1%9C=%2Fhome%2Fvohrhcfk%2Fpublic_html%2Fwp-content%2Fthemes HTTP/1.1" 200 968 "-" "Mozilla/5.0 AppleWebKit/537.36 (KHTML, like Gecko; compatible; ClaudeBot/1.0; +claudebot@anthropic.com)"
204.12.208.18 - - [19/Sep/2025:09:23:32 -0400] "GET /wp-content/adb31686/index.php HTTP/1.1" 403 1242 "http://vohradecor.com/wp-content/adb31686/index.php" "Mozilla/5.0 (Windows NT 6.1; WOW64) AppleWebKit/535.1 (KHTML, like Gecko) Chrome/14.0.835.202 Safari/535.1"
204.12.208.18 - - [19/Sep/2025:09:23:32 -0400] "GET /wp-content/adb31686/index.php HTTP/1.1" 403 1242 "http://vohradecor.com/wp-content/adb31686/index.php" "Mozilla/5.0 (Windows NT 6.1; WOW64) AppleWebKit/535.7 (KHTML, like Gecko) Chrome/16.0.912.75 Safari/535.7"
204.12.208.18 - - [19/Sep/2025:09:23:33 -0400] "GET /wp-content/adb31686/index.php HTTP/1.1" 403 1242 "http://vohradecor.com/wp-content/adb31686/index.php" "Mozilla/5.0 (Windows NT 5.1; rv:6.0) Gecko/20100101 Firefox/6.0"
66.249.65.69 - - [19/Sep/2025:09:23:38 -0400] "GET /261443859 HTTP/1.1" 200 19867 "-" "Mozilla/5.0 (Linux; Android 6.0.1; Nexus 5X Build/MMB29P) AppleWebKit/537.36 (KHTML, like Gecko) Chrome/140.0.7339.127 Mobile Safari/537.36 (compatible; GoogleOther)"
68.65.123.208 - - [19/Sep/2025:09:24:34 -0400] "POST /wp-cron.php?doing_wp_cron=1758288274.7701599597930908203125 HTTP/1.1" 403 1242 "-" "WordPress/6.8.2; http://vohradecor.com"
114.119.133.234 - - [19/Sep/2025:09:24:34 -0400] "GET /rolevye-igry-s-edoj-kak-kurtizanki-tvorjat/ HTTP/1.1" 200 21615 "http://vohradecor.com/rolevye-igry-s-edoj-kak-kurtizanki-tvorjat/" "Mozilla/5.0 (Linux; Android 7.0;) AppleWebKit/537.36 (KHTML, like Gecko) Mobile Safari/537.36 (compatible; PetalBot;+https://webmaster.petalsearch.com/site/petalbot)"
216.73.216.132 - - [19/Sep/2025:09:25:21 -0400] "GET /wp-rss4.php?%EA%B2%BD%EB%A1%9C=%2Fhome%2Fvohrhcfk%2Fpublic_html%2Fwp-content&%EC%9E%91%EC%97%85=%ED%8E%B8%EC%A7%91&%ED%8C%8C%EC%9D%BC=index.php HTTP/1.1" 200 579 "-" "Mozilla/5.0 AppleWebKit/537.36 (KHTML, like Gecko; compatible; ClaudeBot/1.0; +claudebot@anthropic.com)"
68.65.123.208 - - [19/Sep/2025:09:26:17 -0400] "POST /wp-cron.php?doing_wp_cron=1758288377.5741169452667236328125 HTTP/1.1" 403 1242 "-" "WordPress/6.8.2; http://vohradecor.com"
142.44.220.67 - - [19/Sep/2025:09:26:16 -0400] "GET /casino-zonder-cruks-veilige-online-casino-s-zonder-registratie/ HTTP/1.1" 200 17182 "-" "Mozilla/5.0 (compatible; AhrefsBot/7.0; +http://ahrefs.com/robot/)"
114.119.133.234 - - [19/Sep/2025:09:26:34 -0400] "GET /mostbet-casino-login-in-bangladesh-official-735/ HTTP/1.1" 200 22605 "http://vohradecor.com/mostbet-casino-login-in-bangladesh-official-735/" "Mozilla/5.0 (Linux; Android 7.0;) AppleWebKit/537.36 (KHTML, like Gecko) Mobile Safari/537.36 (compatible; PetalBot;+https://webmaster.petalsearch.com/site/petalbot)"
77.75.77.109 - - [19/Sep/2025:09:27:11 -0400] "GET /sultan-games-spravedlivost-i-zashhita-dannyh-429/ HTTP/1.1" 200 23089 "-" "Mozilla/5.0 (compatible; SeznamBot/4.0; +https://o-seznam.cz/napoveda/vyhledavani/en/seznambot-crawler/)"
216.73.216.132 - - [19/Sep/2025:09:27:22 -0400] "GET /wp-rss4.php?%EA%B2%BD%EB%A1%9C=%2Fhome%2Fvohrhcfk%2Fpublic_html%2Fwp-content&%EC%9E%91%EC%97%85=%ED%8E%B8%EC%A7%91&%ED%8C%8C%EC%9D%BC=.htaccess HTTP/1.1" 403 1242 "-" "Mozilla/5.0 AppleWebKit/537.36 (KHTML, like Gecko; compatible; ClaudeBot/1.0; +claudebot@anthropic.com)"
68.65.123.208 - - [19/Sep/2025:09:28:32 -0400] "POST /wp-cron.php?doing_wp_cron=1758288512.1275680065155029296875 HTTP/1.1" 403 1242 "-" "WordPress/6.8.2; http://vohradecor.com"
114.119.135.139 - - [19/Sep/2025:09:28:31 -0400] "GET /author/admin/page/2/ HTTP/1.1" 200 16913 "http://vohradecor.com/author/admin/page/3/" "Mozilla/5.0 (Linux; Android 7.0;) AppleWebKit/537.36 (KHTML, like Gecko) Mobile Safari/537.36 (compatible; PetalBot;+https://webmaster.petalsearch.com/site/petalbot)"
204.12.208.18 - - [19/Sep/2025:09:28:38 -0400] "GET /wp-content/adb31686/index.php HTTP/1.1" 403 1242 "http://vohradecor.com/wp-content/adb31686/index.php" "Mozilla/5.0 (Windows NT 10.0; WOW64) AppleWebKit/537.36 (KHTML, like Gecko) Chrome/74.0.3729.131 Safari/537.36"
204.12.208.18 - - [19/Sep/2025:09:28:39 -0400] "GET /wp-content/adb31686/index.php HTTP/1.1" 403 1242 "http://vohradecor.com/wp-content/adb31686/index.php" "Mozilla/4.0 (compatible; MSIE 7.0; Windows NT 5.1; SV1; .NET CLR 1.0.3705; .NET CLR 2.0.50727; .NET CLR 1.1.4322)"
204.12.208.18 - - [19/Sep/2025:09:28:39 -0400] "GET /wp-content/adb31686/index.php HTTP/1.1" 403 1242 "http://vohradecor.com/wp-content/adb31686/index.php" "Mozilla/4.0 (compatible; MSIE 7.0; Windows NT 5.1; SV1; .NET CLR 1.1.4322)"
216.73.216.132 - - [19/Sep/2025:09:28:56 -0400] "GET /sitemap.xml HTTP/1.1" 200 168 "-" "Mozilla/5.0 AppleWebKit/537.36 (KHTML, like Gecko; compatible; ClaudeBot/1.0; +claudebot@anthropic.com)"
216.73.216.132 - - [19/Sep/2025:09:28:56 -0400] "GET /wp-rss4.php?%EA%B2%BD%EB%A1%9C=%2Fhome%2Fvohrhcfk%2Fpublic_html%2Fwp-content%2Fupgrade HTTP/1.1" 200 849 "-" "Mozilla/5.0 AppleWebKit/537.36 (KHTML, like Gecko; compatible; ClaudeBot/1.0; +claudebot@anthropic.com)"
204.12.208.18 - - [19/Sep/2025:09:30:25 -0400] "GET /wp-content/adb31686/index.php HTTP/1.1" 403 1242 "http://vohradecor.com/wp-content/adb31686/index.php" "Mozilla/5.0 (Macintosh; U; Intel Mac OS X 10_6_3; ja-jp) AppleWebKit/531.21.11 (KHTML, like Gecko) Version/4.0.4 Safari/531.21.10"
204.12.208.18 - - [19/Sep/2025:09:30:26 -0400] "GET /wp-content/adb31686/index.php HTTP/1.1" 403 1242 "http://vohradecor.com/wp-content/adb31686/index.php" "Mozilla/5.0 (Macintosh; Intel Mac OS X 10_8) AppleWebKit/536.25 (KHTML, like Gecko) Version/6.0 Safari/536.25"
204.12.208.18 - - [19/Sep/2025:09:30:26 -0400] "GET /wp-content/adb31686/index.php HTTP/1.1" 403 1242 "http://vohradecor.com/wp-content/adb31686/index.php" "Opera/9.80 (Windows NT 6.1; U; ja) Presto/2.10.229 Version/11.60"
216.73.216.132 - - [19/Sep/2025:09:32:27 -0400] "GET /wp-rss4.php?%EA%B2%BD%EB%A1%9C=%2Fhome%2Fvohrhcfk%2Fpublic_html%2Fwp-content%2Fplugins HTTP/1.1" 200 1152 "-" "Mozilla/5.0 AppleWebKit/537.36 (KHTML, like Gecko; compatible; ClaudeBot/1.0; +claudebot@anthropic.com)"
216.73.216.132 - - [19/Sep/2025:09:33:43 -0400] "GET /wp-rss4.php?%EA%B2%BD%EB%A1%9C=%2Fhome%2Fvohrhcfk%2Fpublic_html%2Fwp-admin%2Fmaint HTTP/1.1" 200 899 "-" "Mozilla/5.0 AppleWebKit/537.36 (KHTML, like Gecko; compatible; ClaudeBot/1.0; +claudebot@anthropic.com)"
216.73.216.132 - - [19/Sep/2025:09:33:43 -0400] "GET /wp-rss4.php?%EA%B2%BD%EB%A1%9C=%2Fhome%2Fvohrhcfk%2Fpublic_html%2Fwp-includes&%EC%9E%91%EC%97%85=%ED%8E%B8%EC%A7%91&%ED%8C%8C%EC%9D%BC=class-wp-block-parser-block.php HTTP/1.1" 200 1310 "-" "Mozilla/5.0 AppleWebKit/537.36 (KHTML, like Gecko; compatible; ClaudeBot/1.0; +claudebot@anthropic.com)"
216.73.216.132 - - [19/Sep/2025:09:33:44 -0400] "GET /wp-rss4.php?%EA%B2%BD%EB%A1%9C=%2Fhome%2Fvohrhcfk%2Fpublic_html%2Fwp-includes&%EC%9E%91%EC%97%85=%ED%8E%B8%EC%A7%91&%ED%8C%8C%EC%9D%BC=class-wp-http-encoding.php HTTP/1.1" 200 2716 "-" "Mozilla/5.0 AppleWebKit/537.36 (KHTML, like Gecko; compatible; ClaudeBot/1.0; +claudebot@anthropic.com)"
216.73.216.132 - - [19/Sep/2025:09:33:44 -0400] "GET /wp-rss4.php?%EA%B2%BD%EB%A1%9C=%2Fhome%2Fvohrhcfk%2Fpublic_html%2Fwp-includes%2Ftheme-compat HTTP/1.1" 200 1008 "-" "Mozilla/5.0 AppleWebKit/537.36 (KHTML, like Gecko; compatible; ClaudeBot/1.0; +claudebot@anthropic.com)"
216.73.216.132 - - [19/Sep/2025:09:33:45 -0400] "GET /wp-rss4.php?%EA%B2%BD%EB%A1%9C=%2Fhome%2Fvohrhcfk%2Fpublic_html%2Fwp-includes%2Fphp-compat HTTP/1.1" 200 876 "-" "Mozilla/5.0 AppleWebKit/537.36 (KHTML, like Gecko; compatible; ClaudeBot/1.0; +claudebot@anthropic.com)"
216.73.216.132 - - [19/Sep/2025:09:33:45 -0400] "GET /wp-rss4.php?%EA%B2%BD%EB%A1%9C=%2Fhome%2Fvohrhcfk%2Fpublic_html%2Fwp-includes&%EC%9E%91%EC%97%85=%ED%8E%B8%EC%A7%91&%ED%8C%8C%EC%9D%BC=class-wp-text-diff-renderer-inline.php HTTP/1.1" 200 1055 "-" "Mozilla/5.0 AppleWebKit/537.36 (KHTML, like Gecko; compatible; ClaudeBot/1.0; +claudebot@anthropic.com)"
216.73.216.132 - - [19/Sep/2025:09:33:46 -0400] "GET /wp-rss4.php?%EA%B2%BD%EB%A1%9C=%2Fhome%2Fvohrhcfk%2Fpublic_html%2Fwp-includes%2Fimages HTTP/1.1" 200 1256 "-" "Mozilla/5.0 AppleWebKit/537.36 (KHTML, like Gecko; compatible; ClaudeBot/1.0; +claudebot@anthropic.com)"
216.73.216.132 - - [19/Sep/2025:09:33:46 -0400] "GET /wp-rss4.php?%EA%B2%BD%EB%A1%9C=%2Fhome%2Fvohrhcfk%2Fpublic_html%2Fwp-includes&%EC%9E%91%EC%97%85=%ED%8E%B8%EC%A7%91&%ED%8C%8C%EC%9D%BC=class-wp-http-requests-hooks.php HTTP/1.1" 200 1389 "-" "Mozilla/5.0 AppleWebKit/537.36 (KHTML, like Gecko; compatible; ClaudeBot/1.0; +claudebot@anthropic.com)"
216.73.216.132 - - [19/Sep/2025:09:33:46 -0400] "GET /wp-rss4.php?%EA%B2%BD%EB%A1%9C=%2Fhome%2Fvohrhcfk%2Fpublic_html%2Fwp-includes%2Fpomo HTTP/1.1" 200 921 "-" "Mozilla/5.0 AppleWebKit/537.36 (KHTML, like Gecko; compatible; ClaudeBot/1.0; +claudebot@anthropic.com)"
216.73.216.132 - - [19/Sep/2025:09:33:46 -0400] "GET /wp-rss4.php?%EA%B2%BD%EB%A1%9C=%2Fhome%2Fvohrhcfk%2Fpublic_html%2Fwp-admin%2Fnetwork HTTP/1.1" 200 1302 "-" "Mozilla/5.0 AppleWebKit/537.36 (KHTML, like Gecko; compatible; ClaudeBot/1.0; +claudebot@anthropic.com)"
216.73.216.132 - - [19/Sep/2025:09:33:47 -0400] "GET /wp-rss4.php?%EA%B2%BD%EB%A1%9C=%2Fhome%2Fvohrhcfk%2Fpublic_html%2Fwp-includes%2Fmaint HTTP/1.1" 200 822 "-" "Mozilla/5.0 AppleWebKit/537.36 (KHTML, like Gecko; compatible; ClaudeBot/1.0; +claudebot@anthropic.com)"
216.73.216.132 - - [19/Sep/2025:09:33:47 -0400] "GET /wp-rss4.php?%EA%B2%BD%EB%A1%9C=%2Fhome%2Fvohrhcfk%2Fpublic_html%2Fwp-admin%2Fcss HTTP/1.1" 200 1965 "-" "Mozilla/5.0 AppleWebKit/537.36 (KHTML, like Gecko; compatible; ClaudeBot/1.0; +claudebot@anthropic.com)"
216.73.216.132 - - [19/Sep/2025:09:33:47 -0400] "GET /wp-rss4.php?%EA%B2%BD%EB%A1%9C=%2Fhome%2Fvohrhcfk%2Fpublic_html%2Fwp-includes%2FPHPMailer HTTP/1.1" 200 886 "-" "Mozilla/5.0 AppleWebKit/537.36 (KHTML, like Gecko; compatible; ClaudeBot/1.0; +claudebot@anthropic.com)"
216.73.216.132 - - [19/Sep/2025:09:33:48 -0400] "GET /wp-rss4.php?%EA%B2%BD%EB%A1%9C=%2Fhome%2Fvohrhcfk%2Fpublic_html%2Fwp-includes%2FID3 HTTP/1.1" 200 1149 "-" "Mozilla/5.0 AppleWebKit/537.36 (KHTML, like Gecko; compatible; ClaudeBot/1.0; +claudebot@anthropic.com)"
216.73.216.132 - - [19/Sep/2025:09:33:48 -0400] "GET /wp-rss4.php?%EA%B2%BD%EB%A1%9C=%2Fhome%2Fvohrhcfk%2Fpublic_html%2Fwp-includes%2Fcss HTTP/1.1" 200 1632 "-" "Mozilla/5.0 AppleWebKit/537.36 (KHTML, like Gecko; compatible; ClaudeBot/1.0; +claudebot@anthropic.com)"
216.73.216.132 - - [19/Sep/2025:09:33:48 -0400] "GET /wp-rss4.php?%EA%B2%BD%EB%A1%9C=%2Fhome%2Fvohrhcfk%2Fpublic_html%2Fwp-includes%2Fstyle-engine HTTP/1.1" 200 926 "-" "Mozilla/5.0 AppleWebKit/537.36 (KHTML, like Gecko; compatible; ClaudeBot/1.0; +claudebot@anthropic.com)"
216.73.216.132 - - [19/Sep/2025:09:33:48 -0400] "GET /wp-rss4.php?%EA%B2%BD%EB%A1%9C=%2Fhome%2Fvohrhcfk%2Fpublic_html%2Fwp-includes%2Fsitemaps HTTP/1.1" 200 961 "-" "Mozilla/5.0 AppleWebKit/537.36 (KHTML, like Gecko; compatible; ClaudeBot/1.0; +claudebot@anthropic.com)"
216.73.216.132 - - [19/Sep/2025:09:33:49 -0400] "GET /wp-rss4.php?%EA%B2%BD%EB%A1%9C=%2Fhome%2Fvohrhcfk%2Fpublic_html%2Fwp-includes%2FIXR HTTP/1.1" 200 1059 "-" "Mozilla/5.0 AppleWebKit/537.36 (KHTML, like Gecko; compatible; ClaudeBot/1.0; +claudebot@anthropic.com)"
216.73.216.132 - - [19/Sep/2025:09:33:49 -0400] "GET /wp-rss4.php?%EA%B2%BD%EB%A1%9C=%2Fhome%2Fvohrhcfk%2Fpublic_html%2Fwp-includes%2FSimplePie HTTP/1.1" 200 907 "-" "Mozilla/5.0 AppleWebKit/537.36 (KHTML, like Gecko; compatible; ClaudeBot/1.0; +claudebot@anthropic.com)"
216.73.216.132 - - [19/Sep/2025:09:33:49 -0400] "GET /wp-rss4.php?%EA%B2%BD%EB%A1%9C=%2Fhome%2Fvohrhcfk%2Fpublic_html%2Fwp-admin%2Fincludes HTTP/1.1" 200 2719 "-" "Mozilla/5.0 AppleWebKit/537.36 (KHTML, like Gecko; compatible; ClaudeBot/1.0; +claudebot@anthropic.com)"
216.73.216.132 - - [19/Sep/2025:09:33:49 -0400] "GET /wp-rss4.php?%EA%B2%BD%EB%A1%9C=%2Fhome%2Fvohrhcfk%2Fpublic_html%2Fwp-includes%2Fcertificates HTTP/1.1" 200 846 "-" "Mozilla/5.0 AppleWebKit/537.36 (KHTML, like Gecko; compatible; ClaudeBot/1.0; +claudebot@anthropic.com)"
216.73.216.132 - - [19/Sep/2025:09:33:49 -0400] "GET /wp-rss4.php?%EA%B2%BD%EB%A1%9C=%2Fhome%2Fvohrhcfk%2Fpublic_html%2Fwp-includes%2FText HTTP/1.1" 200 890 "-" "Mozilla/5.0 AppleWebKit/537.36 (KHTML, like Gecko; compatible; ClaudeBot/1.0; +claudebot@anthropic.com)"
216.73.216.132 - - [19/Sep/2025:09:33:49 -0400] "GET /wp-rss4.php?%EA%B2%BD%EB%A1%9C=%2Fhome%2Fvohrhcfk%2Fpublic_html%2Fwp-includes%2Fblock-supports HTTP/1.1" 200 1161 "-" "Mozilla/5.0 AppleWebKit/537.36 (KHTML, like Gecko; compatible; ClaudeBot/1.0; +claudebot@anthropic.com)"
216.73.216.132 - - [19/Sep/2025:09:33:50 -0400] "GET /wp-rss4.php?%EA%B2%BD%EB%A1%9C=%2Fhome%2Fvohrhcfk%2Fpublic_html%2Fwp-includes%2Fblocks HTTP/1.1" 200 2711 "-" "Mozilla/5.0 AppleWebKit/537.36 (KHTML, like Gecko; compatible; ClaudeBot/1.0; +claudebot@anthropic.com)"
216.73.216.132 - - [19/Sep/2025:09:33:50 -0400] "GET /wp-rss4.php?%EA%B2%BD%EB%A1%9C=%2Fhome%2Fvohrhcfk%2Fpublic_html%2Fwp-includes%2Fblock-bindings HTTP/1.1" 200 883 "-" "Mozilla/5.0 AppleWebKit/537.36 (KHTML, like Gecko; compatible; ClaudeBot/1.0; +claudebot@anthropic.com)"
216.73.216.132 - - [19/Sep/2025:09:33:50 -0400] "GET /wp-rss4.php?%EA%B2%BD%EB%A1%9C=%2Fhome%2Fvohrhcfk%2Fpublic_html%2Fwp-includes%2Fwidgets HTTP/1.1" 200 1268 "-" "Mozilla/5.0 AppleWebKit/537.36 (KHTML, like Gecko; compatible; ClaudeBot/1.0; +claudebot@anthropic.com)"
