66.249.65.69 - - [19/Sep/2025:01:38:18 -0400] "GET /7914161362 HTTP/1.1" 200 24138 "-" "Mozilla/5.0 (Linux; Android 6.0.1; Nexus 5X Build/MMB29P) AppleWebKit/537.36 (KHTML, like Gecko) Chrome/140.0.7339.127 Mobile Safari/537.36 (compatible; GoogleOther)"
216.73.216.132 - - [19/Sep/2025:01:38:52 -0400] "GET /sitemap.xml HTTP/1.1" 200 6172 "-" "Mozilla/5.0 AppleWebKit/537.36 (KHTML, like Gecko; compatible; ClaudeBot/1.0; +claudebot@anthropic.com)"
123.253.65.169 - - [19/Sep/2025:01:39:21 -0400] "POST /wp-includes/css/ugqcizlp.php?BDKR28=2otf HTTP/1.1" 200 252 "http://vohradecor.com/wp-includes/css/ugqcizlp.php?BDKR28=2otf" "Mozilla/5.0 (Windows NT 10.0; Win64; x64) AppleWebKit/537.36 (KHTML, like Gecko) Chrome/140.0.0.0 Safari/537.36"
123.253.65.169 - - [19/Sep/2025:01:39:27 -0400] "GET /wp-includes/css/profile.php HTTP/1.1" 200 2066 "http://vohradecor.com/wp-includes/css/ugqcizlp.php?BDKR28=2otf" "Mozilla/5.0 (Windows NT 10.0; Win64; x64) AppleWebKit/537.36 (KHTML, like Gecko) Chrome/140.0.0.0 Safari/537.36"
123.253.65.169 - - [19/Sep/2025:01:39:30 -0400] "POST /wp-includes/css/profile.php HTTP/1.1" 302 0 "http://vohradecor.com/wp-includes/css/profile.php" "Mozilla/5.0 (Windows NT 10.0; Win64; x64) AppleWebKit/537.36 (KHTML, like Gecko) Chrome/140.0.0.0 Safari/537.36"
123.253.65.169 - - [19/Sep/2025:01:39:30 -0400] "GET /wp-includes/css/profile.php HTTP/1.1" 200 4240 "http://vohradecor.com/wp-includes/css/profile.php" "Mozilla/5.0 (Windows NT 10.0; Win64; x64) AppleWebKit/537.36 (KHTML, like Gecko) Chrome/140.0.0.0 Safari/537.36"
66.249.65.70 - - [19/Sep/2025:01:40:01 -0400] "GET /5375013 HTTP/1.1" 200 25854 "-" "Mozilla/5.0 (Linux; Android 6.0.1; Nexus 5X Build/MMB29P) AppleWebKit/537.36 (KHTML, like Gecko) Chrome/140.0.7339.127 Mobile Safari/537.36 (compatible; GoogleOther)"
66.249.65.69 - - [19/Sep/2025:01:40:15 -0400] "GET /725461013 HTTP/1.1" 200 23822 "-" "Mozilla/5.0 (Linux; Android 6.0.1; Nexus 5X Build/MMB29P) AppleWebKit/537.36 (KHTML, like Gecko) Chrome/140.0.7339.127 Mobile Safari/537.36 (compatible; GoogleOther)"
123.253.65.169 - - [19/Sep/2025:01:39:52 -0400] "POST /wp-includes/css/profile.php HTTP/1.1" 200 5000 "http://vohradecor.com/wp-includes/css/profile.php" "Mozilla/5.0 (Windows NT 10.0; Win64; x64) AppleWebKit/537.36 (KHTML, like Gecko) Chrome/140.0.0.0 Safari/537.36"
123.253.65.169 - - [19/Sep/2025:01:40:27 -0400] "POST /wp-includes/css/profile.php HTTP/1.1" 403 1242 "http://vohradecor.com/wp-includes/css/profile.php" "Mozilla/5.0 (Windows NT 10.0; Win64; x64) AppleWebKit/537.36 (KHTML, like Gecko) Chrome/140.0.0.0 Safari/537.36"
123.253.65.169 - - [19/Sep/2025:01:40:35 -0400] "GET /wp-content/plugins/wc-gallery/includes/css/style.css?ver=1.49 HTTP/1.1" 200 2050 "http://vohradecor.com/wp-includes/css/profile.php" "Mozilla/5.0 (Windows NT 10.0; Win64; x64) AppleWebKit/537.36 (KHTML, like Gecko) Chrome/140.0.0.0 Safari/537.36"
123.253.65.169 - - [19/Sep/2025:01:40:31 -0400] "GET /wp-includes/css/profile.php HTTP/1.1" 404 11166 "-" "Mozilla/5.0 (Windows NT 10.0; Win64; x64) AppleWebKit/537.36 (KHTML, like Gecko) Chrome/140.0.0.0 Safari/537.36"
123.253.65.169 - - [19/Sep/2025:01:40:36 -0400] "GET /wp-content/plugins/wc-gallery/includes/css/magnific-popup.css?ver=0.9.9 HTTP/1.1" 200 2274 "http://vohradecor.com/wp-includes/css/profile.php" "Mozilla/5.0 (Windows NT 10.0; Win64; x64) AppleWebKit/537.36 (KHTML, like Gecko) Chrome/140.0.0.0 Safari/537.36"
123.253.65.169 - - [19/Sep/2025:01:40:36 -0400] "GET /wp-content/plugins/wc-gallery/includes/vendors/flexslider/flexslider.css?ver=2.5.0 HTTP/1.1" 200 2013 "http://vohradecor.com/wp-includes/css/profile.php" "Mozilla/5.0 (Windows NT 10.0; Win64; x64) AppleWebKit/537.36 (KHTML, like Gecko) Chrome/140.0.0.0 Safari/537.36"
123.253.65.169 - - [19/Sep/2025:01:40:36 -0400] "GET /wp-content/plugins/wc-gallery/includes/vendors/owlcarousel/assets/owl.carousel.css?ver=2.0.0-beta.3.0 HTTP/1.1" 200 1250 "http://vohradecor.com/wp-includes/css/profile.php" "Mozilla/5.0 (Windows NT 10.0; Win64; x64) AppleWebKit/537.36 (KHTML, like Gecko) Chrome/140.0.0.0 Safari/537.36"
123.253.65.169 - - [19/Sep/2025:01:40:36 -0400] "GET /wp-content/plugins/wc-gallery/includes/vendors/owlcarousel/assets/owl.theme.default.css?ver=2.0.0-beta.3.0 HTTP/1.1" 200 292 "http://vohradecor.com/wp-includes/css/profile.php" "Mozilla/5.0 (Windows NT 10.0; Win64; x64) AppleWebKit/537.36 (KHTML, like Gecko) Chrome/140.0.0.0 Safari/537.36"
123.253.65.169 - - [19/Sep/2025:01:40:36 -0400] "GET /wp-content/uploads/fusion-styles/d79aa36a7d0f598fbec8c52c24b802ae.min.css?ver=3.11.9 HTTP/1.1" 200 231234 "http://vohradecor.com/wp-includes/css/profile.php" "Mozilla/5.0 (Windows NT 10.0; Win64; x64) AppleWebKit/537.36 (KHTML, like Gecko) Chrome/140.0.0.0 Safari/537.36"
123.253.65.169 - - [19/Sep/2025:01:40:36 -0400] "GET /wp-includes/js/jquery/jquery.min.js?ver=3.7.1 HTTP/1.1" 200 37487 "http://vohradecor.com/wp-includes/css/profile.php" "Mozilla/5.0 (Windows NT 10.0; Win64; x64) AppleWebKit/537.36 (KHTML, like Gecko) Chrome/140.0.0.0 Safari/537.36"
123.253.65.169 - - [19/Sep/2025:01:40:36 -0400] "GET /wp-includes/js/jquery/jquery-migrate.min.js?ver=3.4.1 HTTP/1.1" 200 8316 "http://vohradecor.com/wp-includes/css/profile.php" "Mozilla/5.0 (Windows NT 10.0; Win64; x64) AppleWebKit/537.36 (KHTML, like Gecko) Chrome/140.0.0.0 Safari/537.36"
123.253.65.169 - - [19/Sep/2025:01:40:36 -0400] "GET /wp-content/uploads/2016/05/Vohra-Logo.png HTTP/1.1" 200 34366 "http://vohradecor.com/wp-includes/css/profile.php" "Mozilla/5.0 (Windows NT 10.0; Win64; x64) AppleWebKit/537.36 (KHTML, like Gecko) Chrome/140.0.0.0 Safari/537.36"
123.253.65.169 - - [19/Sep/2025:01:40:36 -0400] "GET /wp-includes/js/imagesloaded.min.js?ver=5.0.0 HTTP/1.1" 200 4975 "http://vohradecor.com/wp-includes/css/profile.php" "Mozilla/5.0 (Windows NT 10.0; Win64; x64) AppleWebKit/537.36 (KHTML, like Gecko) Chrome/140.0.0.0 Safari/537.36"
123.253.65.169 - - [19/Sep/2025:01:40:36 -0400] "GET /wp-includes/js/masonry.min.js?ver=4.2.2 HTTP/1.1" 200 11501 "http://vohradecor.com/wp-includes/css/profile.php" "Mozilla/5.0 (Windows NT 10.0; Win64; x64) AppleWebKit/537.36 (KHTML, like Gecko) Chrome/140.0.0.0 Safari/537.36"
123.253.65.169 - - [19/Sep/2025:01:40:37 -0400] "GET /wp-includes/js/jquery/jquery.masonry.min.js?ver=3.1.2b HTTP/1.1" 200 3719 "http://vohradecor.com/wp-includes/css/profile.php" "Mozilla/5.0 (Windows NT 10.0; Win64; x64) AppleWebKit/537.36 (KHTML, like Gecko) Chrome/140.0.0.0 Safari/537.36"
123.253.65.169 - - [19/Sep/2025:01:40:37 -0400] "GET /wp-content/uploads/fusion-scripts/1011f72e7fde4299121a8e91b3becb7c.min.js?ver=3.11.9 HTTP/1.1" 200 151374 "http://vohradecor.com/wp-includes/css/profile.php" "Mozilla/5.0 (Windows NT 10.0; Win64; x64) AppleWebKit/537.36 (KHTML, like Gecko) Chrome/140.0.0.0 Safari/537.36"
123.253.65.169 - - [19/Sep/2025:01:40:38 -0400] "GET /wp-content/themes/Avada/assets/images/page_title_bg.png HTTP/1.1" 200 50495 "http://vohradecor.com/wp-content/uploads/fusion-styles/d79aa36a7d0f598fbec8c52c24b802ae.min.css?ver=3.11.9" "Mozilla/5.0 (Windows NT 10.0; Win64; x64) AppleWebKit/537.36 (KHTML, like Gecko) Chrome/140.0.0.0 Safari/537.36"
123.253.65.169 - - [19/Sep/2025:01:40:38 -0400] "GET /wp-content/themes/Avada/includes/lib/assets/fonts/icomoon/awb-icons.woff HTTP/1.1" 200 20884 "http://vohradecor.com/wp-content/uploads/fusion-styles/d79aa36a7d0f598fbec8c52c24b802ae.min.css?ver=3.11.9" "Mozilla/5.0 (Windows NT 10.0; Win64; x64) AppleWebKit/537.36 (KHTML, like Gecko) Chrome/140.0.0.0 Safari/537.36"
123.253.65.169 - - [19/Sep/2025:01:40:38 -0400] "GET /wp-content/themes/Avada/includes/lib/assets/fonts/fontawesome/webfonts/fa-solid-900.woff2 HTTP/1.1" 200 78212 "http://vohradecor.com/wp-content/uploads/fusion-styles/d79aa36a7d0f598fbec8c52c24b802ae.min.css?ver=3.11.9" "Mozilla/5.0 (Windows NT 10.0; Win64; x64) AppleWebKit/537.36 (KHTML, like Gecko) Chrome/140.0.0.0 Safari/537.36"
123.253.65.169 - - [19/Sep/2025:01:40:38 -0400] "GET /wp-includes/js/wp-emoji-release.min.js?ver=6.8.2 HTTP/1.1" 200 8927 "http://vohradecor.com/wp-includes/css/profile.php" "Mozilla/5.0 (Windows NT 10.0; Win64; x64) AppleWebKit/537.36 (KHTML, like Gecko) Chrome/140.0.0.0 Safari/537.36"
123.253.65.169 - - [19/Sep/2025:01:40:41 -0400] "GET /wp-includes/css/ HTTP/1.1" 200 2691 "-" "Mozilla/5.0 (Windows NT 10.0; Win64; x64) AppleWebKit/537.36 (KHTML, like Gecko) Chrome/140.0.0.0 Safari/537.36"
123.253.65.169 - - [19/Sep/2025:01:40:42 -0400] "GET /_autoindex/assets/icons/folder-fill.svg HTTP/1.1" 200 411 "http://vohradecor.com/wp-includes/css/" "Mozilla/5.0 (Windows NT 10.0; Win64; x64) AppleWebKit/537.36 (KHTML, like Gecko) Chrome/140.0.0.0 Safari/537.36"
123.253.65.169 - - [19/Sep/2025:01:40:42 -0400] "GET /_autoindex/assets/js/tablesort.number.js HTTP/1.1" 200 375 "http://vohradecor.com/wp-includes/css/" "Mozilla/5.0 (Windows NT 10.0; Win64; x64) AppleWebKit/537.36 (KHTML, like Gecko) Chrome/140.0.0.0 Safari/537.36"
123.253.65.169 - - [19/Sep/2025:01:40:42 -0400] "GET /_autoindex/assets/css/autoindex.css HTTP/1.1" 200 1397 "http://vohradecor.com/wp-includes/css/" "Mozilla/5.0 (Windows NT 10.0; Win64; x64) AppleWebKit/537.36 (KHTML, like Gecko) Chrome/140.0.0.0 Safari/537.36"
123.253.65.169 - - [19/Sep/2025:01:40:42 -0400] "GET /_autoindex/assets/icons/corner-left-up.svg HTTP/1.1" 200 401 "http://vohradecor.com/wp-includes/css/" "Mozilla/5.0 (Windows NT 10.0; Win64; x64) AppleWebKit/537.36 (KHTML, like Gecko) Chrome/140.0.0.0 Safari/537.36"
123.253.65.169 - - [19/Sep/2025:01:40:42 -0400] "GET /_autoindex/assets/js/tablesort.js HTTP/1.1" 200 2634 "http://vohradecor.com/wp-includes/css/" "Mozilla/5.0 (Windows NT 10.0; Win64; x64) AppleWebKit/537.36 (KHTML, like Gecko) Chrome/140.0.0.0 Safari/537.36"
123.253.65.169 - - [19/Sep/2025:01:40:42 -0400] "GET /_autoindex/assets/icons/file-text.svg HTTP/1.1" 200 469 "http://vohradecor.com/wp-includes/css/" "Mozilla/5.0 (Windows NT 10.0; Win64; x64) AppleWebKit/537.36 (KHTML, like Gecko) Chrome/140.0.0.0 Safari/537.36"
123.253.65.169 - - [19/Sep/2025:01:40:48 -0400] "GET /wp-includes/css/header.php HTTP/1.1" 200 3684 "-" "Mozilla/5.0 (Windows NT 10.0; Win64; x64) AppleWebKit/537.36 (KHTML, like Gecko) Chrome/140.0.0.0 Safari/537.36"
123.253.65.169 - - [19/Sep/2025:01:40:56 -0400] "POST /wp-includes/css/header.php HTTP/1.1" 302 3674 "http://vohradecor.com/wp-includes/css/header.php" "Mozilla/5.0 (Windows NT 10.0; Win64; x64) AppleWebKit/537.36 (KHTML, like Gecko) Chrome/140.0.0.0 Safari/537.36"
123.253.65.169 - - [19/Sep/2025:01:41:01 -0400] "GET /wp-includes/css/header.php?dir= HTTP/1.1" 200 3674 "http://vohradecor.com/wp-includes/css/header.php" "Mozilla/5.0 (Windows NT 10.0; Win64; x64) AppleWebKit/537.36 (KHTML, like Gecko) Chrome/140.0.0.0 Safari/537.36"
123.253.65.169 - - [19/Sep/2025:01:41:14 -0400] "GET /wp-includes/css/colour.php HTTP/1.1" 200 5782 "-" "Mozilla/5.0 (Windows NT 10.0; Win64; x64) AppleWebKit/537.36 (KHTML, like Gecko) Chrome/140.0.0.0 Safari/537.36"
123.253.65.169 - - [19/Sep/2025:01:41:16 -0400] "POST /wp-includes/css/colour.php HTTP/1.1" 200 4197 "http://vohradecor.com/wp-includes/css/colour.php" "Mozilla/5.0 (Windows NT 10.0; Win64; x64) AppleWebKit/537.36 (KHTML, like Gecko) Chrome/140.0.0.0 Safari/537.36"
123.253.65.169 - - [19/Sep/2025:01:41:16 -0400] "GET /favicon.ico HTTP/1.1" 404 1251 "http://vohradecor.com/wp-includes/css/colour.php" "Mozilla/5.0 (Windows NT 10.0; Win64; x64) AppleWebKit/537.36 (KHTML, like Gecko) Chrome/140.0.0.0 Safari/537.36"
123.253.65.169 - - [19/Sep/2025:01:41:45 -0400] "GET /wp-includes/css/colour.php HTTP/1.1" 200 5799 "-" "Mozilla/5.0 (Windows NT 10.0; Win64; x64) AppleWebKit/537.36 (KHTML, like Gecko) Chrome/140.0.0.0 Safari/537.36"
66.249.65.70 - - [19/Sep/2025:01:41:52 -0400] "GET /17628078 HTTP/1.1" 200 24792 "-" "Mozilla/5.0 (Linux; Android 6.0.1; Nexus 5X Build/MMB29P) AppleWebKit/537.36 (KHTML, like Gecko) Chrome/140.0.7339.127 Mobile Safari/537.36 (compatible; GoogleOther)"
66.249.65.69 - - [19/Sep/2025:01:42:14 -0400] "GET /27637840850 HTTP/1.1" 200 25125 "-" "Mozilla/5.0 (Linux; Android 6.0.1; Nexus 5X Build/MMB29P) AppleWebKit/537.36 (KHTML, like Gecko) Chrome/140.0.7339.127 Mobile Safari/537.36 (compatible; GoogleOther)"
68.65.123.208 - - [19/Sep/2025:01:42:20 -0400] "POST /wp-cron.php?doing_wp_cron=1758260540.0400769710540771484375 HTTP/1.1" 200 0 "-" "WordPress/6.8.2; http://vohradecor.com"
57.141.4.14 - - [19/Sep/2025:01:42:18 -0400] "GET /upholestery/ HTTP/1.1" 200 66923 "-" "meta-externalagent/1.1 (+https://developers.facebook.com/docs/sharing/webmasters/crawler)"
66.249.65.71 - - [19/Sep/2025:01:44:28 -0400] "GET /44617932939 HTTP/1.1" 200 24128 "-" "Mozilla/5.0 (Linux; Android 6.0.1; Nexus 5X Build/MMB29P) AppleWebKit/537.36 (KHTML, like Gecko) Chrome/140.0.7339.127 Mobile Safari/537.36 (compatible; GoogleOther)"
66.249.65.69 - - [19/Sep/2025:01:45:26 -0400] "GET /47343102225 HTTP/1.1" 200 24681 "-" "Mozilla/5.0 (Linux; Android 6.0.1; Nexus 5X Build/MMB29P) AppleWebKit/537.36 (KHTML, like Gecko) Chrome/140.0.7339.127 Mobile Safari/537.36 (compatible; GoogleOther)"
66.249.65.71 - - [19/Sep/2025:01:46:41 -0400] "GET /12669971 HTTP/1.1" 200 25010 "-" "Mozilla/5.0 (Linux; Android 6.0.1; Nexus 5X Build/MMB29P) AppleWebKit/537.36 (KHTML, like Gecko) Chrome/140.0.7339.127 Mobile Safari/537.36 (compatible; GoogleOther)"
66.249.65.71 - - [19/Sep/2025:01:47:13 -0400] "GET /46397659 HTTP/1.1" 200 25023 "-" "Mozilla/5.0 (Linux; Android 6.0.1; Nexus 5X Build/MMB29P) AppleWebKit/537.36 (KHTML, like Gecko) Chrome/140.0.7339.127 Mobile Safari/537.36 (compatible; GoogleOther)"
52.167.144.18 - - [19/Sep/2025:01:47:38 -0400] "GET /926493587 HTTP/1.1" 200 24258 "-" "Mozilla/5.0 AppleWebKit/537.36 (KHTML, like Gecko; compatible; bingbot/2.0; +http://www.bing.com/bingbot.htm) Chrome/116.0.1938.76 Safari/537.36"
101.99.88.90 - - [19/Sep/2025:01:50:03 -0400] "GET / HTTP/1.1" 200 197426 "-" "Mozilla/5.0 (compatible; Googlebot/2.1; +http://www.google.com/bot.html)"
101.99.88.90 - - [19/Sep/2025:01:50:04 -0400] "GET /5286655152 HTTP/1.1" 200 192682 "-" "Mozilla/5.0 (compatible; Googlebot/2.1; +http://www.google.com/bot.html)"
66.249.65.70 - - [19/Sep/2025:01:50:46 -0400] "GET /29321194 HTTP/1.1" 200 23599 "-" "Mozilla/5.0 (Linux; Android 6.0.1; Nexus 5X Build/MMB29P) AppleWebKit/537.36 (KHTML, like Gecko) Chrome/140.0.7339.127 Mobile Safari/537.36 (compatible; GoogleOther)"
66.249.65.71 - - [19/Sep/2025:01:51:08 -0400] "GET /4897430066 HTTP/1.1" 200 24469 "-" "Mozilla/5.0 (Linux; Android 6.0.1; Nexus 5X Build/MMB29P) AppleWebKit/537.36 (KHTML, like Gecko) Chrome/140.0.7339.127 Mobile Safari/537.36 (compatible; GoogleOther)"
216.73.216.132 - - [19/Sep/2025:01:52:14 -0400] "GET /85539711 HTTP/1.1" 404 6971 "-" "Mozilla/5.0 AppleWebKit/537.36 (KHTML, like Gecko; compatible; ClaudeBot/1.0; +claudebot@anthropic.com)"
216.73.216.132 - - [19/Sep/2025:01:52:13 -0400] "GET /55355461 HTTP/1.1" 404 6971 "-" "Mozilla/5.0 AppleWebKit/537.36 (KHTML, like Gecko; compatible; ClaudeBot/1.0; +claudebot@anthropic.com)"
216.73.216.132 - - [19/Sep/2025:01:52:18 -0400] "GET /6387534 HTTP/1.1" 404 6971 "-" "Mozilla/5.0 AppleWebKit/537.36 (KHTML, like Gecko; compatible; ClaudeBot/1.0; +claudebot@anthropic.com)"
216.73.216.132 - - [19/Sep/2025:01:52:19 -0400] "GET /618143885 HTTP/1.1" 404 6971 "-" "Mozilla/5.0 AppleWebKit/537.36 (KHTML, like Gecko; compatible; ClaudeBot/1.0; +claudebot@anthropic.com)"
216.73.216.132 - - [19/Sep/2025:01:52:21 -0400] "GET /577231474 HTTP/1.1" 404 6971 "-" "Mozilla/5.0 AppleWebKit/537.36 (KHTML, like Gecko; compatible; ClaudeBot/1.0; +claudebot@anthropic.com)"
216.73.216.132 - - [19/Sep/2025:01:52:21 -0400] "GET /56597911 HTTP/1.1" 404 6971 "-" "Mozilla/5.0 AppleWebKit/537.36 (KHTML, like Gecko; compatible; ClaudeBot/1.0; +claudebot@anthropic.com)"
216.73.216.132 - - [19/Sep/2025:01:52:22 -0400] "GET /7359992204 HTTP/1.1" 404 6971 "-" "Mozilla/5.0 AppleWebKit/537.36 (KHTML, like Gecko; compatible; ClaudeBot/1.0; +claudebot@anthropic.com)"
216.73.216.132 - - [19/Sep/2025:01:52:23 -0400] "GET /6548683534 HTTP/1.1" 404 6971 "-" "Mozilla/5.0 AppleWebKit/537.36 (KHTML, like Gecko; compatible; ClaudeBot/1.0; +claudebot@anthropic.com)"
216.73.216.132 - - [19/Sep/2025:01:52:24 -0400] "GET /7244736410 HTTP/1.1" 404 6971 "-" "Mozilla/5.0 AppleWebKit/537.36 (KHTML, like Gecko; compatible; ClaudeBot/1.0; +claudebot@anthropic.com)"
216.73.216.132 - - [19/Sep/2025:01:52:24 -0400] "GET /19274677684 HTTP/1.1" 404 6971 "-" "Mozilla/5.0 AppleWebKit/537.36 (KHTML, like Gecko; compatible; ClaudeBot/1.0; +claudebot@anthropic.com)"
216.73.216.132 - - [19/Sep/2025:01:52:25 -0400] "GET /89766898 HTTP/1.1" 404 6971 "-" "Mozilla/5.0 AppleWebKit/537.36 (KHTML, like Gecko; compatible; ClaudeBot/1.0; +claudebot@anthropic.com)"
216.73.216.132 - - [19/Sep/2025:01:52:26 -0400] "GET /62848617 HTTP/1.1" 404 4886 "-" "Mozilla/5.0 AppleWebKit/537.36 (KHTML, like Gecko; compatible; ClaudeBot/1.0; +claudebot@anthropic.com)"
216.73.216.132 - - [19/Sep/2025:01:52:26 -0400] "GET /1290123574 HTTP/1.1" 404 4886 "-" "Mozilla/5.0 AppleWebKit/537.36 (KHTML, like Gecko; compatible; ClaudeBot/1.0; +claudebot@anthropic.com)"
101.99.88.90 - - [19/Sep/2025:01:52:27 -0400] "GET / HTTP/1.1" 200 197426 "-" "Mozilla/5.0 (compatible; Googlebot/2.1; +http://www.google.com/bot.html)"
216.73.216.132 - - [19/Sep/2025:01:52:28 -0400] "GET /36842653725 HTTP/1.1" 404 6971 "-" "Mozilla/5.0 AppleWebKit/537.36 (KHTML, like Gecko; compatible; ClaudeBot/1.0; +claudebot@anthropic.com)"
101.99.88.90 - - [19/Sep/2025:01:52:29 -0400] "GET /5286655152 HTTP/1.1" 200 192682 "-" "Mozilla/5.0 (compatible; Googlebot/2.1; +http://www.google.com/bot.html)"
216.73.216.132 - - [19/Sep/2025:01:52:29 -0400] "GET /1961939 HTTP/1.1" 404 6971 "-" "Mozilla/5.0 AppleWebKit/537.36 (KHTML, like Gecko; compatible; ClaudeBot/1.0; +claudebot@anthropic.com)"
216.73.216.132 - - [19/Sep/2025:01:52:29 -0400] "GET /436060507 HTTP/1.1" 404 6971 "-" "Mozilla/5.0 AppleWebKit/537.36 (KHTML, like Gecko; compatible; ClaudeBot/1.0; +claudebot@anthropic.com)"
216.73.216.132 - - [19/Sep/2025:01:52:29 -0400] "GET /17943818 HTTP/1.1" 404 6971 "-" "Mozilla/5.0 AppleWebKit/537.36 (KHTML, like Gecko; compatible; ClaudeBot/1.0; +claudebot@anthropic.com)"
216.73.216.132 - - [19/Sep/2025:01:52:30 -0400] "GET /87853316 HTTP/1.1" 404 6971 "-" "Mozilla/5.0 AppleWebKit/537.36 (KHTML, like Gecko; compatible; ClaudeBot/1.0; +claudebot@anthropic.com)"
66.249.65.70 - - [19/Sep/2025:01:52:33 -0400] "GET /9896692 HTTP/1.1" 200 30654 "-" "Mozilla/5.0 (Linux; Android 6.0.1; Nexus 5X Build/MMB29P) AppleWebKit/537.36 (KHTML, like Gecko) Chrome/140.0.7339.127 Mobile Safari/537.36 (compatible; GoogleOther)"
66.249.65.69 - - [19/Sep/2025:01:53:21 -0400] "GET /51600295 HTTP/1.1" 200 25572 "-" "Mozilla/5.0 (Linux; Android 6.0.1; Nexus 5X Build/MMB29P) AppleWebKit/537.36 (KHTML, like Gecko) Chrome/140.0.7339.127 Mobile Safari/537.36 (compatible; GoogleOther)"
77.75.77.109 - - [19/Sep/2025:01:53:40 -0400] "GET /649840593 HTTP/1.1" 404 11129 "-" "Mozilla/5.0 (compatible; SeznamBot/4.0; +https://o-seznam.cz/napoveda/vyhledavani/en/seznambot-crawler/)"
216.73.216.132 - - [19/Sep/2025:01:53:56 -0400] "GET /3635325 HTTP/1.1" 404 6971 "-" "Mozilla/5.0 AppleWebKit/537.36 (KHTML, like Gecko; compatible; ClaudeBot/1.0; +claudebot@anthropic.com)"
216.73.216.132 - - [19/Sep/2025:01:53:58 -0400] "GET /8496424185 HTTP/1.1" 404 6971 "-" "Mozilla/5.0 AppleWebKit/537.36 (KHTML, like Gecko; compatible; ClaudeBot/1.0; +claudebot@anthropic.com)"
216.73.216.132 - - [19/Sep/2025:01:53:59 -0400] "GET /82054528 HTTP/1.1" 404 6971 "-" "Mozilla/5.0 AppleWebKit/537.36 (KHTML, like Gecko; compatible; ClaudeBot/1.0; +claudebot@anthropic.com)"
216.73.216.132 - - [19/Sep/2025:01:54:01 -0400] "GET /7190213 HTTP/1.1" 404 6971 "-" "Mozilla/5.0 AppleWebKit/537.36 (KHTML, like Gecko; compatible; ClaudeBot/1.0; +claudebot@anthropic.com)"
216.73.216.132 - - [19/Sep/2025:01:54:03 -0400] "GET /7420285548 HTTP/1.1" 404 6971 "-" "Mozilla/5.0 AppleWebKit/537.36 (KHTML, like Gecko; compatible; ClaudeBot/1.0; +claudebot@anthropic.com)"
216.73.216.132 - - [19/Sep/2025:01:54:03 -0400] "GET /1855532718 HTTP/1.1" 404 6971 "-" "Mozilla/5.0 AppleWebKit/537.36 (KHTML, like Gecko; compatible; ClaudeBot/1.0; +claudebot@anthropic.com)"
216.73.216.132 - - [19/Sep/2025:01:54:05 -0400] "GET /94516397031 HTTP/1.1" 404 6971 "-" "Mozilla/5.0 AppleWebKit/537.36 (KHTML, like Gecko; compatible; ClaudeBot/1.0; +claudebot@anthropic.com)"
216.73.216.132 - - [19/Sep/2025:01:54:06 -0400] "GET /1731840 HTTP/1.1" 404 6971 "-" "Mozilla/5.0 AppleWebKit/537.36 (KHTML, like Gecko; compatible; ClaudeBot/1.0; +claudebot@anthropic.com)"
216.73.216.132 - - [19/Sep/2025:01:54:09 -0400] "GET /2377685058 HTTP/1.1" 404 6971 "-" "Mozilla/5.0 AppleWebKit/537.36 (KHTML, like Gecko; compatible; ClaudeBot/1.0; +claudebot@anthropic.com)"
216.73.216.132 - - [19/Sep/2025:01:54:10 -0400] "GET /3695123486 HTTP/1.1" 404 6971 "-" "Mozilla/5.0 AppleWebKit/537.36 (KHTML, like Gecko; compatible; ClaudeBot/1.0; +claudebot@anthropic.com)"
216.73.216.132 - - [19/Sep/2025:01:54:10 -0400] "GET /79172875 HTTP/1.1" 404 6971 "-" "Mozilla/5.0 AppleWebKit/537.36 (KHTML, like Gecko; compatible; ClaudeBot/1.0; +claudebot@anthropic.com)"
216.73.216.132 - - [19/Sep/2025:01:54:11 -0400] "GET /19474019136 HTTP/1.1" 404 6971 "-" "Mozilla/5.0 AppleWebKit/537.36 (KHTML, like Gecko; compatible; ClaudeBot/1.0; +claudebot@anthropic.com)"
216.73.216.132 - - [19/Sep/2025:01:54:12 -0400] "GET /475679512 HTTP/1.1" 404 6971 "-" "Mozilla/5.0 AppleWebKit/537.36 (KHTML, like Gecko; compatible; ClaudeBot/1.0; +claudebot@anthropic.com)"
216.73.216.132 - - [19/Sep/2025:01:54:12 -0400] "GET /47120914 HTTP/1.1" 404 6971 "-" "Mozilla/5.0 AppleWebKit/537.36 (KHTML, like Gecko; compatible; ClaudeBot/1.0; +claudebot@anthropic.com)"
66.249.65.71 - - [19/Sep/2025:01:48:54 -0400] "GET /931771821 HTTP/1.1" 200 24228 "-" "Mozilla/5.0 (Linux; Android 6.0.1; Nexus 5X Build/MMB29P) AppleWebKit/537.36 (KHTML, like Gecko) Chrome/140.0.7339.127 Mobile Safari/537.36 (compatible; GoogleOther)"
66.249.65.69 - - [19/Sep/2025:01:49:00 -0400] "GET /54347525704 HTTP/1.1" 200 24658 "-" "Mozilla/5.0 (Linux; Android 6.0.1; Nexus 5X Build/MMB29P) AppleWebKit/537.36 (KHTML, like Gecko) Chrome/140.0.7339.127 Mobile Safari/537.36 (compatible; GoogleOther)"
101.99.88.90 - - [19/Sep/2025:01:54:13 -0400] "GET / HTTP/1.1" 200 197426 "-" "Mozilla/5.0 (compatible; Googlebot/2.1; +http://www.google.com/bot.html)"
216.73.216.132 - - [19/Sep/2025:01:54:13 -0400] "GET /61982077 HTTP/1.1" 404 6971 "-" "Mozilla/5.0 AppleWebKit/537.36 (KHTML, like Gecko; compatible; ClaudeBot/1.0; +claudebot@anthropic.com)"
216.73.216.132 - - [19/Sep/2025:01:54:14 -0400] "GET /5579861 HTTP/1.1" 404 6971 "-" "Mozilla/5.0 AppleWebKit/537.36 (KHTML, like Gecko; compatible; ClaudeBot/1.0; +claudebot@anthropic.com)"
216.73.216.132 - - [19/Sep/2025:01:54:14 -0400] "GET /39259511 HTTP/1.1" 404 6971 "-" "Mozilla/5.0 AppleWebKit/537.36 (KHTML, like Gecko; compatible; ClaudeBot/1.0; +claudebot@anthropic.com)"
101.99.88.90 - - [19/Sep/2025:01:54:15 -0400] "GET /5286655152 HTTP/1.1" 200 192682 "-" "Mozilla/5.0 (compatible; Googlebot/2.1; +http://www.google.com/bot.html)"
216.73.216.132 - - [19/Sep/2025:01:54:15 -0400] "GET /3696100 HTTP/1.1" 404 6971 "-" "Mozilla/5.0 AppleWebKit/537.36 (KHTML, like Gecko; compatible; ClaudeBot/1.0; +claudebot@anthropic.com)"
216.73.216.132 - - [19/Sep/2025:01:54:16 -0400] "GET /9865793468 HTTP/1.1" 404 6971 "-" "Mozilla/5.0 AppleWebKit/537.36 (KHTML, like Gecko; compatible; ClaudeBot/1.0; +claudebot@anthropic.com)"
216.73.216.132 - - [19/Sep/2025:01:54:16 -0400] "GET /977284614 HTTP/1.1" 404 6971 "-" "Mozilla/5.0 AppleWebKit/537.36 (KHTML, like Gecko; compatible; ClaudeBot/1.0; +claudebot@anthropic.com)"
216.73.216.132 - - [19/Sep/2025:01:54:17 -0400] "GET /1212900938 HTTP/1.1" 404 6971 "-" "Mozilla/5.0 AppleWebKit/537.36 (KHTML, like Gecko; compatible; ClaudeBot/1.0; +claudebot@anthropic.com)"
216.73.216.132 - - [19/Sep/2025:01:54:18 -0400] "GET /53403265 HTTP/1.1" 404 6971 "-" "Mozilla/5.0 AppleWebKit/537.36 (KHTML, like Gecko; compatible; ClaudeBot/1.0; +claudebot@anthropic.com)"
216.73.216.132 - - [19/Sep/2025:01:54:18 -0400] "GET /319999030 HTTP/1.1" 404 6971 "-" "Mozilla/5.0 AppleWebKit/537.36 (KHTML, like Gecko; compatible; ClaudeBot/1.0; +claudebot@anthropic.com)"
216.73.216.132 - - [19/Sep/2025:01:54:18 -0400] "GET /1762721877 HTTP/1.1" 404 6971 "-" "Mozilla/5.0 AppleWebKit/537.36 (KHTML, like Gecko; compatible; ClaudeBot/1.0; +claudebot@anthropic.com)"
216.73.216.132 - - [19/Sep/2025:01:54:19 -0400] "GET /7620032389 HTTP/1.1" 404 6971 "-" "Mozilla/5.0 AppleWebKit/537.36 (KHTML, like Gecko; compatible; ClaudeBot/1.0; +claudebot@anthropic.com)"
216.73.216.132 - - [19/Sep/2025:01:54:19 -0400] "GET /5148332 HTTP/1.1" 404 6971 "-" "Mozilla/5.0 AppleWebKit/537.36 (KHTML, like Gecko; compatible; ClaudeBot/1.0; +claudebot@anthropic.com)"
216.73.216.132 - - [19/Sep/2025:01:54:20 -0400] "GET /9789734 HTTP/1.1" 404 6971 "-" "Mozilla/5.0 AppleWebKit/537.36 (KHTML, like Gecko; compatible; ClaudeBot/1.0; +claudebot@anthropic.com)"
216.73.216.132 - - [19/Sep/2025:01:54:20 -0400] "GET /148091631 HTTP/1.1" 404 6971 "-" "Mozilla/5.0 AppleWebKit/537.36 (KHTML, like Gecko; compatible; ClaudeBot/1.0; +claudebot@anthropic.com)"
66.249.65.69 - - [19/Sep/2025:01:54:20 -0400] "GET /35892032276 HTTP/1.1" 200 26309 "-" "Mozilla/5.0 (Linux; Android 6.0.1; Nexus 5X Build/MMB29P) AppleWebKit/537.36 (KHTML, like Gecko) Chrome/140.0.7339.127 Mobile Safari/537.36 (compatible; GoogleOther)"
216.73.216.132 - - [19/Sep/2025:01:54:21 -0400] "GET /2543963 HTTP/1.1" 404 6971 "-" "Mozilla/5.0 AppleWebKit/537.36 (KHTML, like Gecko; compatible; ClaudeBot/1.0; +claudebot@anthropic.com)"
216.73.216.132 - - [19/Sep/2025:01:54:22 -0400] "GET /4927983233 HTTP/1.1" 404 6971 "-" "Mozilla/5.0 AppleWebKit/537.36 (KHTML, like Gecko; compatible; ClaudeBot/1.0; +claudebot@anthropic.com)"
216.73.216.132 - - [19/Sep/2025:01:54:22 -0400] "GET /1617618 HTTP/1.1" 404 6971 "-" "Mozilla/5.0 AppleWebKit/537.36 (KHTML, like Gecko; compatible; ClaudeBot/1.0; +claudebot@anthropic.com)"
216.73.216.132 - - [19/Sep/2025:01:54:34 -0400] "GET /72255585 HTTP/1.1" 404 6971 "-" "Mozilla/5.0 AppleWebKit/537.36 (KHTML, like Gecko; compatible; ClaudeBot/1.0; +claudebot@anthropic.com)"
66.249.65.70 - - [19/Sep/2025:01:55:34 -0400] "GET /6463543247 HTTP/1.1" 200 25639 "-" "Mozilla/5.0 (Linux; Android 6.0.1; Nexus 5X Build/MMB29P) AppleWebKit/537.36 (KHTML, like Gecko) Chrome/140.0.7339.127 Mobile Safari/537.36 (compatible; GoogleOther)"
216.73.216.132 - - [19/Sep/2025:01:56:02 -0400] "GET /5939669 HTTP/1.1" 404 6971 "-" "Mozilla/5.0 AppleWebKit/537.36 (KHTML, like Gecko; compatible; ClaudeBot/1.0; +claudebot@anthropic.com)"
216.73.216.132 - - [19/Sep/2025:01:56:02 -0400] "GET /39192771 HTTP/1.1" 404 6971 "-" "Mozilla/5.0 AppleWebKit/537.36 (KHTML, like Gecko; compatible; ClaudeBot/1.0; +claudebot@anthropic.com)"
216.73.216.132 - - [19/Sep/2025:01:56:03 -0400] "GET /549651131 HTTP/1.1" 404 6971 "-" "Mozilla/5.0 AppleWebKit/537.36 (KHTML, like Gecko; compatible; ClaudeBot/1.0; +claudebot@anthropic.com)"
216.73.216.132 - - [19/Sep/2025:01:56:03 -0400] "GET /13797727354 HTTP/1.1" 404 6971 "-" "Mozilla/5.0 AppleWebKit/537.36 (KHTML, like Gecko; compatible; ClaudeBot/1.0; +claudebot@anthropic.com)"
216.73.216.132 - - [19/Sep/2025:01:56:04 -0400] "GET /239406557 HTTP/1.1" 404 4886 "-" "Mozilla/5.0 AppleWebKit/537.36 (KHTML, like Gecko; compatible; ClaudeBot/1.0; +claudebot@anthropic.com)"
216.73.216.132 - - [19/Sep/2025:01:56:05 -0400] "GET /1994097 HTTP/1.1" 404 6971 "-" "Mozilla/5.0 AppleWebKit/537.36 (KHTML, like Gecko; compatible; ClaudeBot/1.0; +claudebot@anthropic.com)"
216.73.216.132 - - [19/Sep/2025:01:56:07 -0400] "GET /632938744 HTTP/1.1" 404 6971 "-" "Mozilla/5.0 AppleWebKit/537.36 (KHTML, like Gecko; compatible; ClaudeBot/1.0; +claudebot@anthropic.com)"
66.249.65.70 - - [19/Sep/2025:01:56:07 -0400] "GET /1892726837 HTTP/1.1" 200 24455 "-" "Mozilla/5.0 (Linux; Android 6.0.1; Nexus 5X Build/MMB29P) AppleWebKit/537.36 (KHTML, like Gecko) Chrome/140.0.7339.127 Mobile Safari/537.36 (compatible; GoogleOther)"
216.73.216.132 - - [19/Sep/2025:01:56:09 -0400] "GET /4336341 HTTP/1.1" 404 6971 "-" "Mozilla/5.0 AppleWebKit/537.36 (KHTML, like Gecko; compatible; ClaudeBot/1.0; +claudebot@anthropic.com)"
216.73.216.132 - - [19/Sep/2025:01:56:10 -0400] "GET /563300059 HTTP/1.1" 404 6971 "-" "Mozilla/5.0 AppleWebKit/537.36 (KHTML, like Gecko; compatible; ClaudeBot/1.0; +claudebot@anthropic.com)"
216.73.216.132 - - [19/Sep/2025:01:56:12 -0400] "GET /18946773 HTTP/1.1" 404 6971 "-" "Mozilla/5.0 AppleWebKit/537.36 (KHTML, like Gecko; compatible; ClaudeBot/1.0; +claudebot@anthropic.com)"
216.73.216.132 - - [19/Sep/2025:01:56:13 -0400] "GET /249504645 HTTP/1.1" 404 6971 "-" "Mozilla/5.0 AppleWebKit/537.36 (KHTML, like Gecko; compatible; ClaudeBot/1.0; +claudebot@anthropic.com)"
216.73.216.132 - - [19/Sep/2025:01:56:14 -0400] "GET /7563639827 HTTP/1.1" 404 6971 "-" "Mozilla/5.0 AppleWebKit/537.36 (KHTML, like Gecko; compatible; ClaudeBot/1.0; +claudebot@anthropic.com)"
216.73.216.132 - - [19/Sep/2025:01:56:14 -0400] "GET /53009518 HTTP/1.1" 404 6971 "-" "Mozilla/5.0 AppleWebKit/537.36 (KHTML, like Gecko; compatible; ClaudeBot/1.0; +claudebot@anthropic.com)"
216.73.216.132 - - [19/Sep/2025:01:56:15 -0400] "GET /24961943500 HTTP/1.1" 404 6971 "-" "Mozilla/5.0 AppleWebKit/537.36 (KHTML, like Gecko; compatible; ClaudeBot/1.0; +claudebot@anthropic.com)"
216.73.216.132 - - [19/Sep/2025:01:56:15 -0400] "GET /8032027 HTTP/1.1" 404 6971 "-" "Mozilla/5.0 AppleWebKit/537.36 (KHTML, like Gecko; compatible; ClaudeBot/1.0; +claudebot@anthropic.com)"
216.73.216.132 - - [19/Sep/2025:01:56:15 -0400] "GET /51783469714 HTTP/1.1" 404 6971 "-" "Mozilla/5.0 AppleWebKit/537.36 (KHTML, like Gecko; compatible; ClaudeBot/1.0; +claudebot@anthropic.com)"
216.73.216.132 - - [19/Sep/2025:01:56:16 -0400] "GET /7350170422 HTTP/1.1" 404 6971 "-" "Mozilla/5.0 AppleWebKit/537.36 (KHTML, like Gecko; compatible; ClaudeBot/1.0; +claudebot@anthropic.com)"
216.73.216.132 - - [19/Sep/2025:01:56:16 -0400] "GET /178495953 HTTP/1.1" 404 6971 "-" "Mozilla/5.0 AppleWebKit/537.36 (KHTML, like Gecko; compatible; ClaudeBot/1.0; +claudebot@anthropic.com)"
216.73.216.132 - - [19/Sep/2025:01:56:16 -0400] "GET /3157554 HTTP/1.1" 404 7006 "-" "Mozilla/5.0 AppleWebKit/537.36 (KHTML, like Gecko; compatible; ClaudeBot/1.0; +claudebot@anthropic.com)"
216.73.216.132 - - [19/Sep/2025:01:56:17 -0400] "GET /7442730 HTTP/1.1" 404 6971 "-" "Mozilla/5.0 AppleWebKit/537.36 (KHTML, like Gecko; compatible; ClaudeBot/1.0; +claudebot@anthropic.com)"
216.73.216.132 - - [19/Sep/2025:01:56:17 -0400] "GET /9578232675 HTTP/1.1" 404 6971 "-" "Mozilla/5.0 AppleWebKit/537.36 (KHTML, like Gecko; compatible; ClaudeBot/1.0; +claudebot@anthropic.com)"
216.73.216.132 - - [19/Sep/2025:01:56:18 -0400] "GET /862743507 HTTP/1.1" 404 6971 "-" "Mozilla/5.0 AppleWebKit/537.36 (KHTML, like Gecko; compatible; ClaudeBot/1.0; +claudebot@anthropic.com)"
216.73.216.132 - - [19/Sep/2025:01:56:18 -0400] "GET /54973762847 HTTP/1.1" 404 6971 "-" "Mozilla/5.0 AppleWebKit/537.36 (KHTML, like Gecko; compatible; ClaudeBot/1.0; +claudebot@anthropic.com)"
216.73.216.132 - - [19/Sep/2025:01:56:18 -0400] "GET /2879127536 HTTP/1.1" 404 6971 "-" "Mozilla/5.0 AppleWebKit/537.36 (KHTML, like Gecko; compatible; ClaudeBot/1.0; +claudebot@anthropic.com)"
216.73.216.132 - - [19/Sep/2025:01:56:19 -0400] "GET /61137013570 HTTP/1.1" 404 6971 "-" "Mozilla/5.0 AppleWebKit/537.36 (KHTML, like Gecko; compatible; ClaudeBot/1.0; +claudebot@anthropic.com)"
216.73.216.132 - - [19/Sep/2025:01:56:21 -0400] "GET /1991839 HTTP/1.1" 404 6971 "-" "Mozilla/5.0 AppleWebKit/537.36 (KHTML, like Gecko; compatible; ClaudeBot/1.0; +claudebot@anthropic.com)"
216.73.216.132 - - [19/Sep/2025:01:56:22 -0400] "GET /68357457257 HTTP/1.1" 404 6971 "-" "Mozilla/5.0 AppleWebKit/537.36 (KHTML, like Gecko; compatible; ClaudeBot/1.0; +claudebot@anthropic.com)"
216.73.216.132 - - [19/Sep/2025:01:56:23 -0400] "GET /483058610 HTTP/1.1" 404 6971 "-" "Mozilla/5.0 AppleWebKit/537.36 (KHTML, like Gecko; compatible; ClaudeBot/1.0; +claudebot@anthropic.com)"
216.73.216.132 - - [19/Sep/2025:01:56:23 -0400] "GET /48903041 HTTP/1.1" 404 6971 "-" "Mozilla/5.0 AppleWebKit/537.36 (KHTML, like Gecko; compatible; ClaudeBot/1.0; +claudebot@anthropic.com)"
216.73.216.132 - - [19/Sep/2025:01:56:24 -0400] "GET /6606119 HTTP/1.1" 404 6971 "-" "Mozilla/5.0 AppleWebKit/537.36 (KHTML, like Gecko; compatible; ClaudeBot/1.0; +claudebot@anthropic.com)"
216.73.216.132 - - [19/Sep/2025:01:56:26 -0400] "GET /17046930 HTTP/1.1" 404 6971 "-" "Mozilla/5.0 AppleWebKit/537.36 (KHTML, like Gecko; compatible; ClaudeBot/1.0; +claudebot@anthropic.com)"
216.73.216.132 - - [19/Sep/2025:01:56:53 -0400] "GET /94878390 HTTP/1.1" 404 4886 "-" "Mozilla/5.0 AppleWebKit/537.36 (KHTML, like Gecko; compatible; ClaudeBot/1.0; +claudebot@anthropic.com)"
216.73.216.132 - - [19/Sep/2025:01:56:53 -0400] "GET /4109943 HTTP/1.1" 404 6971 "-" "Mozilla/5.0 AppleWebKit/537.36 (KHTML, like Gecko; compatible; ClaudeBot/1.0; +claudebot@anthropic.com)"
216.73.216.132 - - [19/Sep/2025:01:56:54 -0400] "GET /3893454 HTTP/1.1" 404 4886 "-" "Mozilla/5.0 AppleWebKit/537.36 (KHTML, like Gecko; compatible; ClaudeBot/1.0; +claudebot@anthropic.com)"
216.73.216.132 - - [19/Sep/2025:01:56:54 -0400] "GET /1263154425 HTTP/1.1" 404 6971 "-" "Mozilla/5.0 AppleWebKit/537.36 (KHTML, like Gecko; compatible; ClaudeBot/1.0; +claudebot@anthropic.com)"
216.73.216.132 - - [19/Sep/2025:01:56:57 -0400] "GET /63528773576 HTTP/1.1" 404 6971 "-" "Mozilla/5.0 AppleWebKit/537.36 (KHTML, like Gecko; compatible; ClaudeBot/1.0; +claudebot@anthropic.com)"
216.73.216.132 - - [19/Sep/2025:01:56:56 -0400] "GET /751405505 HTTP/1.1" 404 6971 "-" "Mozilla/5.0 AppleWebKit/537.36 (KHTML, like Gecko; compatible; ClaudeBot/1.0; +claudebot@anthropic.com)"
216.73.216.132 - - [19/Sep/2025:01:56:57 -0400] "GET /75217476073 HTTP/1.1" 404 10060 "-" "Mozilla/5.0 AppleWebKit/537.36 (KHTML, like Gecko; compatible; ClaudeBot/1.0; +claudebot@anthropic.com)"
216.73.216.132 - - [19/Sep/2025:01:56:57 -0400] "GET /6145958 HTTP/1.1" 404 10111 "-" "Mozilla/5.0 AppleWebKit/537.36 (KHTML, like Gecko; compatible; ClaudeBot/1.0; +claudebot@anthropic.com)"
216.73.216.132 - - [19/Sep/2025:01:56:59 -0400] "GET /8485866333 HTTP/1.1" 404 6971 "-" "Mozilla/5.0 AppleWebKit/537.36 (KHTML, like Gecko; compatible; ClaudeBot/1.0; +claudebot@anthropic.com)"
216.73.216.132 - - [19/Sep/2025:01:56:59 -0400] "GET /924689770 HTTP/1.1" 404 6971 "-" "Mozilla/5.0 AppleWebKit/537.36 (KHTML, like Gecko; compatible; ClaudeBot/1.0; +claudebot@anthropic.com)"
216.73.216.132 - - [19/Sep/2025:01:56:59 -0400] "GET /5874709645 HTTP/1.1" 404 6971 "-" "Mozilla/5.0 AppleWebKit/537.36 (KHTML, like Gecko; compatible; ClaudeBot/1.0; +claudebot@anthropic.com)"
216.73.216.132 - - [19/Sep/2025:01:57:00 -0400] "GET /91917756 HTTP/1.1" 404 6971 "-" "Mozilla/5.0 AppleWebKit/537.36 (KHTML, like Gecko; compatible; ClaudeBot/1.0; +claudebot@anthropic.com)"
216.73.216.132 - - [19/Sep/2025:01:57:00 -0400] "GET /1462697670 HTTP/1.1" 404 6971 "-" "Mozilla/5.0 AppleWebKit/537.36 (KHTML, like Gecko; compatible; ClaudeBot/1.0; +claudebot@anthropic.com)"
216.73.216.132 - - [19/Sep/2025:01:57:00 -0400] "GET /2813703 HTTP/1.1" 404 7006 "-" "Mozilla/5.0 AppleWebKit/537.36 (KHTML, like Gecko; compatible; ClaudeBot/1.0; +claudebot@anthropic.com)"
216.73.216.132 - - [19/Sep/2025:01:57:01 -0400] "GET /5826954699 HTTP/1.1" 404 6971 "-" "Mozilla/5.0 AppleWebKit/537.36 (KHTML, like Gecko; compatible; ClaudeBot/1.0; +claudebot@anthropic.com)"
216.73.216.132 - - [19/Sep/2025:01:57:01 -0400] "GET /8068249 HTTP/1.1" 404 7006 "-" "Mozilla/5.0 AppleWebKit/537.36 (KHTML, like Gecko; compatible; ClaudeBot/1.0; +claudebot@anthropic.com)"
216.73.216.132 - - [19/Sep/2025:01:57:02 -0400] "GET /2847236506 HTTP/1.1" 404 6971 "-" "Mozilla/5.0 AppleWebKit/537.36 (KHTML, like Gecko; compatible; ClaudeBot/1.0; +claudebot@anthropic.com)"
216.73.216.132 - - [19/Sep/2025:01:57:02 -0400] "GET /795325414 HTTP/1.1" 404 6971 "-" "Mozilla/5.0 AppleWebKit/537.36 (KHTML, like Gecko; compatible; ClaudeBot/1.0; +claudebot@anthropic.com)"
216.73.216.132 - - [19/Sep/2025:01:57:03 -0400] "GET /76637397 HTTP/1.1" 404 6971 "-" "Mozilla/5.0 AppleWebKit/537.36 (KHTML, like Gecko; compatible; ClaudeBot/1.0; +claudebot@anthropic.com)"
216.73.216.132 - - [19/Sep/2025:01:57:03 -0400] "GET /1799527180 HTTP/1.1" 404 6971 "-" "Mozilla/5.0 AppleWebKit/537.36 (KHTML, like Gecko; compatible; ClaudeBot/1.0; +claudebot@anthropic.com)"
216.73.216.132 - - [19/Sep/2025:01:57:03 -0400] "GET /648020859 HTTP/1.1" 404 6971 "-" "Mozilla/5.0 AppleWebKit/537.36 (KHTML, like Gecko; compatible; ClaudeBot/1.0; +claudebot@anthropic.com)"
216.73.216.132 - - [19/Sep/2025:01:57:03 -0400] "GET /6384257983 HTTP/1.1" 404 9653 "-" "Mozilla/5.0 AppleWebKit/537.36 (KHTML, like Gecko; compatible; ClaudeBot/1.0; +claudebot@anthropic.com)"
216.73.216.132 - - [19/Sep/2025:01:57:04 -0400] "GET /3721720023 HTTP/1.1" 404 6971 "-" "Mozilla/5.0 AppleWebKit/537.36 (KHTML, like Gecko; compatible; ClaudeBot/1.0; +claudebot@anthropic.com)"
216.73.216.132 - - [19/Sep/2025:01:57:04 -0400] "GET /7114681674 HTTP/1.1" 404 6971 "-" "Mozilla/5.0 AppleWebKit/537.36 (KHTML, like Gecko; compatible; ClaudeBot/1.0; +claudebot@anthropic.com)"
216.73.216.132 - - [19/Sep/2025:01:57:05 -0400] "GET /82983829204 HTTP/1.1" 404 6971 "-" "Mozilla/5.0 AppleWebKit/537.36 (KHTML, like Gecko; compatible; ClaudeBot/1.0; +claudebot@anthropic.com)"
216.73.216.132 - - [19/Sep/2025:01:57:05 -0400] "GET /55293495 HTTP/1.1" 404 6971 "-" "Mozilla/5.0 AppleWebKit/537.36 (KHTML, like Gecko; compatible; ClaudeBot/1.0; +claudebot@anthropic.com)"
216.73.216.132 - - [19/Sep/2025:01:57:05 -0400] "GET /6513002212 HTTP/1.1" 404 6971 "-" "Mozilla/5.0 AppleWebKit/537.36 (KHTML, like Gecko; compatible; ClaudeBot/1.0; +claudebot@anthropic.com)"
216.73.216.132 - - [19/Sep/2025:01:57:06 -0400] "GET /74694030 HTTP/1.1" 404 6971 "-" "Mozilla/5.0 AppleWebKit/537.36 (KHTML, like Gecko; compatible; ClaudeBot/1.0; +claudebot@anthropic.com)"
216.73.216.132 - - [19/Sep/2025:01:57:06 -0400] "GET /824442047 HTTP/1.1" 404 4886 "-" "Mozilla/5.0 AppleWebKit/537.36 (KHTML, like Gecko; compatible; ClaudeBot/1.0; +claudebot@anthropic.com)"
216.73.216.132 - - [19/Sep/2025:01:57:06 -0400] "GET /895615534 HTTP/1.1" 404 6971 "-" "Mozilla/5.0 AppleWebKit/537.36 (KHTML, like Gecko; compatible; ClaudeBot/1.0; +claudebot@anthropic.com)"
216.73.216.132 - - [19/Sep/2025:01:57:07 -0400] "GET /648487480 HTTP/1.1" 404 4886 "-" "Mozilla/5.0 AppleWebKit/537.36 (KHTML, like Gecko; compatible; ClaudeBot/1.0; +claudebot@anthropic.com)"
66.249.65.70 - - [19/Sep/2025:01:57:48 -0400] "GET /864030784 HTTP/1.1" 200 24277 "-" "Mozilla/5.0 (Linux; Android 6.0.1; Nexus 5X Build/MMB29P) AppleWebKit/537.36 (KHTML, like Gecko) Chrome/140.0.7339.127 Mobile Safari/537.36 (compatible; GoogleOther)"
147.79.59.16 - - [19/Sep/2025:01:58:13 -0400] "GET /wp-content/plugins/fusion-core/js/min/default.php HTTP/1.1" 200 3270 "http://www.openurls.com.cn/" "Mozilla/5.0 (Windows NT 10.0; Win64; x64) AppleWebKit/537.36 (KHTML, like Gecko) Chrome/140.0.0.0 Safari/537.36"
147.79.59.16 - - [19/Sep/2025:01:58:15 -0400] "GET /favicon.ico HTTP/1.1" 404 1251 "http://vohradecor.com/wp-content/plugins/fusion-core/js/min/default.php" "Mozilla/5.0 (Windows NT 10.0; Win64; x64) AppleWebKit/537.36 (KHTML, like Gecko) Chrome/140.0.0.0 Safari/537.36"
147.79.59.16 - - [19/Sep/2025:01:58:16 -0400] "POST /wp-content/plugins/fusion-core/js/min/default.php HTTP/1.1" 200 4201 "http://vohradecor.com/wp-content/plugins/fusion-core/js/min/default.php" "Mozilla/5.0 (Windows NT 10.0; Win64; x64) AppleWebKit/537.36 (KHTML, like Gecko) Chrome/140.0.0.0 Safari/537.36"
216.73.216.132 - - [19/Sep/2025:01:58:31 -0400] "GET /9211184 HTTP/1.1" 404 6971 "-" "Mozilla/5.0 AppleWebKit/537.36 (KHTML, like Gecko; compatible; ClaudeBot/1.0; +claudebot@anthropic.com)"
216.73.216.132 - - [19/Sep/2025:01:58:32 -0400] "GET /10083782 HTTP/1.1" 404 7006 "-" "Mozilla/5.0 AppleWebKit/537.36 (KHTML, like Gecko; compatible; ClaudeBot/1.0; +claudebot@anthropic.com)"
216.73.216.132 - - [19/Sep/2025:01:58:32 -0400] "GET /27541240 HTTP/1.1" 404 6971 "-" "Mozilla/5.0 AppleWebKit/537.36 (KHTML, like Gecko; compatible; ClaudeBot/1.0; +claudebot@anthropic.com)"
216.73.216.132 - - [19/Sep/2025:01:58:35 -0400] "GET /17537202954 HTTP/1.1" 404 6971 "-" "Mozilla/5.0 AppleWebKit/537.36 (KHTML, like Gecko; compatible; ClaudeBot/1.0; +claudebot@anthropic.com)"
216.73.216.132 - - [19/Sep/2025:01:58:36 -0400] "GET /832451810 HTTP/1.1" 404 6971 "-" "Mozilla/5.0 AppleWebKit/537.36 (KHTML, like Gecko; compatible; ClaudeBot/1.0; +claudebot@anthropic.com)"
216.73.216.132 - - [19/Sep/2025:01:58:38 -0400] "GET /54214115517 HTTP/1.1" 404 6971 "-" "Mozilla/5.0 AppleWebKit/537.36 (KHTML, like Gecko; compatible; ClaudeBot/1.0; +claudebot@anthropic.com)"
216.73.216.132 - - [19/Sep/2025:01:58:39 -0400] "GET /461993598 HTTP/1.1" 404 4886 "-" "Mozilla/5.0 AppleWebKit/537.36 (KHTML, like Gecko; compatible; ClaudeBot/1.0; +claudebot@anthropic.com)"
216.73.216.132 - - [19/Sep/2025:01:58:40 -0400] "GET /5358313 HTTP/1.1" 404 6971 "-" "Mozilla/5.0 AppleWebKit/537.36 (KHTML, like Gecko; compatible; ClaudeBot/1.0; +claudebot@anthropic.com)"
147.79.59.16 - - [19/Sep/2025:01:58:41 -0400] "POST /wp-content/plugins/fusion-core/js/min/default.php HTTP/1.1" 200 5416 "http://vohradecor.com/wp-content/plugins/fusion-core/js/min/default.php" "Mozilla/5.0 (Windows NT 10.0; Win64; x64) AppleWebKit/537.36 (KHTML, like Gecko) Chrome/140.0.0.0 Safari/537.36"
216.73.216.132 - - [19/Sep/2025:01:58:43 -0400] "GET /3035087 HTTP/1.1" 404 6971 "-" "Mozilla/5.0 AppleWebKit/537.36 (KHTML, like Gecko; compatible; ClaudeBot/1.0; +claudebot@anthropic.com)"
216.73.216.132 - - [19/Sep/2025:01:58:45 -0400] "GET /6667880 HTTP/1.1" 404 6971 "-" "Mozilla/5.0 AppleWebKit/537.36 (KHTML, like Gecko; compatible; ClaudeBot/1.0; +claudebot@anthropic.com)"
147.79.59.16 - - [19/Sep/2025:01:58:46 -0400] "POST /wp-content/plugins/fusion-core/js/min/default.php HTTP/1.1" 200 5394 "http://vohradecor.com/wp-content/plugins/fusion-core/js/min/default.php" "Mozilla/5.0 (Windows NT 10.0; Win64; x64) AppleWebKit/537.36 (KHTML, like Gecko) Chrome/140.0.0.0 Safari/537.36"
147.79.59.16 - - [19/Sep/2025:01:58:47 -0400] "POST /wp-content/plugins/fusion-core/js/min/default.php HTTP/1.1" 200 10230 "http://vohradecor.com/wp-content/plugins/fusion-core/js/min/default.php" "Mozilla/5.0 (Windows NT 10.0; Win64; x64) AppleWebKit/537.36 (KHTML, like Gecko) Chrome/140.0.0.0 Safari/537.36"
216.73.216.132 - - [19/Sep/2025:01:58:48 -0400] "GET /1785292 HTTP/1.1" 404 6971 "-" "Mozilla/5.0 AppleWebKit/537.36 (KHTML, like Gecko; compatible; ClaudeBot/1.0; +claudebot@anthropic.com)"
216.73.216.132 - - [19/Sep/2025:01:58:49 -0400] "GET /724064483 HTTP/1.1" 404 6971 "-" "Mozilla/5.0 AppleWebKit/537.36 (KHTML, like Gecko; compatible; ClaudeBot/1.0; +claudebot@anthropic.com)"
147.79.59.16 - - [19/Sep/2025:01:58:52 -0400] "POST /wp-content/plugins/fusion-core/js/min/default.php HTTP/1.1" 200 10279 "http://vohradecor.com/wp-content/plugins/fusion-core/js/min/default.php" "Mozilla/5.0 (Windows NT 10.0; Win64; x64) AppleWebKit/537.36 (KHTML, like Gecko) Chrome/140.0.0.0 Safari/537.36"
216.73.216.132 - - [19/Sep/2025:01:58:52 -0400] "GET /67596545 HTTP/1.1" 404 6971 "-" "Mozilla/5.0 AppleWebKit/537.36 (KHTML, like Gecko; compatible; ClaudeBot/1.0; +claudebot@anthropic.com)"
216.73.216.132 - - [19/Sep/2025:01:58:54 -0400] "GET /84920022305 HTTP/1.1" 404 6971 "-" "Mozilla/5.0 AppleWebKit/537.36 (KHTML, like Gecko; compatible; ClaudeBot/1.0; +claudebot@anthropic.com)"
147.79.59.16 - - [19/Sep/2025:01:58:56 -0400] "POST /wp-content/plugins/fusion-core/js/min/default.php HTTP/1.1" 200 3992 "http://vohradecor.com/wp-content/plugins/fusion-core/js/min/default.php" "Mozilla/5.0 (Windows NT 10.0; Win64; x64) AppleWebKit/537.36 (KHTML, like Gecko) Chrome/140.0.0.0 Safari/537.36"
147.79.59.16 - - [19/Sep/2025:01:58:57 -0400] "POST /wp-content/plugins/fusion-core/js/min/default.php HTTP/1.1" 200 5411 "http://vohradecor.com/wp-content/plugins/fusion-core/js/min/default.php" "Mozilla/5.0 (Windows NT 10.0; Win64; x64) AppleWebKit/537.36 (KHTML, like Gecko) Chrome/140.0.0.0 Safari/537.36"
216.73.216.132 - - [19/Sep/2025:01:58:57 -0400] "GET /637730316 HTTP/1.1" 404 6971 "-" "Mozilla/5.0 AppleWebKit/537.36 (KHTML, like Gecko; compatible; ClaudeBot/1.0; +claudebot@anthropic.com)"
216.73.216.132 - - [19/Sep/2025:01:58:59 -0400] "GET /54893280608 HTTP/1.1" 404 6971 "-" "Mozilla/5.0 AppleWebKit/537.36 (KHTML, like Gecko; compatible; ClaudeBot/1.0; +claudebot@anthropic.com)"
216.73.216.132 - - [19/Sep/2025:01:59:01 -0400] "GET /6448036757 HTTP/1.1" 404 6971 "-" "Mozilla/5.0 AppleWebKit/537.36 (KHTML, like Gecko; compatible; ClaudeBot/1.0; +claudebot@anthropic.com)"
216.73.216.132 - - [19/Sep/2025:01:59:02 -0400] "GET /2980130 HTTP/1.1" 404 6971 "-" "Mozilla/5.0 AppleWebKit/537.36 (KHTML, like Gecko; compatible; ClaudeBot/1.0; +claudebot@anthropic.com)"
216.73.216.132 - - [19/Sep/2025:01:59:04 -0400] "GET /96835722296 HTTP/1.1" 404 6971 "-" "Mozilla/5.0 AppleWebKit/537.36 (KHTML, like Gecko; compatible; ClaudeBot/1.0; +claudebot@anthropic.com)"
147.79.59.16 - - [19/Sep/2025:01:59:05 -0400] "POST /wp-content/plugins/fusion-core/js/min/default.php HTTP/1.1" 200 4987 "http://vohradecor.com/wp-content/plugins/fusion-core/js/min/default.php" "Mozilla/5.0 (Windows NT 10.0; Win64; x64) AppleWebKit/537.36 (KHTML, like Gecko) Chrome/140.0.0.0 Safari/537.36"
216.73.216.132 - - [19/Sep/2025:01:59:05 -0400] "GET /19982759 HTTP/1.1" 404 6971 "-" "Mozilla/5.0 AppleWebKit/537.36 (KHTML, like Gecko; compatible; ClaudeBot/1.0; +claudebot@anthropic.com)"
216.73.216.132 - - [19/Sep/2025:01:59:06 -0400] "GET /85460460 HTTP/1.1" 404 6971 "-" "Mozilla/5.0 AppleWebKit/537.36 (KHTML, like Gecko; compatible; ClaudeBot/1.0; +claudebot@anthropic.com)"
147.79.59.16 - - [19/Sep/2025:01:59:08 -0400] "POST /wp-content/plugins/fusion-core/js/min/default.php HTTP/1.1" 200 3204 "http://vohradecor.com/wp-content/plugins/fusion-core/js/min/default.php" "Mozilla/5.0 (Windows NT 10.0; Win64; x64) AppleWebKit/537.36 (KHTML, like Gecko) Chrome/140.0.0.0 Safari/537.36"
147.79.59.16 - - [19/Sep/2025:01:59:09 -0400] "POST /wp-content/plugins/fusion-core/js/min/default.php HTTP/1.1" 200 4960 "http://vohradecor.com/wp-content/plugins/fusion-core/js/min/default.php" "Mozilla/5.0 (Windows NT 10.0; Win64; x64) AppleWebKit/537.36 (KHTML, like Gecko) Chrome/140.0.0.0 Safari/537.36"
216.73.216.132 - - [19/Sep/2025:01:59:09 -0400] "GET /5578367 HTTP/1.1" 404 6971 "-" "Mozilla/5.0 AppleWebKit/537.36 (KHTML, like Gecko; compatible; ClaudeBot/1.0; +claudebot@anthropic.com)"
147.79.59.16 - - [19/Sep/2025:01:59:11 -0400] "POST /wp-content/plugins/fusion-core/js/min/default.php HTTP/1.1" 200 5033 "http://vohradecor.com/wp-content/plugins/fusion-core/js/min/default.php" "Mozilla/5.0 (Windows NT 10.0; Win64; x64) AppleWebKit/537.36 (KHTML, like Gecko) Chrome/140.0.0.0 Safari/537.36"
147.79.59.16 - - [19/Sep/2025:01:59:12 -0400] "POST /wp-content/plugins/fusion-core/js/min/default.php HTTP/1.1" 200 19224 "http://vohradecor.com/wp-content/plugins/fusion-core/js/min/default.php" "Mozilla/5.0 (Windows NT 10.0; Win64; x64) AppleWebKit/537.36 (KHTML, like Gecko) Chrome/140.0.0.0 Safari/537.36"
147.79.59.16 - - [19/Sep/2025:01:59:13 -0400] "POST /wp-content/plugins/fusion-core/js/min/default.php HTTP/1.1" 200 3238 "http://vohradecor.com/wp-content/plugins/fusion-core/js/min/default.php" "Mozilla/5.0 (Windows NT 10.0; Win64; x64) AppleWebKit/537.36 (KHTML, like Gecko) Chrome/140.0.0.0 Safari/537.36"
216.73.216.132 - - [19/Sep/2025:01:59:13 -0400] "GET /5155987 HTTP/1.1" 404 6971 "-" "Mozilla/5.0 AppleWebKit/537.36 (KHTML, like Gecko; compatible; ClaudeBot/1.0; +claudebot@anthropic.com)"
147.79.59.16 - - [19/Sep/2025:01:59:15 -0400] "POST /wp-content/plugins/fusion-core/js/min/default.php HTTP/1.1" 200 12281 "http://vohradecor.com/wp-content/plugins/fusion-core/js/min/default.php" "Mozilla/5.0 (Windows NT 10.0; Win64; x64) AppleWebKit/537.36 (KHTML, like Gecko) Chrome/140.0.0.0 Safari/537.36"
147.79.59.16 - - [19/Sep/2025:01:59:16 -0400] "POST /wp-content/plugins/fusion-core/js/min/default.php HTTP/1.1" 200 5080 "http://vohradecor.com/wp-content/plugins/fusion-core/js/min/default.php" "Mozilla/5.0 (Windows NT 10.0; Win64; x64) AppleWebKit/537.36 (KHTML, like Gecko) Chrome/140.0.0.0 Safari/537.36"
216.73.216.132 - - [19/Sep/2025:01:59:16 -0400] "GET /3767213 HTTP/1.1" 404 6971 "-" "Mozilla/5.0 AppleWebKit/537.36 (KHTML, like Gecko; compatible; ClaudeBot/1.0; +claudebot@anthropic.com)"
147.79.59.16 - - [19/Sep/2025:01:59:18 -0400] "GET //jp2023 HTTP/1.1" 404 57 "-" "Mozilla/5.0 (Windows NT 10.0; Win64; x64) AppleWebKit/537.36 (KHTML, like Gecko) Chrome/140.0.0.0 Safari/537.36"
216.73.216.132 - - [19/Sep/2025:01:59:18 -0400] "GET /52788875257 HTTP/1.1" 404 6971 "-" "Mozilla/5.0 AppleWebKit/537.36 (KHTML, like Gecko; compatible; ClaudeBot/1.0; +claudebot@anthropic.com)"
216.73.216.132 - - [19/Sep/2025:01:59:20 -0400] "GET /72152510 HTTP/1.1" 404 6971 "-" "Mozilla/5.0 AppleWebKit/537.36 (KHTML, like Gecko; compatible; ClaudeBot/1.0; +claudebot@anthropic.com)"
147.79.59.16 - - [19/Sep/2025:01:59:22 -0400] "POST /wp-content/plugins/fusion-core/js/min/default.php HTTP/1.1" 200 5030 "http://vohradecor.com/wp-content/plugins/fusion-core/js/min/default.php" "Mozilla/5.0 (Windows NT 10.0; Win64; x64) AppleWebKit/537.36 (KHTML, like Gecko) Chrome/140.0.0.0 Safari/537.36"
