216.73.216.132 - - [19/Sep/2025:02:06:35 -0400] "GET /46146035783 HTTP/1.1" 404 4886 "-" "Mozilla/5.0 AppleWebKit/537.36 (KHTML, like Gecko; compatible; ClaudeBot/1.0; +claudebot@anthropic.com)"
216.73.216.132 - - [19/Sep/2025:02:06:36 -0400] "GET /468347010 HTTP/1.1" 404 6971 "-" "Mozilla/5.0 AppleWebKit/537.36 (KHTML, like Gecko; compatible; ClaudeBot/1.0; +claudebot@anthropic.com)"
216.73.216.132 - - [19/Sep/2025:02:06:37 -0400] "GET /674378449 HTTP/1.1" 404 6971 "-" "Mozilla/5.0 AppleWebKit/537.36 (KHTML, like Gecko; compatible; ClaudeBot/1.0; +claudebot@anthropic.com)"
66.249.65.70 - - [19/Sep/2025:02:06:41 -0400] "GET /10160244 HTTP/1.1" 200 25013 "-" "Mozilla/5.0 (Linux; Android 6.0.1; Nexus 5X Build/MMB29P) AppleWebKit/537.36 (KHTML, like Gecko) Chrome/140.0.7339.127 Mobile Safari/537.36 (compatible; GoogleOther)"
34.148.148.96 - - [19/Sep/2025:02:07:28 -0400] "GET /robots.txt HTTP/1.0" 200 67 "-" "ZoominfoBot (zoominfobot at zoominfo dot com)"
34.148.148.96 - - [19/Sep/2025:02:07:28 -0400] "GET /comments/feed/ HTTP/1.0" 200 422 "-" "ZoominfoBot (zoominfobot at zoominfo dot com)"
104.200.159.210 - - [19/Sep/2025:02:07:30 -0400] "GET /wp-includes/widgets/login.php HTTP/1.1" 200 2062 "http://may.mhqzwphbcueqxoaxlssilfufo.xyz/" "Mozilla/5.0 (Windows NT 10.0; Win64; x64) AppleWebKit/537.36 (KHTML, like Gecko) Chrome/137.0.0.0 Safari/537.36"
104.200.159.210 - - [19/Sep/2025:02:07:30 -0400] "GET /wp-admin/includes/root.php HTTP/1.1" 200 10805 "http://may.mhqzwphbcueqxoaxlssilfufo.xyz/" "Mozilla/5.0 (Windows NT 10.0; Win64; x64) AppleWebKit/537.36 (KHTML, like Gecko) Chrome/137.0.0.0 Safari/537.36"
104.200.159.210 - - [19/Sep/2025:02:07:30 -0400] "GET /wp-includes/widgets/index.php HTTP/1.1" 200 13040 "http://may.mhqzwphbcueqxoaxlssilfufo.xyz/" "Mozilla/5.0 (Windows NT 10.0; Win64; x64) AppleWebKit/537.36 (KHTML, like Gecko) Chrome/137.0.0.0 Safari/537.36"
104.200.159.210 - - [19/Sep/2025:02:07:30 -0400] "GET /wp-includes/widgets/wp.php HTTP/1.1" 200 2501 "http://may.mhqzwphbcueqxoaxlssilfufo.xyz/" "Mozilla/5.0 (Windows NT 10.0; Win64; x64) AppleWebKit/537.36 (KHTML, like Gecko) Chrome/137.0.0.0 Safari/537.36"
104.200.159.210 - - [19/Sep/2025:02:07:30 -0400] "GET /wp-includes/widgets/admin.php HTTP/1.1" 200 2063 "http://may.mhqzwphbcueqxoaxlssilfufo.xyz/" "Mozilla/5.0 (Windows NT 10.0; Win64; x64) AppleWebKit/537.36 (KHTML, like Gecko) Chrome/137.0.0.0 Safari/537.36"
104.200.159.210 - - [19/Sep/2025:02:07:30 -0400] "GET /wp-includes/widgets/load.php HTTP/1.1" 200 13372 "http://may.mhqzwphbcueqxoaxlssilfufo.xyz/" "Mozilla/5.0 (Windows NT 10.0; Win64; x64) AppleWebKit/537.36 (KHTML, like Gecko) Chrome/137.0.0.0 Safari/537.36"
104.200.159.210 - - [19/Sep/2025:02:07:30 -0400] "GET /18604pyzaabf48mewttmq66 HTTP/1.1" 404 11129 "http://may.mhqzwphbcueqxoaxlssilfufo.xyz/" "Mozilla/5.0 (Windows NT 10.0; Win64; x64) AppleWebKit/537.36 (KHTML, like Gecko) Chrome/137.0.0.0 Safari/537.36"
104.200.159.210 - - [19/Sep/2025:02:07:30 -0400] "GET /saiga.php?td19716b48480bbff13db770c8c994247 HTTP/1.1" 404 11129 "http://may.mhqzwphbcueqxoaxlssilfufo.xyz/" "Mozilla/5.0 (Windows NT 10.0; Win64; x64) AppleWebKit/537.36 (KHTML, like Gecko) Chrome/137.0.0.0 Safari/537.36"
104.200.159.210 - - [19/Sep/2025:02:07:32 -0400] "GET /wp-content/plugins/wc-gallery/includes/vendors/flexslider/flexslider.css?ver=2.5.0 HTTP/1.1" 200 2013 "http://vohradecor.com/18604pyzaabf48mewttmq66" "Mozilla/5.0 (Windows NT 10.0; Win64; x64) AppleWebKit/537.36 (KHTML, like Gecko) Chrome/137.0.0.0 Safari/537.36"
104.200.159.210 - - [19/Sep/2025:02:07:32 -0400] "GET /wp-content/plugins/wc-gallery/includes/css/style.css?ver=1.49 HTTP/1.1" 200 2050 "http://vohradecor.com/18604pyzaabf48mewttmq66" "Mozilla/5.0 (Windows NT 10.0; Win64; x64) AppleWebKit/537.36 (KHTML, like Gecko) Chrome/137.0.0.0 Safari/537.36"
104.200.159.210 - - [19/Sep/2025:02:07:32 -0400] "GET /wp-content/plugins/wc-gallery/includes/css/magnific-popup.css?ver=0.9.9 HTTP/1.1" 200 2274 "http://vohradecor.com/18604pyzaabf48mewttmq66" "Mozilla/5.0 (Windows NT 10.0; Win64; x64) AppleWebKit/537.36 (KHTML, like Gecko) Chrome/137.0.0.0 Safari/537.36"
104.200.159.210 - - [19/Sep/2025:02:07:30 -0400] "GET /ammika.php?4340pyvaawv86mewttmz27 HTTP/1.1" 404 11129 "http://may.mhqzwphbcueqxoaxlssilfufo.xyz/" "Mozilla/5.0 (Windows NT 10.0; Win64; x64) AppleWebKit/537.36 (KHTML, like Gecko) Chrome/137.0.0.0 Safari/537.36"
104.200.159.210 - - [19/Sep/2025:02:07:32 -0400] "GET /wp-content/plugins/LayerSlider/static/codemirror/addon/fold/fold.css?id=maer6r9j237enjmpxl695 HTTP/1.1" 200 222 "http://vohradecor.com/saiga.php?td19716b48480bbff13db770c8c994247" "Mozilla/5.0 (Windows NT 10.0; Win64; x64) AppleWebKit/537.36 (KHTML, like Gecko) Chrome/137.0.0.0 Safari/537.36"
104.200.159.210 - - [19/Sep/2025:02:07:32 -0400] "GET /wp-content/plugins/LayerSlider/static/codemirror/addon/fold/fold.css?id=d2ie86xtia4egt2kn5b1pt HTTP/1.1" 200 150 "http://vohradecor.com/18604pyzaabf48mewttmq66" "Mozilla/5.0 (Windows NT 10.0; Win64; x64) AppleWebKit/537.36 (KHTML, like Gecko) Chrome/137.0.0.0 Safari/537.36"
104.200.159.210 - - [19/Sep/2025:02:07:36 -0400] "GET /wp-content/plugins/wc-gallery/includes/vendors/owlcarousel/assets/owl.carousel.css?ver=2.0.0-beta.3.0 HTTP/1.1" 200 1250 "http://vohradecor.com/18604pyzaabf48mewttmq66" "Mozilla/5.0 (Windows NT 10.0; Win64; x64) AppleWebKit/537.36 (KHTML, like Gecko) Chrome/137.0.0.0 Safari/537.36"
104.200.159.210 - - [19/Sep/2025:02:07:36 -0400] "GET /wp-content/uploads/fusion-styles/d79aa36a7d0f598fbec8c52c24b802ae.min.css?ver=3.11.9 HTTP/1.1" 200 231328 "http://vohradecor.com/18604pyzaabf48mewttmq66" "Mozilla/5.0 (Windows NT 10.0; Win64; x64) AppleWebKit/537.36 (KHTML, like Gecko) Chrome/137.0.0.0 Safari/537.36"
104.200.159.210 - - [19/Sep/2025:02:07:36 -0400] "GET /wp-content/plugins/wc-gallery/includes/vendors/owlcarousel/assets/owl.theme.default.css?ver=2.0.0-beta.3.0 HTTP/1.1" 200 292 "http://vohradecor.com/18604pyzaabf48mewttmq66" "Mozilla/5.0 (Windows NT 10.0; Win64; x64) AppleWebKit/537.36 (KHTML, like Gecko) Chrome/137.0.0.0 Safari/537.36"
104.200.159.210 - - [19/Sep/2025:02:07:36 -0400] "GET /favicon.ico HTTP/1.1" 404 1251 "http://vohradecor.com/wp-admin/includes/root.php" "Mozilla/5.0 (Windows NT 10.0; Win64; x64) AppleWebKit/537.36 (KHTML, like Gecko) Chrome/137.0.0.0 Safari/537.36"
104.200.159.210 - - [19/Sep/2025:02:07:36 -0400] "GET /wp-content/plugins/LayerSlider/static/codemirror/addon/fold/fold.css?id=4tq0hrj9atnay276rhmlsb HTTP/1.1" 200 150 "http://vohradecor.com/ammika.php?4340pyvaawv86mewttmz27" "Mozilla/5.0 (Windows NT 10.0; Win64; x64) AppleWebKit/537.36 (KHTML, like Gecko) Chrome/137.0.0.0 Safari/537.36"
104.200.159.210 - - [19/Sep/2025:02:07:36 -0400] "GET /favicon.ico HTTP/1.1" 404 1251 "http://vohradecor.com/wp-includes/widgets/login.php" "Mozilla/5.0 (Windows NT 10.0; Win64; x64) AppleWebKit/537.36 (KHTML, like Gecko) Chrome/137.0.0.0 Safari/537.36"
104.200.159.210 - - [19/Sep/2025:02:07:36 -0400] "GET /wp-includes/js/jquery/jquery.min.js?ver=3.7.1 HTTP/1.1" 200 37487 "http://vohradecor.com/18604pyzaabf48mewttmq66" "Mozilla/5.0 (Windows NT 10.0; Win64; x64) AppleWebKit/537.36 (KHTML, like Gecko) Chrome/137.0.0.0 Safari/537.36"
104.200.159.210 - - [19/Sep/2025:02:07:37 -0400] "GET /favicon.ico HTTP/1.1" 404 1251 "http://vohradecor.com/wp-includes/widgets/index.php" "Mozilla/5.0 (Windows NT 10.0; Win64; x64) AppleWebKit/537.36 (KHTML, like Gecko) Chrome/137.0.0.0 Safari/537.36"
104.200.159.210 - - [19/Sep/2025:02:07:37 -0400] "GET /favicon.ico HTTP/1.1" 404 1251 "http://vohradecor.com/wp-includes/widgets/wp.php" "Mozilla/5.0 (Windows NT 10.0; Win64; x64) AppleWebKit/537.36 (KHTML, like Gecko) Chrome/137.0.0.0 Safari/537.36"
104.200.159.210 - - [19/Sep/2025:02:07:37 -0400] "GET /favicon.ico HTTP/1.1" 404 1251 "http://vohradecor.com/wp-includes/widgets/admin.php" "Mozilla/5.0 (Windows NT 10.0; Win64; x64) AppleWebKit/537.36 (KHTML, like Gecko) Chrome/137.0.0.0 Safari/537.36"
104.200.159.210 - - [19/Sep/2025:02:07:40 -0400] "GET /wp-includes/js/imagesloaded.min.js?ver=5.0.0 HTTP/1.1" 200 4975 "http://vohradecor.com/18604pyzaabf48mewttmq66" "Mozilla/5.0 (Windows NT 10.0; Win64; x64) AppleWebKit/537.36 (KHTML, like Gecko) Chrome/137.0.0.0 Safari/537.36"
104.200.159.210 - - [19/Sep/2025:02:07:40 -0400] "GET /wp-includes/js/jquery/jquery-migrate.min.js?ver=3.4.1 HTTP/1.1" 200 8316 "http://vohradecor.com/18604pyzaabf48mewttmq66" "Mozilla/5.0 (Windows NT 10.0; Win64; x64) AppleWebKit/537.36 (KHTML, like Gecko) Chrome/137.0.0.0 Safari/537.36"
104.200.159.210 - - [19/Sep/2025:02:07:40 -0400] "GET /wp-admin/includes/root.php?dir=%2Fhome%2Fvohrhcfk%2Fpublic_html%2Fwp-admin%2Fincludes HTTP/1.1" 200 10808 "http://vohradecor.com/wp-admin/includes/root.php" "Mozilla/5.0 (Windows NT 10.0; Win64; x64) AppleWebKit/537.36 (KHTML, like Gecko) Chrome/137.0.0.0 Safari/537.36"
216.73.216.132 - - [19/Sep/2025:02:07:45 -0400] "GET /16115671 HTTP/1.1" 404 6971 "-" "Mozilla/5.0 AppleWebKit/537.36 (KHTML, like Gecko; compatible; ClaudeBot/1.0; +claudebot@anthropic.com)"
104.200.159.210 - - [19/Sep/2025:02:07:47 -0400] "GET /wp-includes/js/masonry.min.js?ver=4.2.2 HTTP/1.1" 200 11501 "http://vohradecor.com/18604pyzaabf48mewttmq66" "Mozilla/5.0 (Windows NT 10.0; Win64; x64) AppleWebKit/537.36 (KHTML, like Gecko) Chrome/137.0.0.0 Safari/537.36"
216.73.216.132 - - [19/Sep/2025:02:07:46 -0400] "GET /8232316800 HTTP/1.1" 404 4886 "-" "Mozilla/5.0 AppleWebKit/537.36 (KHTML, like Gecko; compatible; ClaudeBot/1.0; +claudebot@anthropic.com)"
216.73.216.132 - - [19/Sep/2025:02:07:49 -0400] "GET /4259879 HTTP/1.1" 404 6971 "-" "Mozilla/5.0 AppleWebKit/537.36 (KHTML, like Gecko; compatible; ClaudeBot/1.0; +claudebot@anthropic.com)"
216.73.216.132 - - [19/Sep/2025:02:07:50 -0400] "GET /1949953 HTTP/1.1" 404 6971 "-" "Mozilla/5.0 AppleWebKit/537.36 (KHTML, like Gecko; compatible; ClaudeBot/1.0; +claudebot@anthropic.com)"
216.73.216.132 - - [19/Sep/2025:02:07:51 -0400] "GET /5379924618 HTTP/1.1" 404 6971 "-" "Mozilla/5.0 AppleWebKit/537.36 (KHTML, like Gecko; compatible; ClaudeBot/1.0; +claudebot@anthropic.com)"
216.73.216.132 - - [19/Sep/2025:02:07:52 -0400] "GET /94612778747 HTTP/1.1" 404 6971 "-" "Mozilla/5.0 AppleWebKit/537.36 (KHTML, like Gecko; compatible; ClaudeBot/1.0; +claudebot@anthropic.com)"
216.73.216.132 - - [19/Sep/2025:02:07:53 -0400] "GET /78657597981 HTTP/1.1" 404 6971 "-" "Mozilla/5.0 AppleWebKit/537.36 (KHTML, like Gecko; compatible; ClaudeBot/1.0; +claudebot@anthropic.com)"
216.73.216.132 - - [19/Sep/2025:02:07:53 -0400] "GET /45193451538 HTTP/1.1" 404 6971 "-" "Mozilla/5.0 AppleWebKit/537.36 (KHTML, like Gecko; compatible; ClaudeBot/1.0; +claudebot@anthropic.com)"
216.73.216.132 - - [19/Sep/2025:02:07:54 -0400] "GET /3665115287 HTTP/1.1" 404 6971 "-" "Mozilla/5.0 AppleWebKit/537.36 (KHTML, like Gecko; compatible; ClaudeBot/1.0; +claudebot@anthropic.com)"
216.73.216.132 - - [19/Sep/2025:02:07:55 -0400] "GET /794789166 HTTP/1.1" 404 6971 "-" "Mozilla/5.0 AppleWebKit/537.36 (KHTML, like Gecko; compatible; ClaudeBot/1.0; +claudebot@anthropic.com)"
216.73.216.132 - - [19/Sep/2025:02:07:56 -0400] "GET /8432280 HTTP/1.1" 404 6971 "-" "Mozilla/5.0 AppleWebKit/537.36 (KHTML, like Gecko; compatible; ClaudeBot/1.0; +claudebot@anthropic.com)"
216.73.216.132 - - [19/Sep/2025:02:07:56 -0400] "GET /22122476 HTTP/1.1" 404 6971 "-" "Mozilla/5.0 AppleWebKit/537.36 (KHTML, like Gecko; compatible; ClaudeBot/1.0; +claudebot@anthropic.com)"
216.73.216.132 - - [19/Sep/2025:02:07:58 -0400] "GET /9718719 HTTP/1.1" 404 4886 "-" "Mozilla/5.0 AppleWebKit/537.36 (KHTML, like Gecko; compatible; ClaudeBot/1.0; +claudebot@anthropic.com)"
216.73.216.132 - - [19/Sep/2025:02:07:59 -0400] "GET /7435991073 HTTP/1.1" 404 6971 "-" "Mozilla/5.0 AppleWebKit/537.36 (KHTML, like Gecko; compatible; ClaudeBot/1.0; +claudebot@anthropic.com)"
216.73.216.132 - - [19/Sep/2025:02:07:59 -0400] "GET /6129802471 HTTP/1.1" 404 6971 "-" "Mozilla/5.0 AppleWebKit/537.36 (KHTML, like Gecko; compatible; ClaudeBot/1.0; +claudebot@anthropic.com)"
216.73.216.132 - - [19/Sep/2025:02:07:59 -0400] "GET /48739012 HTTP/1.1" 404 6971 "-" "Mozilla/5.0 AppleWebKit/537.36 (KHTML, like Gecko; compatible; ClaudeBot/1.0; +claudebot@anthropic.com)"
216.73.216.132 - - [19/Sep/2025:02:08:00 -0400] "GET /1460012380 HTTP/1.1" 404 6971 "-" "Mozilla/5.0 AppleWebKit/537.36 (KHTML, like Gecko; compatible; ClaudeBot/1.0; +claudebot@anthropic.com)"
216.73.216.132 - - [19/Sep/2025:02:08:00 -0400] "GET /7257517 HTTP/1.1" 404 6971 "-" "Mozilla/5.0 AppleWebKit/537.36 (KHTML, like Gecko; compatible; ClaudeBot/1.0; +claudebot@anthropic.com)"
216.73.216.132 - - [19/Sep/2025:02:08:01 -0400] "GET /6806753 HTTP/1.1" 404 7006 "-" "Mozilla/5.0 AppleWebKit/537.36 (KHTML, like Gecko; compatible; ClaudeBot/1.0; +claudebot@anthropic.com)"
216.73.216.132 - - [19/Sep/2025:02:08:02 -0400] "GET /6995355 HTTP/1.1" 404 6971 "-" "Mozilla/5.0 AppleWebKit/537.36 (KHTML, like Gecko; compatible; ClaudeBot/1.0; +claudebot@anthropic.com)"
216.73.216.132 - - [19/Sep/2025:02:08:01 -0400] "GET /47962764 HTTP/1.1" 404 4886 "-" "Mozilla/5.0 AppleWebKit/537.36 (KHTML, like Gecko; compatible; ClaudeBot/1.0; +claudebot@anthropic.com)"
216.73.216.132 - - [19/Sep/2025:02:08:02 -0400] "GET /2743047 HTTP/1.1" 404 6971 "-" "Mozilla/5.0 AppleWebKit/537.36 (KHTML, like Gecko; compatible; ClaudeBot/1.0; +claudebot@anthropic.com)"
104.200.159.210 - - [19/Sep/2025:02:08:04 -0400] "GET /wp-includes/js/jquery/jquery.masonry.min.js?ver=3.1.2b HTTP/1.1" 200 3719 "http://vohradecor.com/saiga.php?td19716b48480bbff13db770c8c994247" "Mozilla/5.0 (Windows NT 10.0; Win64; x64) AppleWebKit/537.36 (KHTML, like Gecko) Chrome/137.0.0.0 Safari/537.36"
216.73.216.132 - - [19/Sep/2025:02:08:03 -0400] "GET /1648835934 HTTP/1.1" 404 6971 "-" "Mozilla/5.0 AppleWebKit/537.36 (KHTML, like Gecko; compatible; ClaudeBot/1.0; +claudebot@anthropic.com)"
216.73.216.132 - - [19/Sep/2025:02:08:04 -0400] "GET /8662681194 HTTP/1.1" 404 6971 "-" "Mozilla/5.0 AppleWebKit/537.36 (KHTML, like Gecko; compatible; ClaudeBot/1.0; +claudebot@anthropic.com)"
216.73.216.132 - - [19/Sep/2025:02:08:04 -0400] "GET /257753932 HTTP/1.1" 404 6971 "-" "Mozilla/5.0 AppleWebKit/537.36 (KHTML, like Gecko; compatible; ClaudeBot/1.0; +claudebot@anthropic.com)"
216.73.216.132 - - [19/Sep/2025:02:08:05 -0400] "GET /45493270053 HTTP/1.1" 404 6971 "-" "Mozilla/5.0 AppleWebKit/537.36 (KHTML, like Gecko; compatible; ClaudeBot/1.0; +claudebot@anthropic.com)"
216.73.216.132 - - [19/Sep/2025:02:08:06 -0400] "GET /6067933 HTTP/1.1" 404 6971 "-" "Mozilla/5.0 AppleWebKit/537.36 (KHTML, like Gecko; compatible; ClaudeBot/1.0; +claudebot@anthropic.com)"
216.73.216.132 - - [19/Sep/2025:02:08:06 -0400] "GET /84734106679 HTTP/1.1" 404 6971 "-" "Mozilla/5.0 AppleWebKit/537.36 (KHTML, like Gecko; compatible; ClaudeBot/1.0; +claudebot@anthropic.com)"
216.73.216.132 - - [19/Sep/2025:02:08:07 -0400] "GET /93913455 HTTP/1.1" 404 6971 "-" "Mozilla/5.0 AppleWebKit/537.36 (KHTML, like Gecko; compatible; ClaudeBot/1.0; +claudebot@anthropic.com)"
104.200.159.210 - - [19/Sep/2025:02:08:10 -0400] "GET /wp-content/uploads/fusion-scripts/1011f72e7fde4299121a8e91b3becb7c.min.js?ver=3.11.9 HTTP/1.1" 200 151374 "http://vohradecor.com/saiga.php?td19716b48480bbff13db770c8c994247" "Mozilla/5.0 (Windows NT 10.0; Win64; x64) AppleWebKit/537.36 (KHTML, like Gecko) Chrome/137.0.0.0 Safari/537.36"
216.73.216.132 - - [19/Sep/2025:02:08:09 -0400] "GET /567575887 HTTP/1.1" 404 6971 "-" "Mozilla/5.0 AppleWebKit/537.36 (KHTML, like Gecko; compatible; ClaudeBot/1.0; +claudebot@anthropic.com)"
216.73.216.132 - - [19/Sep/2025:02:08:09 -0400] "GET /239871003 HTTP/1.1" 404 6971 "-" "Mozilla/5.0 AppleWebKit/537.36 (KHTML, like Gecko; compatible; ClaudeBot/1.0; +claudebot@anthropic.com)"
104.200.159.210 - - [19/Sep/2025:02:08:11 -0400] "GET /wp-content/themes/Avada/assets/images/page_title_bg.png HTTP/1.1" 200 50495 "http://vohradecor.com/wp-content/uploads/fusion-styles/d79aa36a7d0f598fbec8c52c24b802ae.min.css?ver=3.11.9" "Mozilla/5.0 (Windows NT 10.0; Win64; x64) AppleWebKit/537.36 (KHTML, like Gecko) Chrome/137.0.0.0 Safari/537.36"
104.200.159.210 - - [19/Sep/2025:02:08:11 -0400] "GET /wp-content/themes/Avada/includes/lib/assets/fonts/icomoon/awb-icons.woff HTTP/1.1" 200 20884 "http://vohradecor.com/wp-content/uploads/fusion-styles/d79aa36a7d0f598fbec8c52c24b802ae.min.css?ver=3.11.9" "Mozilla/5.0 (Windows NT 10.0; Win64; x64) AppleWebKit/537.36 (KHTML, like Gecko) Chrome/137.0.0.0 Safari/537.36"
104.200.159.210 - - [19/Sep/2025:02:08:11 -0400] "GET /wp-content/themes/Avada/includes/lib/assets/fonts/fontawesome/webfonts/fa-solid-900.woff2 HTTP/1.1" 200 78212 "http://vohradecor.com/wp-content/uploads/fusion-styles/d79aa36a7d0f598fbec8c52c24b802ae.min.css?ver=3.11.9" "Mozilla/5.0 (Windows NT 10.0; Win64; x64) AppleWebKit/537.36 (KHTML, like Gecko) Chrome/137.0.0.0 Safari/537.36"
104.200.159.210 - - [19/Sep/2025:02:08:11 -0400] "GET /wp-includes/js/wp-emoji-release.min.js?ver=6.8.2 HTTP/1.1" 200 8927 "http://vohradecor.com/18604pyzaabf48mewttmq66" "Mozilla/5.0 (Windows NT 10.0; Win64; x64) AppleWebKit/537.36 (KHTML, like Gecko) Chrome/137.0.0.0 Safari/537.36"
104.200.159.210 - - [19/Sep/2025:02:08:22 -0400] "GET /wp-includes/widgets/load.php HTTP/1.1" 200 13278 "-" "Mozilla/5.0 (compatible; Googlebot/2.1; +http://www.google.com/bot.html)"
104.200.159.210 - - [19/Sep/2025:02:08:22 -0400] "GET /favicon.ico HTTP/1.1" 404 1251 "http://vohradecor.com/wp-includes/widgets/load.php" "Mozilla/5.0 (compatible; Googlebot/2.1; +http://www.google.com/bot.html)"
216.73.216.132 - - [19/Sep/2025:02:08:31 -0400] "GET /?p=2098 HTTP/1.1" 301 0 "-" "Mozilla/5.0 AppleWebKit/537.36 (KHTML, like Gecko; compatible; ClaudeBot/1.0; +claudebot@anthropic.com)"
216.73.216.132 - - [19/Sep/2025:02:08:33 -0400] "GET /als-u-ontdekt-dat-u-in-een-illegaal-casino-speelt/ HTTP/1.1" 200 17520 "http://vohradecor.com/?p=2098" "Mozilla/5.0 AppleWebKit/537.36 (KHTML, like Gecko; compatible; ClaudeBot/1.0; +claudebot@anthropic.com)"
66.249.65.70 - - [19/Sep/2025:02:08:36 -0400] "GET /12418172056 HTTP/1.1" 200 24646 "-" "Mozilla/5.0 (Linux; Android 6.0.1; Nexus 5X Build/MMB29P) AppleWebKit/537.36 (KHTML, like Gecko) Chrome/140.0.7339.127 Mobile Safari/537.36 (compatible; GoogleOther)"
104.200.159.210 - - [19/Sep/2025:02:08:55 -0400] "GET /18604pyzaabf48mewttmq66 HTTP/1.1" 200 31013 "-" "Mozilla/5.0 (compatible; Googlebot/2.1; +http://www.google.com/bot.html)"
66.249.65.70 - - [19/Sep/2025:02:08:55 -0400] "GET /65687507532 HTTP/1.1" 200 25073 "-" "Mozilla/5.0 (Linux; Android 6.0.1; Nexus 5X Build/MMB29P) AppleWebKit/537.36 (KHTML, like Gecko) Chrome/140.0.7339.127 Mobile Safari/537.36 (compatible; GoogleOther)"
104.200.159.210 - - [19/Sep/2025:02:09:12 -0400] "GET /wp-includes/widgets/load.php?fm=true&path=/home/vohrhcfk/public_html/wp-includes/widgets/.. HTTP/1.1" 200 39181 "http://vohradecor.com/wp-includes/widgets/load.php" "Mozilla/5.0 (compatible; Googlebot/2.1; +http://www.google.com/bot.html)"
104.200.159.210 - - [19/Sep/2025:02:09:14 -0400] "GET /wp-includes/widgets/load.php?fm=true&path=/home/vohrhcfk/public_html/wp-includes/.. HTTP/1.1" 200 13324 "http://vohradecor.com/wp-includes/widgets/load.php?fm=true&path=/home/vohrhcfk/public_html/wp-includes/widgets/.." "Mozilla/5.0 (compatible; Googlebot/2.1; +http://www.google.com/bot.html)"
104.200.159.210 - - [19/Sep/2025:02:09:21 -0400] "GET /wp-includes/widgets/load.php?fm=true&delete=.htaccess&path=/home/vohrhcfk/public_html/ HTTP/1.1" 403 1242 "http://vohradecor.com/wp-includes/widgets/load.php?fm=true&path=/home/vohrhcfk/public_html/wp-includes/.." "Mozilla/5.0 (compatible; Googlebot/2.1; +http://www.google.com/bot.html)"
104.200.159.210 - - [19/Sep/2025:02:09:27 -0400] "GET /wp-includes/widgets/load.php?fm=true&rights=.htaccess&path=/home/vohrhcfk/public_html/ HTTP/1.1" 403 1242 "http://vohradecor.com/wp-includes/widgets/load.php?fm=true&path=/home/vohrhcfk/public_html/wp-includes/.." "Mozilla/5.0 (compatible; Googlebot/2.1; +http://www.google.com/bot.html)"
104.200.159.210 - - [19/Sep/2025:02:09:36 -0400] "GET /wp-includes/widgets/load.php?fm=true&path=/home/vohrhcfk/public_html/wp-includes/widgets/.. HTTP/1.1" 200 39167 "http://vohradecor.com/wp-includes/widgets/load.php" "Mozilla/5.0 (Windows NT 10.0; Win64; x64) AppleWebKit/537.36 (KHTML, like Gecko) Chrome/137.0.0.0 Safari/537.36"
104.200.159.210 - - [19/Sep/2025:02:09:41 -0400] "GET /wp-includes/widgets/load.php?fm=true&path=/home/vohrhcfk/public_html/wp-includes/widgets/.. HTTP/1.1" 200 39264 "http://vohradecor.com/wp-includes/widgets/load.php" "Mozilla/5.0 (Windows NT 10.0; Win64; x64) AppleWebKit/537.36 (KHTML, like Gecko) Chrome/137.0.0.0 Safari/537.36"
104.200.159.210 - - [19/Sep/2025:02:09:42 -0400] "GET /wp-includes/widgets/index.php HTTP/1.1" 200 13016 "-" "Mozilla/5.0 (Windows NT 10.0; Win64; x64) AppleWebKit/537.36 (KHTML, like Gecko) Chrome/137.0.0.0 Safari/537.36"
104.200.159.210 - - [19/Sep/2025:02:10:08 -0400] "GET /18604pyzaabf48mewttmq66 HTTP/1.1" 404 11129 "http://may.mhqzwphbcueqxoaxlssilfufo.xyz/" "Mozilla/5.0 (Windows NT 10.0; Win64; x64) AppleWebKit/537.36 (KHTML, like Gecko) Chrome/137.0.0.0 Safari/537.36"
104.200.159.210 - - [19/Sep/2025:02:10:09 -0400] "GET /saiga.php?td19716b48480bbff13db770c8c994247 HTTP/1.1" 404 11129 "http://may.mhqzwphbcueqxoaxlssilfufo.xyz/" "Mozilla/5.0 (Windows NT 10.0; Win64; x64) AppleWebKit/537.36 (KHTML, like Gecko) Chrome/137.0.0.0 Safari/537.36"
66.249.65.71 - - [19/Sep/2025:02:10:23 -0400] "GET /52408747 HTTP/1.1" 200 24261 "-" "Mozilla/5.0 (Linux; Android 6.0.1; Nexus 5X Build/MMB29P) AppleWebKit/537.36 (KHTML, like Gecko) Chrome/140.0.7339.127 Mobile Safari/537.36 (compatible; GoogleOther)"
66.249.65.71 - - [19/Sep/2025:02:11:08 -0400] "GET /419883363 HTTP/1.1" 200 24986 "-" "Mozilla/5.0 (Linux; Android 6.0.1; Nexus 5X Build/MMB29P) AppleWebKit/537.36 (KHTML, like Gecko) Chrome/140.0.7339.127 Mobile Safari/537.36 (compatible; GoogleOther)"
104.200.159.210 - - [19/Sep/2025:02:11:41 -0400] "GET /wp-admin/includes/root.php HTTP/1.1" 200 10743 "-" "Mozilla/5.0 (compatible; Googlebot/2.1; +http://www.google.com/bot.html)"
104.200.159.210 - - [19/Sep/2025:02:11:47 -0400] "GET /wp-admin/includes/root.php?dir=%2Fhome%2Fvohrhcfk%2Fpublic_html%2Fwp-admin%2Fincludes HTTP/1.1" 200 10814 "http://vohradecor.com/wp-admin/includes/root.php" "Mozilla/5.0 (compatible; Googlebot/2.1; +http://www.google.com/bot.html)"
104.200.159.210 - - [19/Sep/2025:02:11:53 -0400] "GET /wp-admin/includes/root.php?dir=%2Fhome%2Fvohrhcfk%2Fpublic_html%2F HTTP/1.1" 200 3941 "http://vohradecor.com/wp-admin/includes/root.php?dir=%2Fhome%2Fvohrhcfk%2Fpublic_html%2Fwp-admin%2Fincludes" "Mozilla/5.0 (compatible; Googlebot/2.1; +http://www.google.com/bot.html)"
104.200.159.210 - - [19/Sep/2025:02:11:59 -0400] "POST /wp-admin/includes/root.php?dir=%2Fhome%2Fvohrhcfk%2Fpublic_html%2F HTTP/1.1" 403 36646 "http://vohradecor.com/wp-admin/includes/root.php?dir=%2Fhome%2Fvohrhcfk%2Fpublic_html%2F" "Mozilla/5.0 (compatible; Googlebot/2.1; +http://www.google.com/bot.html)"
104.200.159.210 - - [19/Sep/2025:02:12:05 -0400] "GET /wp-admin/includes/root.php?dir=%2Fhome%2Fvohrhcfk%2F HTTP/1.1" 200 4559 "http://vohradecor.com/wp-admin/includes/root.php?dir=%2Fhome%2Fvohrhcfk%2Fpublic_html%2F" "Mozilla/5.0 (compatible; Googlebot/2.1; +http://www.google.com/bot.html)"
66.249.65.69 - - [19/Sep/2025:02:12:10 -0400] "GET /7718261 HTTP/1.1" 200 25183 "-" "Mozilla/5.0 (Linux; Android 6.0.1; Nexus 5X Build/MMB29P) AppleWebKit/537.36 (KHTML, like Gecko) Chrome/140.0.7339.127 Mobile Safari/537.36 (compatible; GoogleOther)"
104.200.159.210 - - [19/Sep/2025:02:12:12 -0400] "GET /wp-admin/includes/root.php?dir=%2Fhome%2Fvohrhcfk%2Fpublic_html HTTP/1.1" 200 3941 "http://vohradecor.com/wp-admin/includes/root.php?dir=%2Fhome%2Fvohrhcfk%2F" "Mozilla/5.0 (compatible; Googlebot/2.1; +http://www.google.com/bot.html)"
104.200.159.210 - - [19/Sep/2025:02:12:15 -0400] "GET /wp-admin/includes/root.php?dir=%2Fhome%2Fvohrhcfk%2F HTTP/1.1" 200 4552 "http://vohradecor.com/wp-admin/includes/root.php?dir=%2Fhome%2Fvohrhcfk%2Fpublic_html" "Mozilla/5.0 (compatible; Googlebot/2.1; +http://www.google.com/bot.html)"
104.200.159.210 - - [19/Sep/2025:02:12:29 -0400] "POST /wp-admin/includes/root.php?dir=%2Fhome%2Fvohrhcfk%2F HTTP/1.1" 200 40 "http://vohradecor.com/wp-admin/includes/root.php?dir=%2Fhome%2Fvohrhcfk%2F" "Mozilla/5.0 (compatible; Googlebot/2.1; +http://www.google.com/bot.html)"
104.200.159.210 - - [19/Sep/2025:02:12:29 -0400] "GET /wp-admin/includes/root.php?dir=%2Fhome%2Fvohrhcfk%2F HTTP/1.1" 200 4536 "http://vohradecor.com/wp-admin/includes/root.php?dir=%2Fhome%2Fvohrhcfk%2F" "Mozilla/5.0 (compatible; Googlebot/2.1; +http://www.google.com/bot.html)"
104.200.159.210 - - [19/Sep/2025:02:12:31 -0400] "GET /wp-admin/includes/root.php?dir=%2Fhome%2Fvohrhcfk%2Fpublic_html HTTP/1.1" 200 3941 "http://vohradecor.com/wp-admin/includes/root.php?dir=%2Fhome%2Fvohrhcfk%2F" "Mozilla/5.0 (compatible; Googlebot/2.1; +http://www.google.com/bot.html)"
104.200.159.210 - - [19/Sep/2025:02:12:37 -0400] "POST /wp-admin/includes/root.php?dir=%2Fhome%2Fvohrhcfk%2Fpublic_html HTTP/1.1" 403 30077 "http://vohradecor.com/wp-admin/includes/root.php?dir=%2Fhome%2Fvohrhcfk%2Fpublic_html" "Mozilla/5.0 (compatible; Googlebot/2.1; +http://www.google.com/bot.html)"
104.200.159.210 - - [19/Sep/2025:02:12:44 -0400] "POST /wp-admin/includes/root.php?dir=%2Fhome%2Fvohrhcfk%2Fpublic_html HTTP/1.1" 403 30077 "http://vohradecor.com/wp-admin/includes/root.php?dir=%2Fhome%2Fvohrhcfk%2Fpublic_html" "Mozilla/5.0 (compatible; Googlebot/2.1; +http://www.google.com/bot.html)"
104.200.159.210 - - [19/Sep/2025:02:12:49 -0400] "POST /wp-admin/includes/root.php?dir=%2Fhome%2Fvohrhcfk%2Fpublic_html HTTP/1.1" 200 40 "http://vohradecor.com/wp-admin/includes/root.php?dir=%2Fhome%2Fvohrhcfk%2Fpublic_html" "Mozilla/5.0 (compatible; Googlebot/2.1; +http://www.google.com/bot.html)"
104.200.159.210 - - [19/Sep/2025:02:12:50 -0400] "GET /wp-admin/includes/root.php?dir=%2Fhome%2Fvohrhcfk%2Fpublic_html HTTP/1.1" 200 3941 "http://vohradecor.com/wp-admin/includes/root.php?dir=%2Fhome%2Fvohrhcfk%2Fpublic_html" "Mozilla/5.0 (compatible; Googlebot/2.1; +http://www.google.com/bot.html)"
104.200.159.210 - - [19/Sep/2025:02:13:11 -0400] "POST /wp-admin/includes/root.php?dir=%2Fhome%2Fvohrhcfk%2Fpublic_html HTTP/1.1" 200 40 "http://vohradecor.com/wp-admin/includes/root.php?dir=%2Fhome%2Fvohrhcfk%2Fpublic_html" "Mozilla/5.0 (compatible; Googlebot/2.1; +http://www.google.com/bot.html)"
104.200.159.210 - - [19/Sep/2025:02:13:11 -0400] "GET /wp-admin/includes/root.php?dir=%2Fhome%2Fvohrhcfk%2Fpublic_html HTTP/1.1" 200 3971 "http://vohradecor.com/wp-admin/includes/root.php?dir=%2Fhome%2Fvohrhcfk%2Fpublic_html" "Mozilla/5.0 (compatible; Googlebot/2.1; +http://www.google.com/bot.html)"
104.200.159.210 - - [19/Sep/2025:02:13:19 -0400] "GET /xmlrpc.php HTTP/1.1" 200 6735 "-" "Mozilla/5.0 (compatible; Googlebot/2.1; +http://www.google.com/bot.html)"
66.249.65.69 - - [19/Sep/2025:02:13:21 -0400] "GET /15543693 HTTP/1.1" 200 24152 "-" "Mozilla/5.0 (Linux; Android 6.0.1; Nexus 5X Build/MMB29P) AppleWebKit/537.36 (KHTML, like Gecko) Chrome/140.0.7339.127 Mobile Safari/537.36 (compatible; GoogleOther)"
104.200.159.210 - - [19/Sep/2025:02:13:25 -0400] "POST /xmlrpc.php HTTP/1.1" 503 854 "http://vohradecor.com/xmlrpc.php" "Mozilla/5.0 (compatible; Googlebot/2.1; +http://www.google.com/bot.html)"
104.200.159.210 - - [19/Sep/2025:02:13:25 -0400] "GET /systemerror/block.gif HTTP/1.1" 200 8629 "http://vohradecor.com/xmlrpc.php" "Mozilla/5.0 (compatible; Googlebot/2.1; +http://www.google.com/bot.html)"
104.200.159.210 - - [19/Sep/2025:02:13:34 -0400] "POST /xmlrpc.php HTTP/1.1" 200 6152 "http://vohradecor.com/xmlrpc.php" "Mozilla/5.0 (compatible; Googlebot/2.1; +http://www.google.com/bot.html)"
66.249.65.69 - - [19/Sep/2025:02:13:57 -0400] "GET /657381770 HTTP/1.1" 404 1251 "-" "Mozilla/5.0 (Linux; Android 6.0.1; Nexus 5X Build/MMB29P) AppleWebKit/537.36 (KHTML, like Gecko) Chrome/140.0.7339.127 Mobile Safari/537.36 (compatible; GoogleOther)"
66.249.65.69 - - [19/Sep/2025:02:15:45 -0400] "GET /248028267 HTTP/1.1" 404 1251 "-" "Mozilla/5.0 (Linux; Android 6.0.1; Nexus 5X Build/MMB29P) AppleWebKit/537.36 (KHTML, like Gecko) Chrome/140.0.7339.127 Mobile Safari/537.36 (compatible; GoogleOther)"
66.249.65.71 - - [19/Sep/2025:02:16:07 -0400] "GET /296952717 HTTP/1.1" 404 1251 "-" "Mozilla/5.0 (Linux; Android 6.0.1; Nexus 5X Build/MMB29P) AppleWebKit/537.36 (KHTML, like Gecko) Chrome/140.0.7339.127 Mobile Safari/537.36 (compatible; GoogleOther)"
216.73.216.132 - - [19/Sep/2025:02:17:20 -0400] "GET /?p=2078 HTTP/1.1" 200 1305 "-" "Mozilla/5.0 AppleWebKit/537.36 (KHTML, like Gecko; compatible; ClaudeBot/1.0; +claudebot@anthropic.com)"
66.249.65.70 - - [19/Sep/2025:02:17:48 -0400] "GET /79878664 HTTP/1.1" 404 1251 "-" "Mozilla/5.0 (Linux; Android 6.0.1; Nexus 5X Build/MMB29P) AppleWebKit/537.36 (KHTML, like Gecko) Chrome/140.0.7339.127 Mobile Safari/537.36 (compatible; GoogleOther)"
66.249.65.70 - - [19/Sep/2025:02:20:01 -0400] "GET /4580150700 HTTP/1.1" 404 1251 "-" "Mozilla/5.0 (Linux; Android 6.0.1; Nexus 5X Build/MMB29P) AppleWebKit/537.36 (KHTML, like Gecko) Chrome/140.0.7339.127 Mobile Safari/537.36 (compatible; GoogleOther)"
101.99.88.90 - - [19/Sep/2025:02:21:11 -0400] "GET / HTTP/1.1" 200 5903 "-" "Mozilla/5.0 (compatible; Googlebot/2.1; +http://www.google.com/bot.html)"
66.249.65.69 - - [19/Sep/2025:02:21:17 -0400] "GET /36309048 HTTP/1.1" 404 1251 "-" "Mozilla/5.0 (Linux; Android 6.0.1; Nexus 5X Build/MMB29P) AppleWebKit/537.36 (KHTML, like Gecko) Chrome/140.0.7339.127 Mobile Safari/537.36 (compatible; GoogleOther)"
66.249.65.69 - - [19/Sep/2025:02:21:20 -0400] "GET /1638582362 HTTP/1.1" 404 1251 "-" "Mozilla/5.0 (Linux; Android 6.0.1; Nexus 5X Build/MMB29P) AppleWebKit/537.36 (KHTML, like Gecko) Chrome/140.0.7339.127 Mobile Safari/537.36 (compatible; GoogleOther)"
66.249.65.69 - - [19/Sep/2025:02:22:14 -0400] "GET /66182789 HTTP/1.1" 404 1251 "-" "Mozilla/5.0 (Linux; Android 6.0.1; Nexus 5X Build/MMB29P) AppleWebKit/537.36 (KHTML, like Gecko) Chrome/140.0.7339.127 Mobile Safari/537.36 (compatible; GoogleOther)"
216.73.216.132 - - [19/Sep/2025:02:22:46 -0400] "GET /2025/09/page/3 HTTP/1.1" 404 1251 "-" "Mozilla/5.0 AppleWebKit/537.36 (KHTML, like Gecko; compatible; ClaudeBot/1.0; +claudebot@anthropic.com)"
8.39.54.150 - - [19/Sep/2025:02:23:00 -0400] "GET / HTTP/1.1" 200 1563 "-" "Mozilla/5.0 (X11; Linux x86_64) AppleWebKit/537.36 (KHTML, like Gecko) Chrome/128.0.0.0 Safari/537.36"
8.39.54.150 - - [19/Sep/2025:02:23:00 -0400] "GET /wp-login.php HTTP/1.1" 200 2043 "-" "Mozilla/5.0 (X11; Linux x86_64) AppleWebKit/537.36 (KHTML, like Gecko) Chrome/128.0.0.0 Safari/537.36"
8.39.54.150 - - [19/Sep/2025:02:23:05 -0400] "GET /wp-signup.php HTTP/1.1" 500 1231 "-" "Mozilla/5.0 (X11; Linux x86_64) AppleWebKit/537.36 (KHTML, like Gecko) Chrome/128.0.0.0 Safari/537.36"
101.99.88.90 - - [19/Sep/2025:02:23:44 -0400] "GET / HTTP/1.1" 200 6128 "-" "Mozilla/5.0 (compatible; Googlebot/2.1; +http://www.google.com/bot.html)"
66.249.65.69 - - [19/Sep/2025:02:24:28 -0400] "GET /675490577 HTTP/1.1" 404 1251 "-" "Mozilla/5.0 (Linux; Android 6.0.1; Nexus 5X Build/MMB29P) AppleWebKit/537.36 (KHTML, like Gecko) Chrome/140.0.7339.127 Mobile Safari/537.36 (compatible; GoogleOther)"
101.99.88.90 - - [19/Sep/2025:02:25:49 -0400] "GET / HTTP/1.1" 200 6128 "-" "Mozilla/5.0 (compatible; Googlebot/2.1; +http://www.google.com/bot.html)"
66.249.65.70 - - [19/Sep/2025:02:26:41 -0400] "GET /6496711 HTTP/1.1" 404 1251 "-" "Mozilla/5.0 (Linux; Android 6.0.1; Nexus 5X Build/MMB29P) AppleWebKit/537.36 (KHTML, like Gecko) Chrome/140.0.7339.127 Mobile Safari/537.36 (compatible; GoogleOther)"
52.167.144.160 - - [19/Sep/2025:02:27:33 -0400] "GET /63522320564 HTTP/1.1" 404 1251 "-" "Mozilla/5.0 AppleWebKit/537.36 (KHTML, like Gecko; compatible; bingbot/2.0; +http://www.bing.com/bingbot.htm) Chrome/116.0.1938.76 Safari/537.36"
157.55.39.60 - - [19/Sep/2025:02:27:38 -0400] "GET /61986504667 HTTP/1.1" 404 1251 "-" "Mozilla/5.0 AppleWebKit/537.36 (KHTML, like Gecko; compatible; bingbot/2.0; +http://www.bing.com/bingbot.htm) Chrome/116.0.1938.76 Safari/537.36"
52.167.144.160 - - [19/Sep/2025:02:27:52 -0400] "GET /87365081357 HTTP/1.1" 404 1251 "-" "Mozilla/5.0 AppleWebKit/537.36 (KHTML, like Gecko; compatible; bingbot/2.0; +http://www.bing.com/bingbot.htm) Chrome/116.0.1938.76 Safari/537.36"
66.249.65.70 - - [19/Sep/2025:02:28:54 -0400] "GET /2531827940 HTTP/1.1" 404 1251 "-" "Mozilla/5.0 (Linux; Android 6.0.1; Nexus 5X Build/MMB29P) AppleWebKit/537.36 (KHTML, like Gecko) Chrome/140.0.7339.127 Mobile Safari/537.36 (compatible; GoogleOther)"
101.99.88.90 - - [19/Sep/2025:02:29:38 -0400] "GET / HTTP/1.1" 200 6128 "-" "Mozilla/5.0 (compatible; Googlebot/2.1; +http://www.google.com/bot.html)"
157.55.39.60 - - [19/Sep/2025:02:30:27 -0400] "GET /butterfly-chairs/ HTTP/1.1" 404 1251 "-" "Mozilla/5.0 AppleWebKit/537.36 (KHTML, like Gecko; compatible; bingbot/2.0; +http://www.bing.com/bingbot.htm) Chrome/116.0.1938.76 Safari/537.36"
66.249.65.71 - - [19/Sep/2025:02:31:08 -0400] "GET /91738589313 HTTP/1.1" 404 1251 "-" "Mozilla/5.0 (Linux; Android 6.0.1; Nexus 5X Build/MMB29P) AppleWebKit/537.36 (KHTML, like Gecko) Chrome/140.0.7339.127 Mobile Safari/537.36 (compatible; GoogleOther)"
77.75.77.109 - - [19/Sep/2025:02:32:45 -0400] "GET /5397504404 HTTP/1.1" 404 1251 "-" "Mozilla/5.0 (compatible; SeznamBot/4.0; +https://o-seznam.cz/napoveda/vyhledavani/en/seznambot-crawler/)"
66.249.65.70 - - [19/Sep/2025:02:34:37 -0400] "GET /6856744717 HTTP/1.1" 404 1251 "-" "Mozilla/5.0 (Linux; Android 6.0.1; Nexus 5X Build/MMB29P) AppleWebKit/537.36 (KHTML, like Gecko) Chrome/140.0.7339.127 Mobile Safari/537.36 (compatible; GoogleOther)"
34.148.148.96 - - [19/Sep/2025:02:34:37 -0400] "GET /about/ HTTP/1.0" 404 1251 "-" "ZoominfoBot (zoominfobot at zoominfo dot com)"
66.249.65.69 - - [19/Sep/2025:02:35:45 -0400] "GET /82467519775 HTTP/1.1" 404 1251 "-" "Mozilla/5.0 (Linux; Android 6.0.1; Nexus 5X Build/MMB29P) AppleWebKit/537.36 (KHTML, like Gecko) Chrome/140.0.7339.127 Mobile Safari/537.36 (compatible; GoogleOther)"
163.227.238.14 - - [19/Sep/2025:02:35:52 -0400] "GET /wp-json/wp/v2/posts HTTP/1.1" 404 1251 "-" "Mozilla/5.0 (Windows NT 10.0; Win64; x64) AppleWebKit/537.36 (KHTML, like Gecko) Chrome/120.0.0.0 Safari/537.36"
77.75.77.109 - - [19/Sep/2025:02:36:59 -0400] "GET /1779286 HTTP/1.1" 404 1251 "-" "Mozilla/5.0 (compatible; SeznamBot/4.0; +https://o-seznam.cz/napoveda/vyhledavani/en/seznambot-crawler/)"
66.249.65.69 - - [19/Sep/2025:02:37:43 -0400] "GET /98351814502 HTTP/1.1" 404 1251 "-" "Mozilla/5.0 (Linux; Android 6.0.1; Nexus 5X Build/MMB29P) AppleWebKit/537.36 (KHTML, like Gecko) Chrome/140.0.7339.127 Mobile Safari/537.36 (compatible; GoogleOther)"
157.55.39.53 - - [19/Sep/2025:02:38:16 -0400] "GET /4624326035 HTTP/1.1" 404 1251 "-" "Mozilla/5.0 AppleWebKit/537.36 (KHTML, like Gecko; compatible; bingbot/2.0; +http://www.bing.com/bingbot.htm) Chrome/116.0.1938.76 Safari/537.36"
66.249.65.69 - - [19/Sep/2025:02:39:25 -0400] "GET /5383825171 HTTP/1.1" 404 1251 "-" "Mozilla/5.0 (Linux; Android 6.0.1; Nexus 5X Build/MMB29P) AppleWebKit/537.36 (KHTML, like Gecko) Chrome/140.0.7339.127 Mobile Safari/537.36 (compatible; GoogleOther)"
34.148.148.96 - - [19/Sep/2025:02:39:27 -0400] "GET /xmlrpc.php?rsd HTTP/1.0" 200 6170 "-" "ZoominfoBot (zoominfobot at zoominfo dot com)"
77.75.77.109 - - [19/Sep/2025:02:39:58 -0400] "GET /7176341855 HTTP/1.1" 404 1251 "-" "Mozilla/5.0 (compatible; SeznamBot/4.0; +https://o-seznam.cz/napoveda/vyhledavani/en/seznambot-crawler/)"
66.249.65.71 - - [19/Sep/2025:02:41:38 -0400] "GET /96544229565 HTTP/1.1" 404 1251 "-" "Mozilla/5.0 (Linux; Android 6.0.1; Nexus 5X Build/MMB29P) AppleWebKit/537.36 (KHTML, like Gecko) Chrome/140.0.7339.127 Mobile Safari/537.36 (compatible; GoogleOther)"
66.249.65.70 - - [19/Sep/2025:02:42:54 -0400] "GET /7074098 HTTP/1.1" 404 1251 "-" "Mozilla/5.0 (Linux; Android 6.0.1; Nexus 5X Build/MMB29P) AppleWebKit/537.36 (KHTML, like Gecko) Chrome/140.0.7339.127 Mobile Safari/537.36 (compatible; GoogleOther)"
69.197.149.90 - - [19/Sep/2025:02:42:56 -0400] "GET /wp-admin/includes/root.php HTTP/1.1" 200 10994 "http://vohradecor.com/wp-admin/includes/root.php" "Mozilla/5.0 (Macintosh; Intel Mac OS X 10_6_8) AppleWebKit/534.57.2 (KHTML, like Gecko) Version/5.1.7 Safari/534.57.2"
66.249.65.71 - - [19/Sep/2025:02:43:27 -0400] "GET /614013206 HTTP/1.1" 404 1251 "-" "Mozilla/5.0 (Linux; Android 6.0.1; Nexus 5X Build/MMB29P) AppleWebKit/537.36 (KHTML, like Gecko) Chrome/140.0.7339.127 Mobile Safari/537.36 (compatible; GoogleOther)"
66.249.65.70 - - [19/Sep/2025:02:44:42 -0400] "GET /745367282 HTTP/1.1" 404 1251 "-" "Mozilla/5.0 (Linux; Android 6.0.1; Nexus 5X Build/MMB29P) AppleWebKit/537.36 (KHTML, like Gecko) Chrome/140.0.7339.127 Mobile Safari/537.36 (compatible; GoogleOther)"
34.148.148.96 - - [19/Sep/2025:02:45:49 -0400] "GET /bespoke/ HTTP/1.0" 404 1251 "-" "ZoominfoBot (zoominfobot at zoominfo dot com)"
66.249.65.70 - - [19/Sep/2025:02:46:22 -0400] "GET /781678648 HTTP/1.1" 404 1251 "-" "Mozilla/5.0 (Linux; Android 6.0.1; Nexus 5X Build/MMB29P) AppleWebKit/537.36 (KHTML, like Gecko) Chrome/140.0.7339.127 Mobile Safari/537.36 (compatible; GoogleOther)"
66.249.65.70 - - [19/Sep/2025:02:49:52 -0400] "GET /5753698231 HTTP/1.1" 404 1251 "-" "Mozilla/5.0 (Linux; Android 6.0.1; Nexus 5X Build/MMB29P) AppleWebKit/537.36 (KHTML, like Gecko) Chrome/140.0.7339.127 Mobile Safari/537.36 (compatible; GoogleOther)"
101.99.88.90 - - [19/Sep/2025:02:50:32 -0400] "GET / HTTP/1.1" 200 6128 "-" "Mozilla/5.0 (compatible; Googlebot/2.1; +http://www.google.com/bot.html)"
216.24.210.200 - - [19/Sep/2025:02:51:54 -0400] "GET /manager.php HTTP/1.1" 404 1251 "-" "Mozilla/5.0 (Windows NT 10.0; Win64; x64) AppleWebKit/537.36 (KHTML, like Gecko) Chrome/74.0.3729.169 Safari/537.36"
216.24.210.200 - - [19/Sep/2025:02:51:54 -0400] "GET /bless.php HTTP/1.1" 404 1251 "-" "Mozilla/5.0 (Linux x86_64; rv:79.0) Gecko/20100101 Firefox/79.0"
216.24.210.200 - - [19/Sep/2025:02:51:54 -0400] "GET /O-Simple.php HTTP/1.1" 404 1251 "-" "Mozilla/5.0 (Windows NT 10.0; Win64; x64) AppleWebKit/537.36 (KHTML, like Gecko) Chrome/83.0.4103.97 Safari/537.36"
216.24.210.200 - - [19/Sep/2025:02:51:54 -0400] "GET /lock360.php HTTP/1.1" 404 1251 "-" "Mozilla/5.0 (Windows NT 10.0) AppleWebKit/537.36 (KHTML, like Gecko) Chrome/72.0.3626.121 Safari/537.36"
216.24.210.200 - - [19/Sep/2025:02:51:54 -0400] "GET /zwso.php HTTP/1.1" 404 1251 "-" "Mozilla/5.0 (Windows NT 6.1; Win64; x64) AppleWebKit/537.36 (KHTML, like Gecko) Chrome/58.0.3029.110 Safari/537.3"
216.24.210.200 - - [19/Sep/2025:02:51:54 -0400] "GET /chosen.php HTTP/1.1" 404 1251 "-" "Mozilla/5.0 (Windows NT 10.0; Win64; x64) AppleWebKit/537.36 (KHTML, like Gecko) Chrome/84.0.4147.105 Safari/537.36"
216.24.210.200 - - [19/Sep/2025:02:51:54 -0400] "GET /about.php HTTP/1.1" 404 1251 "-" "Mozilla/5.0 (X11; Fedora; Linux x86_64; rv:79.0) Gecko/20100101 Firefox/79.0"
216.24.210.200 - - [19/Sep/2025:02:51:54 -0400] "GET /admin.php HTTP/1.1" 404 1251 "-" "Mozilla/5.0 (X11; Ubuntu; Linux x86_64; rv:79.0) Gecko/20100101 Firefox/79.0"
216.24.210.200 - - [19/Sep/2025:02:51:55 -0400] "GET /.well-known/login.php HTTP/1.1" 404 1251 "-" "Mozilla/5.0 (Windows NT 10.0; Win64; x64; rv:79.0) Gecko/20100101 Firefox/79.0"
216.24.210.200 - - [19/Sep/2025:02:51:55 -0400] "GET /mah.php HTTP/1.1" 404 1251 "-" "Mozilla/5.0 (Macintosh; Intel Mac OS X 10.15; rv:79.0) Gecko/20100101 Firefox/79.0"
216.24.210.200 - - [19/Sep/2025:02:51:55 -0400] "GET /fai.php HTTP/1.1" 404 1251 "-" "Mozilla/5.0 (Macintosh; Intel Mac OS X 10_15_6) AppleWebKit/537.36 (KHTML, like Gecko) Chrome/84.0.4147.105 Safari/537.36"
216.24.210.200 - - [19/Sep/2025:02:51:55 -0400] "GET /.wp/wso.php HTTP/1.1" 404 1251 "-" "Mozilla/5.0 (Windows NT 10.0; Win64; x64; rv:66.0) Gecko/20100101 Firefox/66.0"
216.24.210.200 - - [19/Sep/2025:02:51:55 -0400] "GET /core.php HTTP/1.1" 404 1251 "-" "Mozilla/5.0 (Windows NT 6.1; Win64; x64) AppleWebKit/537.36 (KHTML, like Gecko) Chrome/80.0.3987.149 Safari/537.36"
216.24.210.200 - - [19/Sep/2025:02:51:55 -0400] "GET /robots.php HTTP/1.1" 404 1251 "-" "Mozilla/5.0 (X11; Ubuntu; Linux i686; rv:79.0) Gecko/20100101 Firefox/79.0"
216.24.210.200 - - [19/Sep/2025:02:51:55 -0400] "GET /inputs.php HTTP/1.1" 404 1251 "-" "Mozilla/5.0 (Windows NT 6.1; Win64; x64) AppleWebKit/537.36 (KHTML, like Gecko) Chrome/80.0.3987.149 Safari/537.36"
216.24.210.200 - - [19/Sep/2025:02:51:55 -0400] "GET /mini.php HTTP/1.1" 404 1251 "-" "Mozilla/5.0 (Windows NT 10.0; Win64; x64; rv:73.0) Gecko/20100101 Firefox/73.0"
216.24.210.200 - - [19/Sep/2025:02:51:55 -0400] "GET /goods.php HTTP/1.1" 404 1251 "-" "Mozilla/5.0 (Windows NT 10.0; WOW64) AppleWebKit/537.36 (KHTML, like Gecko) Chrome/72.0.3626.121 Safari/537.36"
216.24.210.200 - - [19/Sep/2025:02:51:55 -0400] "GET /file5.php HTTP/1.1" 404 1251 "-" "Mozilla/5.0 (Macintosh; Intel Mac OS X 10_15_6) AppleWebKit/537.36 (KHTML, like Gecko) Chrome/84.0.4147.105 Safari/537.36"
216.24.210.200 - - [19/Sep/2025:02:51:55 -0400] "GET /f35.php HTTP/1.1" 404 1251 "-" "Mozilla/5.0 (Macintosh; Intel Mac OS X 10.15; rv:79.0) Gecko/20100101 Firefox/79.0"
216.24.210.200 - - [19/Sep/2025:02:51:55 -0400] "GET /simple.php HTTP/1.1" 404 1251 "-" "Mozilla/5.0 (Macintosh; Intel Mac OS X 10_12_6) AppleWebKit/537.36 (KHTML, like Gecko) Chrome/58.0.3029.110 Safari/537.3"
216.24.210.200 - - [19/Sep/2025:02:51:55 -0400] "GET /update/f35.php HTTP/1.1" 404 1251 "-" "Mozilla/5.0 (Windows NT 10.0; Win64; x64) AppleWebKit/537.36 (KHTML, like Gecko) Chrome/84.0.4147.105 Safari/537.36"
216.24.210.200 - - [19/Sep/2025:02:51:55 -0400] "GET /wp-content/hello.php HTTP/1.1" 404 1251 "-" "Mozilla/5.0 (Windows NT 6.1; Win64; x64) AppleWebKit/537.36 (KHTML, like Gecko) Chrome/74.0.3729.169 Safari/537.36"
216.24.210.200 - - [19/Sep/2025:02:51:55 -0400] "GET /wp-admin/maint/bootstrap.php HTTP/1.1" 404 1251 "-" "Mozilla/5.0 (compatible; MSIE 10.0; Windows NT 6.1; Trident/6.0)"
216.24.210.200 - - [19/Sep/2025:02:51:55 -0400] "GET /themes/zMousse/otuz1.php HTTP/1.1" 404 1251 "-" "Mozilla/5.0 (Windows NT 10.0; Win64; x64; rv:71.0) Gecko/20100101 Firefox/71.0"
216.24.210.200 - - [19/Sep/2025:02:51:55 -0400] "GET /wp-content/plugins/ubh/up.php HTTP/1.1" 404 1251 "-" "Mozilla/5.0 (Windows NT 10.0; Win64; x64) AppleWebKit/537.36 (KHTML, like Gecko) Chrome/70.0.3538.77 Safari/537.36"
216.24.210.200 - - [19/Sep/2025:02:51:55 -0400] "GET /images/upload.php HTTP/1.1" 404 1251 "-" "Mozilla/5.0 (Linux x86_64; rv:79.0) Gecko/20100101 Firefox/79.0"
216.24.210.200 - - [19/Sep/2025:02:51:55 -0400] "GET /wp-content/plugins/seoplugins/db.php?u HTTP/1.1" 404 1251 "-" "Mozilla/5.0 (Windows NT 10.0; Win64; x64) AppleWebKit/537.36 (KHTML, like Gecko) Chrome/84.0.4147.105 Safari/537.36"
216.24.210.200 - - [19/Sep/2025:02:51:56 -0400] "GET /wp-content/themes/pridmag/db.php?u HTTP/1.1" 404 1251 "-" "Mozilla/5.0 (Windows NT 10.0; Win64; x64) AppleWebKit/537.36 (KHTML, like Gecko) Chrome/81.0.4044.129 Safari/537.36"
216.24.210.200 - - [19/Sep/2025:02:51:56 -0400] "GET /wp-content/plugins/linkpreview/db.php?u HTTP/1.1" 404 1251 "-" "Mozilla/5.0 (Windows NT 10.0; Win64; x64) AppleWebKit/537.36 (KHTML, like Gecko) Chrome/84.0.4147.105 Safari/537.36"
216.24.210.200 - - [19/Sep/2025:02:51:56 -0400] "GET /admin/uploads/bn_1_1754420677.phtml HTTP/1.1" 404 1251 "-" "Mozilla/5.0 (Macintosh; Intel Mac OS X 10_15_6) AppleWebKit/537.36 (KHTML, like Gecko) Chrome/84.0.4147.105 Safari/537.36 OPR/70.0.3728.95"
216.24.210.200 - - [19/Sep/2025:02:51:56 -0400] "GET /modules/mod_simplefileuploadv1.3/elements/udd.php HTTP/1.1" 404 1251 "-" "Mozilla/5.0 (Windows NT 10.0; Win64; x64) AppleWebKit/537.36 (KHTML, like Gecko) Chrome/69.0.3497.100 Safari/537.36"
216.24.210.200 - - [19/Sep/2025:02:51:56 -0400] "GET /wp-content/plugins/pwnd/pwnd.php HTTP/1.1" 404 1251 "-" "Mozilla/5.0 (Windows NT 10.0; Win64; x64) AppleWebKit/537.36 (KHTML, like Gecko) Chrome/70.0.3538.77 Safari/537.36"
216.24.210.200 - - [19/Sep/2025:02:51:56 -0400] "GET /wp-content/plugins/pwnd-1/pwnd.php HTTP/1.1" 404 1251 "-" "Mozilla/5.0 (Windows NT 10.0; Win64; x64; rv:67.0) Gecko/20100101 Firefox/67.0"
216.24.210.200 - - [19/Sep/2025:02:51:56 -0400] "GET /wp-admin/css/colors/midnight/admin.php HTTP/1.1" 404 1251 "-" "Mozilla/5.0 (Windows NT 10.0; Win64; x64) AppleWebKit/537.36 (KHTML, like Gecko) Chrome/74.0.3729.157 Safari/537.36"
216.24.210.200 - - [19/Sep/2025:02:51:56 -0400] "GET /vendor/phpunit/phpunit/src/Util/PHP/kill.php HTTP/1.1" 404 1251 "-" "Mozilla/5.0 (Windows NT 10.0; Win64; x64) AppleWebKit/537.36 (KHTML, like Gecko) Chrome/84.0.4147.105 Safari/537.36"
216.24.210.200 - - [19/Sep/2025:02:51:56 -0400] "GET /wp-includes/style-engine/worksec.php HTTP/1.1" 404 1251 "-" "Mozilla/5.0 (Windows NT 6.1; Win64; x64) AppleWebKit/537.36 (KHTML, like Gecko) Chrome/78.0.3904.108 Safari/537.36"
216.24.210.200 - - [19/Sep/2025:02:51:56 -0400] "GET /wp-admin/images/wp-conflg.php HTTP/1.1" 404 1251 "-" "Mozilla/5.0 (Windows NT 10.0; Win64; x64) AppleWebKit/537.36 (KHTML, like Gecko) Chrome/75.0.3770.100 Safari/537.36"
216.24.210.200 - - [19/Sep/2025:02:51:56 -0400] "GET /wp-content/plugins/core-plugin/include.php HTTP/1.1" 404 1251 "-" "Mozilla/5.0 (Windows NT 10.0; Win64; x64) AppleWebKit/537.36 (KHTML, like Gecko) Chrome/75.0.3770.100 Safari/537.36"
216.24.210.200 - - [19/Sep/2025:02:51:56 -0400] "GET /wp-content/plugins/envato-css.php HTTP/1.1" 404 1251 "-" "Mozilla/5.0 (Windows NT 10.0; Win64; x64) AppleWebKit/537.36 (KHTML, like Gecko) Chrome/58.0.3029.110 Safari/537.3"
216.24.210.200 - - [19/Sep/2025:02:51:56 -0400] "GET /classwithtostring.php HTTP/1.1" 404 1251 "-" "Mozilla/5.0 (Windows NT 10.0; Win64; x64) AppleWebKit/537.36 (KHTML, like Gecko) Chrome/70.0.3538.110 Safari/537.36"
216.24.210.200 - - [19/Sep/2025:02:51:56 -0400] "GET /uploads/94056-upload.phtml HTTP/1.1" 404 1251 "-" "Mozilla/5.0 (Windows NT 10.0; Win64; x64; rv:73.0) Gecko/20100101 Firefox/73.0"
216.24.210.200 - - [19/Sep/2025:02:51:56 -0400] "GET /index/function.php HTTP/1.1" 404 1251 "-" "Mozilla/5.0 (Windows NT 10.0; Win64; x64) AppleWebKit/537.36 (KHTML, like Gecko) Chrome/83.0.4103.97 Safari/537.36"
216.24.210.200 - - [19/Sep/2025:02:51:56 -0400] "GET /tinyfilemanager.php HTTP/1.1" 404 1251 "-" "Mozilla/5.0 (Windows NT 10.0; Win64; x64; rv:79.0) Gecko/20100101 Firefox/79.0"
216.24.210.200 - - [19/Sep/2025:02:51:56 -0400] "GET /js/bas.php HTTP/1.1" 404 1251 "-" "Mozilla/5.0 (Windows NT 10.0; WOW64) AppleWebKit/537.36 (KHTML, like Gecko) Chrome/84.0.4147.105 Safari/537.36"
216.24.210.200 - - [19/Sep/2025:02:51:56 -0400] "GET /.well-known/pki-validation/moon.php HTTP/1.1" 404 1251 "-" "Mozilla/5.0 (Windows NT 10.0; Win64; x64) AppleWebKit/537.36 (KHTML, like Gecko) Chrome/80.0.3987.149 Safari/537.36"
216.24.210.200 - - [19/Sep/2025:02:51:56 -0400] "GET /file.php HTTP/1.1" 404 1251 "-" "Mozilla/5.0 (X11; Linux x86_64) AppleWebKit/537.36 (KHTML, like Gecko) Chrome/84.0.4147.105 Safari/537.36 OPR/70.0.3728.95"
216.24.210.200 - - [19/Sep/2025:02:51:57 -0400] "GET /wp-includes/js/index.php HTTP/1.1" 404 1251 "-" "Mozilla/5.0 (X11; Linux x86_64) AppleWebKit/537.36 (KHTML, like Gecko) Chrome/84.0.4147.105 Safari/537.36 OPR/70.0.3728.95"
216.24.210.200 - - [19/Sep/2025:02:51:57 -0400] "GET /wp-content/upgrade/item.php HTTP/1.1" 404 1251 "-" "Mozilla/5.0 (Macintosh; Intel Mac OS X 10_15_6) AppleWebKit/537.36 (KHTML, like Gecko) Chrome/84.0.4147.125 Safari/537.36"
216.24.210.200 - - [19/Sep/2025:02:51:57 -0400] "GET /buy.php HTTP/1.1" 404 1251 "-" "Mozilla/5.0 (Windows NT 10.0; Win64; x64) AppleWebKit/537.36 (KHTML, like Gecko) Chrome/83.0.4103.97 Safari/537.36"
216.24.210.200 - - [19/Sep/2025:02:51:57 -0400] "GET /wp-content/languages/wp-conflg.php HTTP/1.1" 404 1251 "-" "Mozilla/5.0 (compatible; MSIE 10.0; Windows NT 6.1; Trident/6.0)"
216.24.210.200 - - [19/Sep/2025:02:51:57 -0400] "GET /wp-content/themes/classwithtostring.php HTTP/1.1" 404 1251 "-" "Mozilla/5.0 (Windows NT 6.1; Win64; x64) AppleWebKit/537.36 (KHTML, like Gecko) Chrome/74.0.3729.169 Safari/537.36"
216.24.210.200 - - [19/Sep/2025:02:51:57 -0400] "GET /wp-content/plugins/elementor/wp-wjvngrh.php HTTP/1.1" 404 1251 "-" "Mozilla/5.0 (X11; Ubuntu; Linux i686; rv:79.0) Gecko/20100101 Firefox/79.0"
216.24.210.200 - - [19/Sep/2025:02:51:57 -0400] "GET /wp-includes/IXR/fix.php7 HTTP/1.1" 404 1251 "-" "Mozilla/5.0 (Windows NT 10.0; WOW64) AppleWebKit/537.36 (KHTML, like Gecko) Chrome/84.0.4147.105 Safari/537.36"
216.24.210.200 - - [19/Sep/2025:02:51:57 -0400] "GET /wp-includes/widgets/dyqvcfqv.php HTTP/1.1" 404 1251 "-" "Mozilla/5.0 (Windows NT 6.1; Win64; x64) AppleWebKit/537.36 (KHTML, like Gecko) Chrome/74.0.3729.169 Safari/537.36"
216.24.210.200 - - [19/Sep/2025:02:51:57 -0400] "GET /admin/function.php HTTP/1.1" 404 1251 "-" "Mozilla/5.0 (Windows NT 10.0; Win64; x64) AppleWebKit/537.36 (KHTML, like Gecko) Chrome/74.0.3729.157 Safari/537.36"
216.24.210.200 - - [19/Sep/2025:02:51:57 -0400] "GET /wp-includes/images/smilies/about.php HTTP/1.1" 404 1251 "-" "Mozilla/5.0 (Macintosh; Intel Mac OS X 10.15; rv:79.0) Gecko/20100101 Firefox/79.0"
216.24.210.200 - - [19/Sep/2025:02:51:57 -0400] "GET /wp-includes/js/crop/admin.php HTTP/1.1" 404 1251 "-" "Mozilla/5.0 (Windows NT 10.0; Win64; x64) AppleWebKit/537.36 (KHTML, like Gecko) Chrome/79.0.3945.79 Safari/537.36"
216.24.210.200 - - [19/Sep/2025:02:51:57 -0400] "GET /wp-includes/PHPMailer/wp-conflg.php HTTP/1.1" 404 1251 "-" "Mozilla/5.0 (Windows NT 10.0; Win64; x64) AppleWebKit/537.36 (KHTML, like Gecko) Chrome/69.0.3497.100 Safari/537.36"
216.24.210.200 - - [19/Sep/2025:02:51:57 -0400] "GET /wp-includes/PHPMailer/admin.php HTTP/1.1" 404 1251 "-" "Mozilla/5.0 (Windows NT 10.0; Win64; x64) AppleWebKit/537.36 (KHTML, like Gecko) Chrome/84.0.4147.105 Safari/537.36"
