216.73.216.132 - - [19/Sep/2025:03:45:19 -0400] "GET /54551287 HTTP/1.1" 404 9653 "-" "Mozilla/5.0 AppleWebKit/537.36 (KHTML, like Gecko; compatible; ClaudeBot/1.0; +claudebot@anthropic.com)"
216.73.216.132 - - [19/Sep/2025:03:45:20 -0400] "GET /18697655109 HTTP/1.1" 404 9653 "-" "Mozilla/5.0 AppleWebKit/537.36 (KHTML, like Gecko; compatible; ClaudeBot/1.0; +claudebot@anthropic.com)"
216.73.216.132 - - [19/Sep/2025:03:45:22 -0400] "GET /89717095 HTTP/1.1" 404 9653 "-" "Mozilla/5.0 AppleWebKit/537.36 (KHTML, like Gecko; compatible; ClaudeBot/1.0; +claudebot@anthropic.com)"
77.75.77.109 - - [19/Sep/2025:03:45:49 -0400] "GET /3983291761 HTTP/1.1" 404 11129 "-" "Mozilla/5.0 (compatible; SeznamBot/4.0; +https://o-seznam.cz/napoveda/vyhledavani/en/seznambot-crawler/)"
66.249.65.69 - - [19/Sep/2025:03:45:57 -0400] "GET /59848111667 HTTP/1.1" 200 18681 "-" "Mozilla/5.0 (Linux; Android 6.0.1; Nexus 5X Build/MMB29P) AppleWebKit/537.36 (KHTML, like Gecko) Chrome/140.0.7339.127 Mobile Safari/537.36 (compatible; GoogleOther)"
216.73.216.132 - - [19/Sep/2025:03:46:12 -0400] "GET /1248663532 HTTP/1.1" 404 6971 "-" "Mozilla/5.0 AppleWebKit/537.36 (KHTML, like Gecko; compatible; ClaudeBot/1.0; +claudebot@anthropic.com)"
216.73.216.132 - - [19/Sep/2025:03:46:14 -0400] "GET /9883659 HTTP/1.1" 404 6971 "-" "Mozilla/5.0 AppleWebKit/537.36 (KHTML, like Gecko; compatible; ClaudeBot/1.0; +claudebot@anthropic.com)"
216.73.216.132 - - [19/Sep/2025:03:46:15 -0400] "GET /33404770 HTTP/1.1" 404 6971 "-" "Mozilla/5.0 AppleWebKit/537.36 (KHTML, like Gecko; compatible; ClaudeBot/1.0; +claudebot@anthropic.com)"
66.249.65.70 - - [19/Sep/2025:03:47:17 -0400] "GET /81222307185.htm HTTP/1.1" 200 18646 "-" "Mozilla/5.0 (Linux; Android 6.0.1; Nexus 5X Build/MMB29P) AppleWebKit/537.36 (KHTML, like Gecko) Chrome/140.0.7339.127 Mobile Safari/537.36 (compatible; GoogleOther)"
68.65.123.208 - - [19/Sep/2025:03:47:35 -0400] "POST /wp-cron.php?doing_wp_cron=1758268055.9727959632873535156250 HTTP/1.1" 403 1242 "-" "WordPress/6.8.2; http://vohradecor.com"
216.73.216.132 - - [19/Sep/2025:03:47:35 -0400] "GET /2314333573 HTTP/1.1" 404 6971 "-" "Mozilla/5.0 AppleWebKit/537.36 (KHTML, like Gecko; compatible; ClaudeBot/1.0; +claudebot@anthropic.com)"
216.73.216.132 - - [19/Sep/2025:03:47:36 -0400] "GET /49972407878 HTTP/1.1" 404 6971 "-" "Mozilla/5.0 AppleWebKit/537.36 (KHTML, like Gecko; compatible; ClaudeBot/1.0; +claudebot@anthropic.com)"
68.65.123.208 - - [19/Sep/2025:03:49:06 -0400] "POST /wp-cron.php?doing_wp_cron=1758268146.5565819740295410156250 HTTP/1.1" 403 1242 "-" "WordPress/6.8.2; http://vohradecor.com"
68.65.123.208 - - [19/Sep/2025:03:49:06 -0400] "POST /wp-cron.php?doing_wp_cron=1758268146.5555040836334228515625 HTTP/1.1" 403 1242 "-" "WordPress/6.8.2; http://vohradecor.com"
216.73.216.132 - - [19/Sep/2025:03:49:04 -0400] "GET /3637609614 HTTP/1.1" 404 6971 "-" "Mozilla/5.0 AppleWebKit/537.36 (KHTML, like Gecko; compatible; ClaudeBot/1.0; +claudebot@anthropic.com)"
216.73.216.132 - - [19/Sep/2025:03:49:03 -0400] "GET /33253143103 HTTP/1.1" 404 6971 "-" "Mozilla/5.0 AppleWebKit/537.36 (KHTML, like Gecko; compatible; ClaudeBot/1.0; +claudebot@anthropic.com)"
66.249.65.69 - - [19/Sep/2025:03:49:51 -0400] "GET /1788073139.htm HTTP/1.1" 404 0 "-" "Mozilla/5.0 (Linux; Android 6.0.1; Nexus 5X Build/MMB29P) AppleWebKit/537.36 (KHTML, like Gecko) Chrome/140.0.7339.127 Mobile Safari/537.36 (compatible; GoogleOther)"
68.65.123.208 - - [19/Sep/2025:03:50:37 -0400] "POST /wp-cron.php?doing_wp_cron=1758268237.0633618831634521484375 HTTP/1.1" 403 1242 "-" "WordPress/6.8.2; http://vohradecor.com"
68.65.123.208 - - [19/Sep/2025:03:50:37 -0400] "POST /wp-cron.php?doing_wp_cron=1758268237.1796569824218750000000 HTTP/1.1" 403 1242 "-" "WordPress/6.8.2; http://vohradecor.com"
216.73.216.132 - - [19/Sep/2025:03:50:33 -0400] "GET /58876828692 HTTP/1.1" 404 6971 "-" "Mozilla/5.0 AppleWebKit/537.36 (KHTML, like Gecko; compatible; ClaudeBot/1.0; +claudebot@anthropic.com)"
216.73.216.132 - - [19/Sep/2025:03:50:34 -0400] "GET /377387511 HTTP/1.1" 404 6971 "-" "Mozilla/5.0 AppleWebKit/537.36 (KHTML, like Gecko; compatible; ClaudeBot/1.0; +claudebot@anthropic.com)"
216.73.216.132 - - [19/Sep/2025:03:51:03 -0400] "GET /193981507 HTTP/1.1" 404 9653 "-" "Mozilla/5.0 AppleWebKit/537.36 (KHTML, like Gecko; compatible; ClaudeBot/1.0; +claudebot@anthropic.com)"
34.148.148.96 - - [19/Sep/2025:03:51:02 -0400] "GET /contact-us/ HTTP/1.0" 200 18041 "-" "ZoominfoBot (zoominfobot at zoominfo dot com)"
216.73.216.132 - - [19/Sep/2025:03:51:03 -0400] "GET /76247901427 HTTP/1.1" 404 6971 "-" "Mozilla/5.0 AppleWebKit/537.36 (KHTML, like Gecko; compatible; ClaudeBot/1.0; +claudebot@anthropic.com)"
66.249.65.69 - - [19/Sep/2025:03:51:24 -0400] "GET /463346826 HTTP/1.1" 200 19608 "-" "Mozilla/5.0 (Linux; Android 6.0.1; Nexus 5X Build/MMB29P) AppleWebKit/537.36 (KHTML, like Gecko) Chrome/140.0.7339.127 Mobile Safari/537.36 (compatible; GoogleOther)"
216.73.216.132 - - [19/Sep/2025:03:52:31 -0400] "GET /6286842523 HTTP/1.1" 404 6971 "-" "Mozilla/5.0 AppleWebKit/537.36 (KHTML, like Gecko; compatible; ClaudeBot/1.0; +claudebot@anthropic.com)"
216.73.216.132 - - [19/Sep/2025:03:52:32 -0400] "GET /29565692 HTTP/1.1" 404 6971 "-" "Mozilla/5.0 AppleWebKit/537.36 (KHTML, like Gecko; compatible; ClaudeBot/1.0; +claudebot@anthropic.com)"
66.249.65.70 - - [19/Sep/2025:03:52:34 -0400] "GET /79569820952 HTTP/1.1" 200 19659 "-" "Mozilla/5.0 (Linux; Android 6.0.1; Nexus 5X Build/MMB29P) AppleWebKit/537.36 (KHTML, like Gecko) Chrome/140.0.7339.127 Mobile Safari/537.36 (compatible; GoogleOther)"
74.241.242.73 - - [19/Sep/2025:03:52:49 -0400] "GET /aa.php HTTP/1.1" 404 38513 "-" "-"
74.241.242.73 - - [19/Sep/2025:03:52:51 -0400] "GET /about.php HTTP/1.1" 404 38513 "-" "-"
74.241.242.73 - - [19/Sep/2025:03:52:52 -0400] "GET /admin.php HTTP/1.1" 404 38513 "-" "-"
74.241.242.73 - - [19/Sep/2025:03:52:53 -0400] "GET /akc.php HTTP/1.1" 404 38513 "-" "-"
74.241.242.73 - - [19/Sep/2025:03:52:54 -0400] "GET /alfa.php HTTP/1.1" 404 38513 "-" "-"
74.241.242.73 - - [19/Sep/2025:03:52:55 -0400] "GET /asasx.php HTTP/1.1" 404 38513 "-" "-"
74.241.242.73 - - [19/Sep/2025:03:52:57 -0400] "GET /atomlib.php HTTP/1.1" 404 38513 "-" "-"
74.241.242.73 - - [19/Sep/2025:03:52:58 -0400] "GET /autoload_classmap.php HTTP/1.1" 404 38513 "-" "-"
74.241.242.73 - - [19/Sep/2025:03:52:59 -0400] "GET /autoload_classmap/function.php HTTP/1.1" 404 38513 "-" "-"
74.241.242.73 - - [19/Sep/2025:03:53:01 -0400] "GET /buy.php HTTP/1.1" 404 38513 "-" "-"
74.241.242.73 - - [19/Sep/2025:03:53:02 -0400] "GET /chosen.php HTTP/1.1" 404 38513 "-" "-"
74.241.242.73 - - [19/Sep/2025:03:53:04 -0400] "GET /classwithtostring.php HTTP/1.1" 404 38513 "-" "-"
74.241.242.73 - - [19/Sep/2025:03:53:05 -0400] "GET /cong.php HTTP/1.1" 404 38513 "-" "-"
74.241.242.73 - - [19/Sep/2025:03:53:06 -0400] "GET /edit.php HTTP/1.1" 404 38513 "-" "-"
74.241.242.73 - - [19/Sep/2025:03:53:08 -0400] "GET /file.php HTTP/1.1" 404 38513 "-" "-"
74.241.242.73 - - [19/Sep/2025:03:53:09 -0400] "GET /file2.php HTTP/1.1" 404 38513 "-" "-"
74.241.242.73 - - [19/Sep/2025:03:53:10 -0400] "GET /flower.php HTTP/1.1" 404 38513 "-" "-"
74.241.242.73 - - [19/Sep/2025:03:53:12 -0400] "GET /gecko.php HTTP/1.1" 404 38513 "-" "-"
74.241.242.73 - - [19/Sep/2025:03:53:13 -0400] "GET /goat.php HTTP/1.1" 404 38513 "-" "-"
74.241.242.73 - - [19/Sep/2025:03:53:14 -0400] "GET /goods.php HTTP/1.1" 404 38513 "-" "-"
74.241.242.73 - - [19/Sep/2025:03:53:16 -0400] "GET /ioxi-o.php HTTP/1.1" 404 38513 "-" "-"
74.241.242.73 - - [19/Sep/2025:03:53:17 -0400] "GET /lock360.php HTTP/1.1" 404 38513 "-" "-"
69.30.233.226 - - [19/Sep/2025:03:53:19 -0400] "GET /jp2023 HTTP/1.1" 404 37 "-" "-"
74.241.242.73 - - [19/Sep/2025:03:53:19 -0400] "GET /makeasmtp.php HTTP/1.1" 404 38513 "-" "-"
43.153.113.127 - - [19/Sep/2025:03:53:19 -0400] "GET / HTTP/1.1" 301 0 "-" "Mozilla/5.0 (iPhone; CPU iPhone OS 13_2_3 like Mac OS X) AppleWebKit/605.1.15 (KHTML, like Gecko) Version/13.0.3 Mobile/15E148 Safari/604.1"
74.241.242.73 - - [19/Sep/2025:03:53:20 -0400] "GET /mm.php HTTP/1.1" 404 38513 "-" "-"
43.153.113.127 - - [19/Sep/2025:03:53:21 -0400] "GET / HTTP/1.1" 200 18857 "http://www.vohradecor.com" "Mozilla/5.0 (iPhone; CPU iPhone OS 13_2_3 like Mac OS X) AppleWebKit/605.1.15 (KHTML, like Gecko) Version/13.0.3 Mobile/15E148 Safari/604.1"
74.241.242.73 - - [19/Sep/2025:03:53:21 -0400] "GET /nc4.php HTTP/1.1" 404 38513 "-" "-"
74.241.242.73 - - [19/Sep/2025:03:53:22 -0400] "GET /tinyfilemanager.php HTTP/1.1" 404 38513 "-" "-"
74.241.242.73 - - [19/Sep/2025:03:53:23 -0400] "GET /users.php HTTP/1.1" 404 38513 "-" "-"
74.241.242.73 - - [19/Sep/2025:03:53:25 -0400] "GET /w.php HTTP/1.1" 404 38513 "-" "-"
74.241.242.73 - - [19/Sep/2025:03:53:26 -0400] "GET /wp-admin/ HTTP/1.1" 403 1242 "-" "-"
74.241.242.73 - - [19/Sep/2025:03:53:26 -0400] "GET /wp-admin/css/colors/blue/index.php HTTP/1.1" 301 0 "-" "-"
74.241.242.73 - - [19/Sep/2025:03:53:27 -0400] "GET /wp-admin/css/colors/blue/ HTTP/1.1" 200 3607 "-" "-"
68.65.123.208 - - [19/Sep/2025:03:53:28 -0400] "POST /wp-cron.php?doing_wp_cron=1758268408.9157929420471191406250 HTTP/1.1" 403 1242 "-" "WordPress/6.8.2; http://vohradecor.com"
74.241.242.73 - - [19/Sep/2025:03:53:28 -0400] "GET /wp-admin/images/moon.php HTTP/1.1" 404 38573 "-" "-"
74.241.242.73 - - [19/Sep/2025:03:53:29 -0400] "GET /wp-admin/js/index.php HTTP/1.1" 301 0 "-" "-"
74.241.242.73 - - [19/Sep/2025:03:53:30 -0400] "GET /wp-admin/js/ HTTP/1.1" 200 28014 "-" "-"
74.241.242.73 - - [19/Sep/2025:03:53:30 -0400] "GET /wp-admin/setup-config.php HTTP/1.1" 403 1242 "-" "-"
74.241.242.73 - - [19/Sep/2025:03:53:31 -0400] "GET /wp-api.php HTTP/1.1" 404 38513 "-" "-"
74.241.242.73 - - [19/Sep/2025:03:53:32 -0400] "GET /10.php HTTP/1.1" 404 38513 "-" "-"
74.241.242.73 - - [19/Sep/2025:03:53:34 -0400] "GET /content.php HTTP/1.1" 404 38513 "-" "-"
74.241.242.73 - - [19/Sep/2025:03:53:35 -0400] "GET /cache.php HTTP/1.1" 404 38513 "-" "-"
74.241.242.73 - - [19/Sep/2025:03:53:36 -0400] "GET /p.php HTTP/1.1" 404 38513 "-" "-"
74.241.242.73 - - [19/Sep/2025:03:53:38 -0400] "GET /wp-content/index.php HTTP/1.1" 403 1242 "-" "-"
74.241.242.73 - - [19/Sep/2025:03:53:38 -0400] "GET /wp-content/wp-conflg.php HTTP/1.1" 404 1251 "-" "-"
74.241.242.73 - - [19/Sep/2025:03:53:38 -0400] "GET /sts.php HTTP/1.1" 404 38513 "-" "-"
74.241.242.73 - - [19/Sep/2025:03:53:40 -0400] "GET /root.php HTTP/1.1" 404 38513 "-" "-"
74.241.242.73 - - [19/Sep/2025:03:53:41 -0400] "GET /k.php HTTP/1.1" 404 38513 "-" "-"
74.241.242.73 - - [19/Sep/2025:03:53:42 -0400] "GET /r.php HTTP/1.1" 404 38513 "-" "-"
74.241.242.73 - - [19/Sep/2025:03:53:44 -0400] "GET /mar.php HTTP/1.1" 404 38513 "-" "-"
74.241.242.73 - - [19/Sep/2025:03:53:45 -0400] "GET /ws.php HTTP/1.1" 404 38513 "-" "-"
74.241.242.73 - - [19/Sep/2025:03:53:47 -0400] "GET /doc.php HTTP/1.1" 404 38513 "-" "-"
74.241.242.73 - - [19/Sep/2025:03:53:48 -0400] "GET /wp-includes/IXR/autoload_classmap.php HTTP/1.1" 404 38573 "-" "-"
216.73.216.132 - - [19/Sep/2025:03:53:49 -0400] "GET /robots.txt HTTP/1.1" 200 112 "-" "Mozilla/5.0 AppleWebKit/537.36 (KHTML, like Gecko; compatible; ClaudeBot/1.0; +claudebot@anthropic.com)"
216.73.216.132 - - [19/Sep/2025:03:53:49 -0400] "GET /19633793486 HTTP/1.1" 404 9653 "-" "Mozilla/5.0 AppleWebKit/537.36 (KHTML, like Gecko; compatible; ClaudeBot/1.0; +claudebot@anthropic.com)"
74.241.242.73 - - [19/Sep/2025:03:53:49 -0400] "GET /wp-includes/fonts/admin.php HTTP/1.1" 404 38573 "-" "-"
216.73.216.132 - - [19/Sep/2025:03:53:51 -0400] "GET /85582726461 HTTP/1.1" 404 9653 "-" "Mozilla/5.0 AppleWebKit/537.36 (KHTML, like Gecko; compatible; ClaudeBot/1.0; +claudebot@anthropic.com)"
74.241.242.73 - - [19/Sep/2025:03:53:51 -0400] "GET /wp-includes/fonts/index.php HTTP/1.1" 301 0 "-" "-"
74.241.242.73 - - [19/Sep/2025:03:53:52 -0400] "GET /wp-includes/fonts/ HTTP/1.1" 200 4803 "-" "-"
74.241.242.73 - - [19/Sep/2025:03:53:52 -0400] "GET /wp-setup.php HTTP/1.1" 404 38513 "-" "-"
74.241.242.73 - - [19/Sep/2025:03:53:53 -0400] "GET /wp.php HTTP/1.1" 404 38513 "-" "-"
74.241.242.73 - - [19/Sep/2025:03:53:55 -0400] "GET /wsa.php HTTP/1.1" 404 38513 "-" "-"
43.157.150.69 - - [19/Sep/2025:03:53:57 -0400] "GET /wp-admin/ HTTP/1.1" 403 1242 "-" "Mozilla/5.0 (iPhone; CPU iPhone OS 13_2_3 like Mac OS X) AppleWebKit/605.1.15 (KHTML, like Gecko) Version/13.0.3 Mobile/15E148 Safari/604.1"
205.198.68.233 - - [19/Sep/2025:03:54:07 -0400] "GET /winweinfsdf HTTP/1.1" 200 23296 "http://www.openurls.com.cn/" "Mozilla/5.0 (compatible; Googlebot/2.1; +http://www.google.com/bot.html)"
205.198.68.233 - - [19/Sep/2025:03:54:15 -0400] "GET /pingsitemap.xml HTTP/1.1" 404 137 "http://www.openurls.com.cn/" "Mozilla/5.0 (Windows NT 10.0; Win64; x64) AppleWebKit/537.36 (KHTML, like Gecko) Chrome/140.0.0.0 Safari/537.36"
207.46.13.63 - - [19/Sep/2025:03:54:33 -0400] "GET /52673793741 HTTP/1.1" 200 21452 "-" "Mozilla/5.0 AppleWebKit/537.36 (KHTML, like Gecko; compatible; bingbot/2.0; +http://www.bing.com/bingbot.htm) Chrome/116.0.1938.76 Safari/537.36"
68.65.123.208 - - [19/Sep/2025:03:54:34 -0400] "POST /wp-cron.php?doing_wp_cron=1758268474.2049090862274169921875 HTTP/1.1" 403 1242 "-" "WordPress/6.8.2; http://vohradecor.com"
8.217.183.158 - - [19/Sep/2025:03:54:33 -0400] "GET /wp-json/oembed/1.0/embed?url=http%3A%2F%2Fvohradecor.com%2Fabout%2F HTTP/1.1" 200 7661 "-" "AliyunSecBot/Aliyun (AliyunSecBot@service.alibaba.com)"
216.73.216.132 - - [19/Sep/2025:03:54:56 -0400] "GET /56406721 HTTP/1.1" 404 9653 "-" "Mozilla/5.0 AppleWebKit/537.36 (KHTML, like Gecko; compatible; ClaudeBot/1.0; +claudebot@anthropic.com)"
216.73.216.132 - - [19/Sep/2025:03:54:56 -0400] "GET /5594580325 HTTP/1.1" 404 9653 "-" "Mozilla/5.0 AppleWebKit/537.36 (KHTML, like Gecko; compatible; ClaudeBot/1.0; +claudebot@anthropic.com)"
66.249.65.69 - - [19/Sep/2025:03:55:13 -0400] "GET /58987272513 HTTP/1.1" 200 19195 "-" "Mozilla/5.0 (Linux; Android 6.0.1; Nexus 5X Build/MMB29P) AppleWebKit/537.36 (KHTML, like Gecko) Chrome/140.0.7339.127 Mobile Safari/537.36 (compatible; GoogleOther)"
68.65.123.208 - - [19/Sep/2025:03:56:16 -0400] "POST /wp-cron.php?doing_wp_cron=1758268576.9608700275421142578125 HTTP/1.1" 403 1242 "-" "WordPress/6.8.2; http://vohradecor.com"
216.73.216.132 - - [19/Sep/2025:03:56:15 -0400] "GET /8361963785 HTTP/1.1" 404 6971 "-" "Mozilla/5.0 AppleWebKit/537.36 (KHTML, like Gecko; compatible; ClaudeBot/1.0; +claudebot@anthropic.com)"
216.73.216.132 - - [19/Sep/2025:03:56:17 -0400] "GET /3866735981 HTTP/1.1" 404 6971 "-" "Mozilla/5.0 AppleWebKit/537.36 (KHTML, like Gecko; compatible; ClaudeBot/1.0; +claudebot@anthropic.com)"
216.73.216.132 - - [19/Sep/2025:03:57:04 -0400] "GET /4089285 HTTP/1.1" 404 9653 "-" "Mozilla/5.0 AppleWebKit/537.36 (KHTML, like Gecko; compatible; ClaudeBot/1.0; +claudebot@anthropic.com)"
216.73.216.132 - - [19/Sep/2025:03:57:04 -0400] "GET /965842427 HTTP/1.1" 404 9653 "-" "Mozilla/5.0 AppleWebKit/537.36 (KHTML, like Gecko; compatible; ClaudeBot/1.0; +claudebot@anthropic.com)"
66.249.65.70 - - [19/Sep/2025:03:57:54 -0400] "GET /76425695613 HTTP/1.1" 200 18656 "-" "Mozilla/5.0 (Linux; Android 6.0.1; Nexus 5X Build/MMB29P) AppleWebKit/537.36 (KHTML, like Gecko) Chrome/140.0.7339.127 Mobile Safari/537.36 (compatible; GoogleOther)"
66.249.65.70 - - [19/Sep/2025:03:58:02 -0400] "GET /7592894 HTTP/1.1" 200 21666 "-" "Mozilla/5.0 (Linux; Android 6.0.1; Nexus 5X Build/MMB29P) AppleWebKit/537.36 (KHTML, like Gecko) Chrome/140.0.7339.127 Mobile Safari/537.36 (compatible; GoogleOther)"
216.73.216.132 - - [19/Sep/2025:03:58:26 -0400] "GET /sitemap.xml HTTP/1.1" 200 168 "-" "Mozilla/5.0 AppleWebKit/537.36 (KHTML, like Gecko; compatible; ClaudeBot/1.0; +claudebot@anthropic.com)"
68.65.123.208 - - [19/Sep/2025:03:58:29 -0400] "POST /wp-cron.php?doing_wp_cron=1758268709.2362658977508544921875 HTTP/1.1" 403 1242 "-" "WordPress/6.8.2; http://vohradecor.com"
216.73.216.132 - - [19/Sep/2025:03:58:28 -0400] "GET /8431360 HTTP/1.1" 404 6971 "-" "Mozilla/5.0 AppleWebKit/537.36 (KHTML, like Gecko; compatible; ClaudeBot/1.0; +claudebot@anthropic.com)"
68.65.123.208 - - [19/Sep/2025:03:59:30 -0400] "POST /wp-cron.php?doing_wp_cron=1758268770.8475561141967773437500 HTTP/1.1" 403 1242 "-" "WordPress/6.8.2; http://vohradecor.com"
216.73.216.132 - - [19/Sep/2025:03:59:29 -0400] "GET /8366867675 HTTP/1.1" 404 6971 "-" "Mozilla/5.0 AppleWebKit/537.36 (KHTML, like Gecko; compatible; ClaudeBot/1.0; +claudebot@anthropic.com)"
216.73.216.132 - - [19/Sep/2025:03:59:31 -0400] "GET /489757567 HTTP/1.1" 404 9653 "-" "Mozilla/5.0 AppleWebKit/537.36 (KHTML, like Gecko; compatible; ClaudeBot/1.0; +claudebot@anthropic.com)"
216.73.216.132 - - [19/Sep/2025:03:59:32 -0400] "GET /716952489 HTTP/1.1" 404 6971 "-" "Mozilla/5.0 AppleWebKit/537.36 (KHTML, like Gecko; compatible; ClaudeBot/1.0; +claudebot@anthropic.com)"
216.73.216.132 - - [19/Sep/2025:04:00:15 -0400] "GET /159598186 HTTP/1.1" 404 9653 "-" "Mozilla/5.0 AppleWebKit/537.36 (KHTML, like Gecko; compatible; ClaudeBot/1.0; +claudebot@anthropic.com)"
216.73.216.132 - - [19/Sep/2025:04:00:16 -0400] "GET /2281347 HTTP/1.1" 404 9653 "-" "Mozilla/5.0 AppleWebKit/537.36 (KHTML, like Gecko; compatible; ClaudeBot/1.0; +claudebot@anthropic.com)"
216.73.216.132 - - [19/Sep/2025:04:00:16 -0400] "GET /169436874 HTTP/1.1" 404 9653 "-" "Mozilla/5.0 AppleWebKit/537.36 (KHTML, like Gecko; compatible; ClaudeBot/1.0; +claudebot@anthropic.com)"
216.73.216.132 - - [19/Sep/2025:04:00:17 -0400] "GET /33173193175 HTTP/1.1" 404 9653 "-" "Mozilla/5.0 AppleWebKit/537.36 (KHTML, like Gecko; compatible; ClaudeBot/1.0; +claudebot@anthropic.com)"
216.73.216.132 - - [19/Sep/2025:04:00:18 -0400] "GET /198682968 HTTP/1.1" 404 9653 "-" "Mozilla/5.0 AppleWebKit/537.36 (KHTML, like Gecko; compatible; ClaudeBot/1.0; +claudebot@anthropic.com)"
66.249.65.69 - - [19/Sep/2025:04:00:36 -0400] "GET /89940193103.htm HTTP/1.1" 200 18858 "-" "Mozilla/5.0 (Linux; Android 6.0.1; Nexus 5X Build/MMB29P) AppleWebKit/537.36 (KHTML, like Gecko) Chrome/140.0.7339.127 Mobile Safari/537.36 (compatible; GoogleOther)"
68.65.123.208 - - [19/Sep/2025:04:00:58 -0400] "POST /wp-cron.php?doing_wp_cron=1758268858.9026720523834228515625 HTTP/1.1" 403 1242 "-" "WordPress/6.8.2; http://vohradecor.com"
114.119.143.39 - - [19/Sep/2025:04:00:58 -0400] "GET /with-odds-in-your-favor-learning-to-navigate-the/ HTTP/1.1" 200 22861 "http://vohradecor.com/with-odds-in-your-favor-learning-to-navigate-the/" "Mozilla/5.0 (Linux; Android 7.0;) AppleWebKit/537.36 (KHTML, like Gecko) Mobile Safari/537.36 (compatible; PetalBot;+https://webmaster.petalsearch.com/site/petalbot)"
216.73.216.132 - - [19/Sep/2025:04:01:29 -0400] "GET /91856633938 HTTP/1.1" 404 9653 "-" "Mozilla/5.0 AppleWebKit/537.36 (KHTML, like Gecko; compatible; ClaudeBot/1.0; +claudebot@anthropic.com)"
216.73.216.132 - - [19/Sep/2025:04:01:30 -0400] "GET /57771790 HTTP/1.1" 404 9653 "-" "Mozilla/5.0 AppleWebKit/537.36 (KHTML, like Gecko; compatible; ClaudeBot/1.0; +claudebot@anthropic.com)"
216.73.216.132 - - [19/Sep/2025:04:01:31 -0400] "GET /4693285402 HTTP/1.1" 404 6971 "-" "Mozilla/5.0 AppleWebKit/537.36 (KHTML, like Gecko; compatible; ClaudeBot/1.0; +claudebot@anthropic.com)"
216.73.216.132 - - [19/Sep/2025:04:01:33 -0400] "GET /479257189 HTTP/1.1" 404 9653 "-" "Mozilla/5.0 AppleWebKit/537.36 (KHTML, like Gecko; compatible; ClaudeBot/1.0; +claudebot@anthropic.com)"
216.73.216.132 - - [19/Sep/2025:04:01:34 -0400] "GET /72484897697 HTTP/1.1" 404 9653 "-" "Mozilla/5.0 AppleWebKit/537.36 (KHTML, like Gecko; compatible; ClaudeBot/1.0; +claudebot@anthropic.com)"
68.65.123.208 - - [19/Sep/2025:04:02:25 -0400] "POST /wp-cron.php?doing_wp_cron=1758268945.8434309959411621093750 HTTP/1.1" 403 1242 "-" "WordPress/6.8.2; http://vohradecor.com"
114.119.133.42 - - [19/Sep/2025:04:02:25 -0400] "GET /chicken-road-slot-di-casin-online-che-offre-29/ HTTP/1.1" 200 21028 "http://vohradecor.com/author/admin/page/4/" "Mozilla/5.0 (Linux; Android 7.0;) AppleWebKit/537.36 (KHTML, like Gecko) Mobile Safari/537.36 (compatible; PetalBot;+https://webmaster.petalsearch.com/site/petalbot)"
216.73.216.132 - - [19/Sep/2025:04:02:31 -0400] "GET /86430602 HTTP/1.1" 404 9653 "-" "Mozilla/5.0 AppleWebKit/537.36 (KHTML, like Gecko; compatible; ClaudeBot/1.0; +claudebot@anthropic.com)"
216.73.216.132 - - [19/Sep/2025:04:02:31 -0400] "GET /8197322977 HTTP/1.1" 404 9653 "-" "Mozilla/5.0 AppleWebKit/537.36 (KHTML, like Gecko; compatible; ClaudeBot/1.0; +claudebot@anthropic.com)"
216.73.216.132 - - [19/Sep/2025:04:02:32 -0400] "GET /1718262 HTTP/1.1" 404 9653 "-" "Mozilla/5.0 AppleWebKit/537.36 (KHTML, like Gecko; compatible; ClaudeBot/1.0; +claudebot@anthropic.com)"
216.73.216.132 - - [19/Sep/2025:04:02:33 -0400] "GET /6521938794 HTTP/1.1" 404 9653 "-" "Mozilla/5.0 AppleWebKit/537.36 (KHTML, like Gecko; compatible; ClaudeBot/1.0; +claudebot@anthropic.com)"
216.73.216.132 - - [19/Sep/2025:04:02:34 -0400] "GET /2360826 HTTP/1.1" 404 6971 "-" "Mozilla/5.0 AppleWebKit/537.36 (KHTML, like Gecko; compatible; ClaudeBot/1.0; +claudebot@anthropic.com)"
66.249.65.71 - - [19/Sep/2025:04:03:21 -0400] "GET /17880256589.htm HTTP/1.1" 200 20177 "-" "Mozilla/5.0 (Linux; Android 6.0.1; Nexus 5X Build/MMB29P) AppleWebKit/537.36 (KHTML, like Gecko) Chrome/140.0.7339.127 Mobile Safari/537.36 (compatible; GoogleOther)"
68.65.123.208 - - [19/Sep/2025:04:03:34 -0400] "POST /wp-cron.php?doing_wp_cron=1758269014.6188099384307861328125 HTTP/1.1" 403 1242 "-" "WordPress/6.8.2; http://vohradecor.com"
216.73.216.132 - - [19/Sep/2025:04:03:33 -0400] "GET /64796335321 HTTP/1.1" 404 6971 "-" "Mozilla/5.0 AppleWebKit/537.36 (KHTML, like Gecko; compatible; ClaudeBot/1.0; +claudebot@anthropic.com)"
216.73.216.132 - - [19/Sep/2025:04:03:34 -0400] "GET /2725756 HTTP/1.1" 404 6971 "-" "Mozilla/5.0 AppleWebKit/537.36 (KHTML, like Gecko; compatible; ClaudeBot/1.0; +claudebot@anthropic.com)"
216.73.216.132 - - [19/Sep/2025:04:03:35 -0400] "GET /9489267957 HTTP/1.1" 404 9653 "-" "Mozilla/5.0 AppleWebKit/537.36 (KHTML, like Gecko; compatible; ClaudeBot/1.0; +claudebot@anthropic.com)"
216.73.216.132 - - [19/Sep/2025:04:03:37 -0400] "GET /82141915764 HTTP/1.1" 404 9653 "-" "Mozilla/5.0 AppleWebKit/537.36 (KHTML, like Gecko; compatible; ClaudeBot/1.0; +claudebot@anthropic.com)"
216.73.216.132 - - [19/Sep/2025:04:03:37 -0400] "GET /983075406 HTTP/1.1" 404 6971 "-" "Mozilla/5.0 AppleWebKit/537.36 (KHTML, like Gecko; compatible; ClaudeBot/1.0; +claudebot@anthropic.com)"
66.249.65.69 - - [19/Sep/2025:04:03:53 -0400] "POST /get-message-notify HTTP/1.1" 200 21352 "http://vohradecor.com/17880256589.htm" "Mozilla/5.0 (Linux; Android 6.0.1; Nexus 5X Build/MMB29P) AppleWebKit/537.36 (KHTML, like Gecko) Chrome/139.0.7258.127 Mobile Safari/537.36 (compatible; Googlebot/2.1; +http://www.google.com/bot.html)"
66.249.65.69 - - [19/Sep/2025:04:04:16 -0400] "GET /7476777949 HTTP/1.1" 200 18944 "-" "Mozilla/5.0 (Linux; Android 6.0.1; Nexus 5X Build/MMB29P) AppleWebKit/537.36 (KHTML, like Gecko) Chrome/140.0.7339.127 Mobile Safari/537.36 (compatible; GoogleOther)"
68.65.123.208 - - [19/Sep/2025:04:04:40 -0400] "POST /wp-cron.php?doing_wp_cron=1758269080.9342730045318603515625 HTTP/1.1" 403 1242 "-" "WordPress/6.8.2; http://vohradecor.com"
216.73.216.132 - - [19/Sep/2025:04:04:40 -0400] "GET /7965083 HTTP/1.1" 404 9653 "-" "Mozilla/5.0 AppleWebKit/537.36 (KHTML, like Gecko; compatible; ClaudeBot/1.0; +claudebot@anthropic.com)"
216.73.216.132 - - [19/Sep/2025:04:04:41 -0400] "GET /5077762 HTTP/1.1" 404 9653 "-" "Mozilla/5.0 AppleWebKit/537.36 (KHTML, like Gecko; compatible; ClaudeBot/1.0; +claudebot@anthropic.com)"
216.73.216.132 - - [19/Sep/2025:04:04:42 -0400] "GET /693636447 HTTP/1.1" 404 9653 "-" "Mozilla/5.0 AppleWebKit/537.36 (KHTML, like Gecko; compatible; ClaudeBot/1.0; +claudebot@anthropic.com)"
216.73.216.132 - - [19/Sep/2025:04:04:43 -0400] "GET /37892971608 HTTP/1.1" 404 6971 "-" "Mozilla/5.0 AppleWebKit/537.36 (KHTML, like Gecko; compatible; ClaudeBot/1.0; +claudebot@anthropic.com)"
216.73.216.132 - - [19/Sep/2025:04:04:44 -0400] "GET /8945435557 HTTP/1.1" 404 6971 "-" "Mozilla/5.0 AppleWebKit/537.36 (KHTML, like Gecko; compatible; ClaudeBot/1.0; +claudebot@anthropic.com)"
66.249.65.70 - - [19/Sep/2025:04:05:59 -0400] "GET /84481196447.htm HTTP/1.1" 200 18958 "-" "Mozilla/5.0 (Linux; Android 6.0.1; Nexus 5X Build/MMB29P) AppleWebKit/537.36 (KHTML, like Gecko) Chrome/140.0.7339.127 Mobile Safari/537.36 (compatible; GoogleOther)"
43.173.1.69 - - [19/Sep/2025:04:05:59 -0400] "GET /error_log HTTP/1.1" 403 1242 "-" "Mozilla/5.0 (iPhone; CPU iPhone OS 13_2_3 like Mac OS X) AppleWebKit/605.1.15 (KHTML, like Gecko) Version/13.0.3 Mobile/15E148 Safari/604.1"
68.65.123.208 - - [19/Sep/2025:04:06:27 -0400] "POST /wp-cron.php?doing_wp_cron=1758269187.3416769504547119140625 HTTP/1.1" 403 1242 "-" "WordPress/6.8.2; http://vohradecor.com"
68.65.123.208 - - [19/Sep/2025:04:06:27 -0400] "POST /wp-cron.php?doing_wp_cron=1758269187.3408770561218261718750 HTTP/1.1" 403 1242 "-" "WordPress/6.8.2; http://vohradecor.com"
216.73.216.132 - - [19/Sep/2025:04:06:25 -0400] "GET /72685621752 HTTP/1.1" 404 6971 "-" "Mozilla/5.0 AppleWebKit/537.36 (KHTML, like Gecko; compatible; ClaudeBot/1.0; +claudebot@anthropic.com)"
216.73.216.132 - - [19/Sep/2025:04:06:23 -0400] "GET /14793069372 HTTP/1.1" 404 9653 "-" "Mozilla/5.0 AppleWebKit/537.36 (KHTML, like Gecko; compatible; ClaudeBot/1.0; +claudebot@anthropic.com)"
216.73.216.132 - - [19/Sep/2025:04:06:30 -0400] "GET /9475347 HTTP/1.1" 404 6971 "-" "Mozilla/5.0 AppleWebKit/537.36 (KHTML, like Gecko; compatible; ClaudeBot/1.0; +claudebot@anthropic.com)"
216.73.216.132 - - [19/Sep/2025:04:06:31 -0400] "GET /135480277 HTTP/1.1" 404 6971 "-" "Mozilla/5.0 AppleWebKit/537.36 (KHTML, like Gecko; compatible; ClaudeBot/1.0; +claudebot@anthropic.com)"
68.65.123.208 - - [19/Sep/2025:04:07:37 -0400] "POST /wp-cron.php?doing_wp_cron=1758269257.6189410686492919921875 HTTP/1.1" 403 1242 "-" "WordPress/6.8.2; http://vohradecor.com"
216.73.216.132 - - [19/Sep/2025:04:07:36 -0400] "GET /5834926 HTTP/1.1" 404 6971 "-" "Mozilla/5.0 AppleWebKit/537.36 (KHTML, like Gecko; compatible; ClaudeBot/1.0; +claudebot@anthropic.com)"
216.73.216.132 - - [19/Sep/2025:04:07:38 -0400] "GET /54673793096 HTTP/1.1" 404 6971 "-" "Mozilla/5.0 AppleWebKit/537.36 (KHTML, like Gecko; compatible; ClaudeBot/1.0; +claudebot@anthropic.com)"
216.73.216.132 - - [19/Sep/2025:04:07:38 -0400] "GET /3134697 HTTP/1.1" 404 6971 "-" "Mozilla/5.0 AppleWebKit/537.36 (KHTML, like Gecko; compatible; ClaudeBot/1.0; +claudebot@anthropic.com)"
216.73.216.132 - - [19/Sep/2025:04:07:39 -0400] "GET /6174852153 HTTP/1.1" 404 6971 "-" "Mozilla/5.0 AppleWebKit/537.36 (KHTML, like Gecko; compatible; ClaudeBot/1.0; +claudebot@anthropic.com)"
216.73.216.132 - - [19/Sep/2025:04:07:54 -0400] "GET /6869517255 HTTP/1.1" 404 9653 "-" "Mozilla/5.0 AppleWebKit/537.36 (KHTML, like Gecko; compatible; ClaudeBot/1.0; +claudebot@anthropic.com)"
216.73.216.132 - - [19/Sep/2025:04:07:56 -0400] "GET /439203569 HTTP/1.1" 404 9653 "-" "Mozilla/5.0 AppleWebKit/537.36 (KHTML, like Gecko; compatible; ClaudeBot/1.0; +claudebot@anthropic.com)"
216.73.216.132 - - [19/Sep/2025:04:07:59 -0400] "GET /47184127 HTTP/1.1" 404 9653 "-" "Mozilla/5.0 AppleWebKit/537.36 (KHTML, like Gecko; compatible; ClaudeBot/1.0; +claudebot@anthropic.com)"
216.73.216.132 - - [19/Sep/2025:04:08:01 -0400] "GET /96515587444 HTTP/1.1" 404 9653 "-" "Mozilla/5.0 AppleWebKit/537.36 (KHTML, like Gecko; compatible; ClaudeBot/1.0; +claudebot@anthropic.com)"
66.249.65.70 - - [19/Sep/2025:04:08:39 -0400] "GET /2417481428.htm HTTP/1.1" 200 19442 "-" "Mozilla/5.0 (Linux; Android 6.0.1; Nexus 5X Build/MMB29P) AppleWebKit/537.36 (KHTML, like Gecko) Chrome/140.0.7339.127 Mobile Safari/537.36 (compatible; GoogleOther)"
68.65.123.208 - - [19/Sep/2025:04:08:57 -0400] "POST /wp-cron.php?doing_wp_cron=1758269337.4710750579833984375000 HTTP/1.1" 403 1242 "-" "WordPress/6.8.2; http://vohradecor.com"
57.141.4.3 - - [19/Sep/2025:04:08:56 -0400] "GET /about/ HTTP/1.1" 200 71536 "-" "meta-externalagent/1.1 (+https://developers.facebook.com/docs/sharing/webmasters/crawler)"
183.207.45.112 - - [19/Sep/2025:04:09:00 -0400] "GET / HTTP/1.1" 200 0 "-" "Mozilla/5.0 (Windows NT 10.0; Win64; x64) AppleWebKit/537.36 (KHTML, like Gecko) Chrome/107.0.0.0 Safari/537.36"
148.113.128.183 - - [19/Sep/2025:04:09:09 -0400] "GET /pinco-casino-turkiyede-hesap-dorulama-sureci-656/ HTTP/1.1" 200 17015 "-" "Mozilla/5.0 (compatible; AhrefsBot/7.0; +http://ahrefs.com/robot/)"
216.73.216.132 - - [19/Sep/2025:04:09:24 -0400] "GET /29827732375 HTTP/1.1" 404 9653 "-" "Mozilla/5.0 AppleWebKit/537.36 (KHTML, like Gecko; compatible; ClaudeBot/1.0; +claudebot@anthropic.com)"
216.73.216.132 - - [19/Sep/2025:04:09:25 -0400] "GET /518482211 HTTP/1.1" 404 6971 "-" "Mozilla/5.0 AppleWebKit/537.36 (KHTML, like Gecko; compatible; ClaudeBot/1.0; +claudebot@anthropic.com)"
216.73.216.132 - - [19/Sep/2025:04:09:26 -0400] "GET /6713684523 HTTP/1.1" 404 6971 "-" "Mozilla/5.0 AppleWebKit/537.36 (KHTML, like Gecko; compatible; ClaudeBot/1.0; +claudebot@anthropic.com)"
216.73.216.132 - - [19/Sep/2025:04:09:27 -0400] "GET /48398579 HTTP/1.1" 404 9653 "-" "Mozilla/5.0 AppleWebKit/537.36 (KHTML, like Gecko; compatible; ClaudeBot/1.0; +claudebot@anthropic.com)"
68.65.123.208 - - [19/Sep/2025:04:10:23 -0400] "POST /wp-cron.php?doing_wp_cron=1758269423.2716519832611083984375 HTTP/1.1" 403 1242 "-" "WordPress/6.8.2; http://vohradecor.com"
216.73.216.132 - - [19/Sep/2025:04:10:22 -0400] "GET /98585174106 HTTP/1.1" 404 6971 "-" "Mozilla/5.0 AppleWebKit/537.36 (KHTML, like Gecko; compatible; ClaudeBot/1.0; +claudebot@anthropic.com)"
216.73.216.132 - - [19/Sep/2025:04:10:24 -0400] "GET /6416874743 HTTP/1.1" 404 6971 "-" "Mozilla/5.0 AppleWebKit/537.36 (KHTML, like Gecko; compatible; ClaudeBot/1.0; +claudebot@anthropic.com)"
216.73.216.132 - - [19/Sep/2025:04:10:24 -0400] "GET /88157535 HTTP/1.1" 404 9653 "-" "Mozilla/5.0 AppleWebKit/537.36 (KHTML, like Gecko; compatible; ClaudeBot/1.0; +claudebot@anthropic.com)"
216.73.216.132 - - [19/Sep/2025:04:10:25 -0400] "GET /36966137952 HTTP/1.1" 404 9653 "-" "Mozilla/5.0 AppleWebKit/537.36 (KHTML, like Gecko; compatible; ClaudeBot/1.0; +claudebot@anthropic.com)"
40.77.167.255 - - [19/Sep/2025:04:10:32 -0400] "GET /30339475 HTTP/1.1" 200 18827 "-" "Mozilla/5.0 AppleWebKit/537.36 (KHTML, like Gecko; compatible; bingbot/2.0; +http://www.bing.com/bingbot.htm) Chrome/116.0.1938.76 Safari/537.36"
216.73.216.132 - - [19/Sep/2025:04:10:39 -0400] "GET /2591061 HTTP/1.1" 404 4886 "-" "Mozilla/5.0 AppleWebKit/537.36 (KHTML, like Gecko; compatible; ClaudeBot/1.0; +claudebot@anthropic.com)"
216.73.216.132 - - [19/Sep/2025:04:10:40 -0400] "GET /5704979 HTTP/1.1" 404 6971 "-" "Mozilla/5.0 AppleWebKit/537.36 (KHTML, like Gecko; compatible; ClaudeBot/1.0; +claudebot@anthropic.com)"
216.73.216.132 - - [19/Sep/2025:04:10:41 -0400] "GET /8512249 HTTP/1.1" 404 6971 "-" "Mozilla/5.0 AppleWebKit/537.36 (KHTML, like Gecko; compatible; ClaudeBot/1.0; +claudebot@anthropic.com)"
216.73.216.132 - - [19/Sep/2025:04:10:42 -0400] "GET /893703414 HTTP/1.1" 404 9653 "-" "Mozilla/5.0 AppleWebKit/537.36 (KHTML, like Gecko; compatible; ClaudeBot/1.0; +claudebot@anthropic.com)"
216.73.216.132 - - [19/Sep/2025:04:10:44 -0400] "GET /79812935 HTTP/1.1" 404 9653 "-" "Mozilla/5.0 AppleWebKit/537.36 (KHTML, like Gecko; compatible; ClaudeBot/1.0; +claudebot@anthropic.com)"
149.154.161.235 - - [19/Sep/2025:04:10:48 -0400] "GET /wp-includes/css/BDKR28_5n2ffomu.php HTTP/1.1" 404 10159 "-" "TelegramBot (like TwitterBot)"
149.154.161.235 - - [19/Sep/2025:04:11:30 -0400] "GET /wp-includes/css/i5735qyo.php?BDKR28=9ebs HTTP/1.1" 403 1242 "-" "TelegramBot (like TwitterBot)"
68.65.123.208 - - [19/Sep/2025:04:12:09 -0400] "POST /wp-cron.php?doing_wp_cron=1758269529.7705850601196289062500 HTTP/1.1" 403 1242 "-" "WordPress/6.8.2; http://vohradecor.com"
216.73.216.132 - - [19/Sep/2025:04:12:09 -0400] "GET /349844382 HTTP/1.1" 404 6971 "-" "Mozilla/5.0 AppleWebKit/537.36 (KHTML, like Gecko; compatible; ClaudeBot/1.0; +claudebot@anthropic.com)"
216.73.216.132 - - [19/Sep/2025:04:12:09 -0400] "GET /6785266720 HTTP/1.1" 404 9653 "-" "Mozilla/5.0 AppleWebKit/537.36 (KHTML, like Gecko; compatible; ClaudeBot/1.0; +claudebot@anthropic.com)"
216.73.216.132 - - [19/Sep/2025:04:12:13 -0400] "GET /46544238 HTTP/1.1" 404 6971 "-" "Mozilla/5.0 AppleWebKit/537.36 (KHTML, like Gecko; compatible; ClaudeBot/1.0; +claudebot@anthropic.com)"
216.73.216.132 - - [19/Sep/2025:04:12:14 -0400] "GET /742820537 HTTP/1.1" 404 9653 "-" "Mozilla/5.0 AppleWebKit/537.36 (KHTML, like Gecko; compatible; ClaudeBot/1.0; +claudebot@anthropic.com)"
216.73.216.132 - - [19/Sep/2025:04:12:16 -0400] "GET /42370086787 HTTP/1.1" 404 9653 "-" "Mozilla/5.0 AppleWebKit/537.36 (KHTML, like Gecko; compatible; ClaudeBot/1.0; +claudebot@anthropic.com)"
216.73.216.132 - - [19/Sep/2025:04:13:08 -0400] "GET /65245129100 HTTP/1.1" 404 9653 "-" "Mozilla/5.0 AppleWebKit/537.36 (KHTML, like Gecko; compatible; ClaudeBot/1.0; +claudebot@anthropic.com)"
68.65.123.208 - - [19/Sep/2025:04:13:10 -0400] "POST /wp-cron.php?doing_wp_cron=1758269590.5960290431976318359375 HTTP/1.1" 403 1242 "-" "WordPress/6.8.2; http://vohradecor.com"
216.73.216.132 - - [19/Sep/2025:04:13:09 -0400] "GET /597510598 HTTP/1.1" 404 6971 "-" "Mozilla/5.0 AppleWebKit/537.36 (KHTML, like Gecko; compatible; ClaudeBot/1.0; +claudebot@anthropic.com)"
216.73.216.132 - - [19/Sep/2025:04:13:10 -0400] "GET /8847944 HTTP/1.1" 404 9653 "-" "Mozilla/5.0 AppleWebKit/537.36 (KHTML, like Gecko; compatible; ClaudeBot/1.0; +claudebot@anthropic.com)"
216.73.216.132 - - [19/Sep/2025:04:13:11 -0400] "GET /41711336 HTTP/1.1" 404 9653 "-" "Mozilla/5.0 AppleWebKit/537.36 (KHTML, like Gecko; compatible; ClaudeBot/1.0; +claudebot@anthropic.com)"
142.44.233.7 - - [19/Sep/2025:04:13:52 -0400] "GET /wp-content/uploads/2016/05/Vohra-Logo.png HTTP/1.1" 200 34366 "-" "Mozilla/5.0 (compatible; AhrefsBot/7.0; +http://ahrefs.com/robot/)"
216.73.216.132 - - [19/Sep/2025:04:13:54 -0400] "GET /_autoindex/assets/js/tablesort.number.js HTTP/1.1" 200 322 "-" "Mozilla/5.0 AppleWebKit/537.36 (KHTML, like Gecko; compatible; ClaudeBot/1.0; +claudebot@anthropic.com)"
216.73.216.132 - - [19/Sep/2025:04:13:54 -0400] "GET /_autoindex/assets/js/tablesort.js HTTP/1.1" 200 2137 "-" "Mozilla/5.0 AppleWebKit/537.36 (KHTML, like Gecko; compatible; ClaudeBot/1.0; +claudebot@anthropic.com)"
77.75.77.109 - - [19/Sep/2025:04:13:55 -0400] "GET /267634277 HTTP/1.1" 404 11129 "-" "Mozilla/5.0 (compatible; SeznamBot/4.0; +https://o-seznam.cz/napoveda/vyhledavani/en/seznambot-crawler/)"
77.75.77.109 - - [19/Sep/2025:04:13:55 -0400] "GET /category/uncategorized/feed/ HTTP/1.1" 200 54313 "-" "Mozilla/5.0 (compatible; SeznamBot/4.0; +https://o-seznam.cz/napoveda/vyhledavani/en/seznambot-crawler/)"
216.73.216.132 - - [19/Sep/2025:04:14:54 -0400] "GET /wp-cron.php HTTP/1.1" 403 1242 "-" "Mozilla/5.0 AppleWebKit/537.36 (KHTML, like Gecko; compatible; ClaudeBot/1.0; +claudebot@anthropic.com)"
216.73.216.132 - - [19/Sep/2025:04:14:54 -0400] "GET /wp-rss4.php HTTP/1.1" 200 1142 "-" "Mozilla/5.0 AppleWebKit/537.36 (KHTML, like Gecko; compatible; ClaudeBot/1.0; +claudebot@anthropic.com)"
170.106.113.159 - - [19/Sep/2025:04:15:20 -0400] "GET /robots.txt HTTP/1.1" 200 146 "-" "Mozilla/5.0 (iPhone; CPU iPhone OS 13_2_3 like Mac OS X) AppleWebKit/605.1.15 (KHTML, like Gecko) Version/13.0.3 Mobile/15E148 Safari/604.1"
66.249.65.70 - - [19/Sep/2025:04:16:02 -0400] "GET /8477106 HTTP/1.1" 200 19390 "-" "Mozilla/5.0 (Linux; Android 6.0.1; Nexus 5X Build/MMB29P) AppleWebKit/537.36 (KHTML, like Gecko) Chrome/140.0.7339.127 Mobile Safari/537.36 (compatible; GoogleOther)"
216.73.216.132 - - [19/Sep/2025:04:16:48 -0400] "GET /wp-config.php HTTP/1.1" 403 1242 "-" "Mozilla/5.0 AppleWebKit/537.36 (KHTML, like Gecko; compatible; ClaudeBot/1.0; +claudebot@anthropic.com)"
216.73.216.132 - - [19/Sep/2025:04:16:50 -0400] "GET /wp-links-opml.php HTTP/1.1" 403 1242 "-" "Mozilla/5.0 AppleWebKit/537.36 (KHTML, like Gecko; compatible; ClaudeBot/1.0; +claudebot@anthropic.com)"
216.73.216.132 - - [19/Sep/2025:04:17:05 -0400] "GET /wp-settings.php HTTP/1.1" 403 1242 "-" "Mozilla/5.0 AppleWebKit/537.36 (KHTML, like Gecko; compatible; ClaudeBot/1.0; +claudebot@anthropic.com)"
216.73.216.132 - - [19/Sep/2025:04:17:06 -0400] "GET /wp-trackback.php HTTP/1.1" 403 1242 "-" "Mozilla/5.0 AppleWebKit/537.36 (KHTML, like Gecko; compatible; ClaudeBot/1.0; +claudebot@anthropic.com)"
66.249.65.70 - - [19/Sep/2025:04:17:07 -0400] "GET /92349190 HTTP/1.1" 200 19870 "-" "Mozilla/5.0 (Linux; Android 6.0.1; Nexus 5X Build/MMB29P) AppleWebKit/537.36 (KHTML, like Gecko) Chrome/140.0.7339.127 Mobile Safari/537.36 (compatible; GoogleOther)"
216.73.216.132 - - [19/Sep/2025:04:18:26 -0400] "GET /wp-config-sample.php HTTP/1.1" 403 1242 "-" "Mozilla/5.0 AppleWebKit/537.36 (KHTML, like Gecko; compatible; ClaudeBot/1.0; +claudebot@anthropic.com)"
216.73.216.132 - - [19/Sep/2025:04:18:26 -0400] "GET /wp-content HTTP/1.1" 301 795 "-" "Mozilla/5.0 AppleWebKit/537.36 (KHTML, like Gecko; compatible; ClaudeBot/1.0; +claudebot@anthropic.com)"
216.73.216.132 - - [19/Sep/2025:04:18:26 -0400] "GET /wp-content/ HTTP/1.1" 403 1242 "http://vohradecor.com/wp-content" "Mozilla/5.0 AppleWebKit/537.36 (KHTML, like Gecko; compatible; ClaudeBot/1.0; +claudebot@anthropic.com)"
216.73.216.132 - - [19/Sep/2025:04:20:25 -0400] "GET /wp-includes HTTP/1.1" 301 795 "-" "Mozilla/5.0 AppleWebKit/537.36 (KHTML, like Gecko; compatible; ClaudeBot/1.0; +claudebot@anthropic.com)"
216.73.216.132 - - [19/Sep/2025:04:20:27 -0400] "GET /wp-includes/ HTTP/1.1" 200 7353 "http://vohradecor.com/wp-includes" "Mozilla/5.0 AppleWebKit/537.36 (KHTML, like Gecko; compatible; ClaudeBot/1.0; +claudebot@anthropic.com)"
216.73.216.132 - - [19/Sep/2025:04:22:02 -0400] "GET /_autoindex/assets/css/autoindex.css HTTP/1.1" 200 1170 "-" "Mozilla/5.0 AppleWebKit/537.36 (KHTML, like Gecko; compatible; ClaudeBot/1.0; +claudebot@anthropic.com)"
216.73.216.132 - - [19/Sep/2025:04:23:19 -0400] "GET /wp-road.php HTTP/1.1" 200 11642 "-" "Mozilla/5.0 AppleWebKit/537.36 (KHTML, like Gecko; compatible; ClaudeBot/1.0; +claudebot@anthropic.com)"
43.133.220.37 - - [19/Sep/2025:04:23:48 -0400] "GET /wp-cron.php HTTP/1.1" 403 1242 "-" "Mozilla/5.0 (iPhone; CPU iPhone OS 13_2_3 like Mac OS X) AppleWebKit/605.1.15 (KHTML, like Gecko) Version/13.0.3 Mobile/15E148 Safari/604.1"
216.73.216.132 - - [19/Sep/2025:04:24:49 -0400] "GET /wp-load.php HTTP/1.1" 403 1242 "-" "Mozilla/5.0 AppleWebKit/537.36 (KHTML, like Gecko; compatible; ClaudeBot/1.0; +claudebot@anthropic.com)"
216.73.216.132 - - [19/Sep/2025:04:26:27 -0400] "GET /wp-signup.php HTTP/1.1" 403 1242 "-" "Mozilla/5.0 AppleWebKit/537.36 (KHTML, like Gecko; compatible; ClaudeBot/1.0; +claudebot@anthropic.com)"
52.167.144.213 - - [19/Sep/2025:04:27:43 -0400] "GET /86944715210 HTTP/1.1" 200 18760 "-" "Mozilla/5.0 AppleWebKit/537.36 (KHTML, like Gecko; compatible; bingbot/2.0; +http://www.bing.com/bingbot.htm) Chrome/116.0.1938.76 Safari/537.36"
216.73.216.132 - - [19/Sep/2025:04:28:33 -0400] "GET /_autoindex/assets/icons/file-text.svg HTTP/1.1" 200 394 "-" "Mozilla/5.0 AppleWebKit/537.36 (KHTML, like Gecko; compatible; ClaudeBot/1.0; +claudebot@anthropic.com)"
66.249.65.69 - - [19/Sep/2025:04:29:59 -0400] "GET /1467465 HTTP/1.1" 200 19477 "-" "Mozilla/5.0 (Linux; Android 6.0.1; Nexus 5X Build/MMB29P) AppleWebKit/537.36 (KHTML, like Gecko) Chrome/140.0.7339.127 Mobile Safari/537.36 (compatible; GoogleOther)"
216.73.216.132 - - [19/Sep/2025:04:30:20 -0400] "GET /_autoindex/assets/icons/folder-fill.svg HTTP/1.1" 200 333 "-" "Mozilla/5.0 AppleWebKit/537.36 (KHTML, like Gecko; compatible; ClaudeBot/1.0; +claudebot@anthropic.com)"
51.195.201.11 - - [19/Sep/2025:04:30:57 -0400] "GET /wp-includes/css/BDKR.txt HTTP/1.1" 200 52 "-" "Mozilla/5.0 (Windows NT 10.0; Win64; x64) AppleWebKit/537.36 (KHTML, like Gecko) Chrome/133.0.0.0 Safari/537.36 Edg/131.0.2903.86"
68.65.123.208 - - [19/Sep/2025:04:31:18 -0400] "POST /wp-cron.php?doing_wp_cron=1758270678.3242359161376953125000 HTTP/1.1" 403 1242 "-" "WordPress/6.8.2; http://vohradecor.com"
51.195.201.11 - - [19/Sep/2025:04:31:15 -0400] "HEAD / HTTP/1.1" 200 0 "-" "Mozilla/5.0 (Windows NT 6.3; Trident/7.0; rv:11.0) like Gecko"
216.73.216.132 - - [19/Sep/2025:04:32:01 -0400] "GET /wp-mail.php HTTP/1.1" 403 1242 "-" "Mozilla/5.0 AppleWebKit/537.36 (KHTML, like Gecko; compatible; ClaudeBot/1.0; +claudebot@anthropic.com)"
216.73.216.132 - - [19/Sep/2025:04:32:02 -0400] "GET /wp-opml.php HTTP/1.1" 200 66 "-" "Mozilla/5.0 AppleWebKit/537.36 (KHTML, like Gecko; compatible; ClaudeBot/1.0; +claudebot@anthropic.com)"
66.249.65.70 - - [19/Sep/2025:04:34:02 -0400] "GET /139735791 HTTP/1.1" 404 0 "-" "Mozilla/5.0 (Linux; Android 6.0.1; Nexus 5X Build/MMB29P) AppleWebKit/537.36 (KHTML, like Gecko) Chrome/140.0.7339.127 Mobile Safari/537.36 (compatible; GoogleOther)"
40.77.167.132 - - [19/Sep/2025:04:34:04 -0400] "GET /89346596846 HTTP/1.1" 200 21029 "-" "Mozilla/5.0 AppleWebKit/537.36 (KHTML, like Gecko; compatible; bingbot/2.0; +http://www.bing.com/bingbot.htm) Chrome/116.0.1938.76 Safari/537.36"
43.130.106.18 - - [19/Sep/2025:04:35:32 -0400] "GET /wp-settings.php HTTP/1.1" 403 1242 "-" "Mozilla/5.0 (iPhone; CPU iPhone OS 13_2_3 like Mac OS X) AppleWebKit/605.1.15 (KHTML, like Gecko) Version/13.0.3 Mobile/15E148 Safari/604.1"
66.249.65.70 - - [19/Sep/2025:04:42:50 -0400] "GET /7591443 HTTP/1.1" 200 20517 "-" "Mozilla/5.0 (Linux; Android 6.0.1; Nexus 5X Build/MMB29P) AppleWebKit/537.36 (KHTML, like Gecko) Chrome/140.0.7339.127 Mobile Safari/537.36 (compatible; GoogleOther)"
68.65.123.208 - - [19/Sep/2025:04:43:51 -0400] "POST /wp-cron.php?doing_wp_cron=1758271431.7450599670410156250000 HTTP/1.1" 403 1242 "-" "WordPress/6.8.2; http://vohradecor.com"
34.148.148.96 - - [19/Sep/2025:04:43:48 -0400] "GET /author/admin/ HTTP/1.0" 200 18045 "-" "ZoominfoBot (zoominfobot at zoominfo dot com)"
34.148.148.96 - - [19/Sep/2025:04:44:16 -0400] "GET /collection/ HTTP/1.0" 200 19619 "-" "ZoominfoBot (zoominfobot at zoominfo dot com)"
49.51.39.209 - - [19/Sep/2025:04:44:28 -0400] "GET /wp-signup.php HTTP/1.1" 403 1242 "-" "Mozilla/5.0 (iPhone; CPU iPhone OS 13_2_3 like Mac OS X) AppleWebKit/605.1.15 (KHTML, like Gecko) Version/13.0.3 Mobile/15E148 Safari/604.1"
68.65.123.208 - - [19/Sep/2025:04:50:10 -0400] "POST /wp-cron.php?doing_wp_cron=1758271810.1531939506530761718750 HTTP/1.1" 403 1242 "-" "WordPress/6.8.2; http://vohradecor.com"
77.75.77.109 - - [19/Sep/2025:04:50:04 -0400] "GET /5843336 HTTP/1.1" 404 11129 "-" "Mozilla/5.0 (compatible; SeznamBot/4.0; +https://o-seznam.cz/napoveda/vyhledavani/en/seznambot-crawler/)"
3.230.69.161 - - [19/Sep/2025:04:50:27 -0400] "GET /collection/ HTTP/1.1" 200 19619 "-" "Mozilla/5.0 AppleWebKit/537.36 (KHTML, like Gecko; compatible; Amazonbot/0.1; +https://developer.amazon.com/support/amazonbot) Chrome/119.0.6045.214 Safari/537.36"
66.249.65.70 - - [19/Sep/2025:04:51:16 -0400] "GET /82786489403 HTTP/1.1" 200 18608 "-" "Mozilla/5.0 (Linux; Android 6.0.1; Nexus 5X Build/MMB29P) AppleWebKit/537.36 (KHTML, like Gecko) Chrome/140.0.7339.127 Mobile Safari/537.36 (compatible; GoogleOther)"
66.249.65.71 - - [19/Sep/2025:04:52:02 -0400] "GET /2365583 HTTP/1.1" 200 20210 "-" "Mozilla/5.0 (Linux; Android 6.0.1; Nexus 5X Build/MMB29P) AppleWebKit/537.36 (KHTML, like Gecko) Chrome/140.0.7339.127 Mobile Safari/537.36 (compatible; GoogleOther)"
66.249.65.69 - - [19/Sep/2025:04:52:21 -0400] "GET /9218685063 HTTP/1.1" 200 19026 "-" "Mozilla/5.0 (Linux; Android 6.0.1; Nexus 5X Build/MMB29P) AppleWebKit/537.36 (KHTML, like Gecko) Chrome/140.0.7339.127 Mobile Safari/537.36 (compatible; GoogleOther)"
66.249.65.70 - - [19/Sep/2025:04:53:26 -0400] "GET /893751707 HTTP/1.1" 200 19656 "-" "Mozilla/5.0 (Linux; Android 6.0.1; Nexus 5X Build/MMB29P) AppleWebKit/537.36 (KHTML, like Gecko) Chrome/140.0.7339.127 Mobile Safari/537.36 (compatible; GoogleOther)"
66.249.65.70 - - [19/Sep/2025:04:54:31 -0400] "GET /358735945 HTTP/1.1" 200 18459 "-" "Mozilla/5.0 (Linux; Android 6.0.1; Nexus 5X Build/MMB29P) AppleWebKit/537.36 (KHTML, like Gecko) Chrome/140.0.7339.127 Mobile Safari/537.36 (compatible; GoogleOther)"
68.65.123.208 - - [19/Sep/2025:04:54:51 -0400] "POST /wp-cron.php?doing_wp_cron=1758272091.8026850223541259765625 HTTP/1.1" 403 1242 "-" "WordPress/6.8.2; http://vohradecor.com"
77.75.77.109 - - [19/Sep/2025:04:54:50 -0400] "GET /3597134691 HTTP/1.1" 404 11129 "-" "Mozilla/5.0 (compatible; SeznamBot/4.0; +https://o-seznam.cz/napoveda/vyhledavani/en/seznambot-crawler/)"
43.135.115.233 - - [19/Sep/2025:04:56:11 -0400] "GET /sitemap-18.xml HTTP/1.1" 200 11656 "-" "Mozilla/5.0 (iPhone; CPU iPhone OS 13_2_3 like Mac OS X) AppleWebKit/605.1.15 (KHTML, like Gecko) Version/13.0.3 Mobile/15E148 Safari/604.1"
66.249.65.69 - - [19/Sep/2025:04:56:41 -0400] "GET /1957164763 HTTP/1.1" 200 19704 "-" "Mozilla/5.0 (Linux; Android 6.0.1; Nexus 5X Build/MMB29P) AppleWebKit/537.36 (KHTML, like Gecko) Chrome/140.0.7339.127 Mobile Safari/537.36 (compatible; GoogleOther)"
66.249.65.70 - - [19/Sep/2025:04:57:46 -0400] "GET /542345228 HTTP/1.1" 200 20569 "-" "Mozilla/5.0 (Linux; Android 6.0.1; Nexus 5X Build/MMB29P) AppleWebKit/537.36 (KHTML, like Gecko) Chrome/140.0.7339.127 Mobile Safari/537.36 (compatible; GoogleOther)"
66.249.65.70 - - [19/Sep/2025:04:58:51 -0400] "GET /9873832607 HTTP/1.1" 200 19664 "-" "Mozilla/5.0 (Linux; Android 6.0.1; Nexus 5X Build/MMB29P) AppleWebKit/537.36 (KHTML, like Gecko) Chrome/140.0.7339.127 Mobile Safari/537.36 (compatible; GoogleOther)"
66.249.65.69 - - [19/Sep/2025:04:59:56 -0400] "GET /318013956 HTTP/1.1" 200 19826 "-" "Mozilla/5.0 (Linux; Android 6.0.1; Nexus 5X Build/MMB29P) AppleWebKit/537.36 (KHTML, like Gecko) Chrome/140.0.7339.127 Mobile Safari/537.36 (compatible; GoogleOther)"
68.65.123.208 - - [19/Sep/2025:05:00:44 -0400] "POST /wp-cron.php?doing_wp_cron=1758272444.9003069400787353515625 HTTP/1.1" 403 1242 "-" "WordPress/6.8.2; http://vohradecor.com"
142.44.220.164 - - [19/Sep/2025:05:00:43 -0400] "GET /oficialnyj-sajt-vhod-na-rabochee-zerkalo-vavada-727/ HTTP/1.1" 200 15507 "-" "Mozilla/5.0 (compatible; AhrefsBot/7.0; +http://ahrefs.com/robot/)"
66.249.65.71 - - [19/Sep/2025:05:01:01 -0400] "GET /1974570071 HTTP/1.1" 200 19019 "-" "Mozilla/5.0 (Linux; Android 6.0.1; Nexus 5X Build/MMB29P) AppleWebKit/537.36 (KHTML, like Gecko) Chrome/140.0.7339.127 Mobile Safari/537.36 (compatible; GoogleOther)"
68.65.123.208 - - [19/Sep/2025:05:01:53 -0400] "POST /wp-cron.php?doing_wp_cron=1758272513.9182789325714111328125 HTTP/1.1" 403 1242 "-" "WordPress/6.8.2; http://vohradecor.com"
77.75.77.109 - - [19/Sep/2025:05:01:52 -0400] "GET /37192654095 HTTP/1.1" 404 11129 "-" "Mozilla/5.0 (compatible; SeznamBot/4.0; +https://o-seznam.cz/napoveda/vyhledavani/en/seznambot-crawler/)"
66.249.65.69 - - [19/Sep/2025:05:02:06 -0400] "GET /63682565 HTTP/1.1" 200 21611 "-" "Mozilla/5.0 (Linux; Android 6.0.1; Nexus 5X Build/MMB29P) AppleWebKit/537.36 (KHTML, like Gecko) Chrome/140.0.7339.127 Mobile Safari/537.36 (compatible; GoogleOther)"
66.249.65.71 - - [19/Sep/2025:05:03:11 -0400] "GET /5413307487 HTTP/1.1" 200 20015 "-" "Mozilla/5.0 (Linux; Android 6.0.1; Nexus 5X Build/MMB29P) AppleWebKit/537.36 (KHTML, like Gecko) Chrome/140.0.7339.127 Mobile Safari/537.36 (compatible; GoogleOther)"
66.249.65.71 - - [19/Sep/2025:05:04:30 -0400] "GET /984361862 HTTP/1.1" 200 19638 "-" "Mozilla/5.0 (Linux; Android 6.0.1; Nexus 5X Build/MMB29P) AppleWebKit/537.36 (KHTML, like Gecko) Chrome/140.0.7339.127 Mobile Safari/537.36 (compatible; GoogleOther)"
66.249.65.70 - - [19/Sep/2025:05:05:28 -0400] "GET /88124185 HTTP/1.1" 200 19674 "-" "Mozilla/5.0 (Linux; Android 6.0.1; Nexus 5X Build/MMB29P) AppleWebKit/537.36 (KHTML, like Gecko) Chrome/140.0.7339.127 Mobile Safari/537.36 (compatible; GoogleOther)"
43.130.57.76 - - [19/Sep/2025:05:05:30 -0400] "GET /sitemap-7.xml HTTP/1.1" 200 12301 "-" "Mozilla/5.0 (iPhone; CPU iPhone OS 13_2_3 like Mac OS X) AppleWebKit/605.1.15 (KHTML, like Gecko) Version/13.0.3 Mobile/15E148 Safari/604.1"
68.65.123.208 - - [19/Sep/2025:05:06:11 -0400] "POST /wp-cron.php?doing_wp_cron=1758272771.4238390922546386718750 HTTP/1.1" 403 1242 "-" "WordPress/6.8.2; http://vohradecor.com"
77.75.77.109 - - [19/Sep/2025:05:06:10 -0400] "GET /584484733 HTTP/1.1" 404 11129 "-" "Mozilla/5.0 (compatible; SeznamBot/4.0; +https://o-seznam.cz/napoveda/vyhledavani/en/seznambot-crawler/)"
66.249.65.71 - - [19/Sep/2025:05:06:26 -0400] "GET /2762853 HTTP/1.1" 200 19341 "-" "Mozilla/5.0 (Linux; Android 6.0.1; Nexus 5X Build/MMB29P) AppleWebKit/537.36 (KHTML, like Gecko) Chrome/140.0.7339.127 Mobile Safari/537.36 (compatible; GoogleOther)"
52.167.144.216 - - [19/Sep/2025:05:07:28 -0400] "GET /317453734 HTTP/1.1" 200 19781 "-" "Mozilla/5.0 AppleWebKit/537.36 (KHTML, like Gecko; compatible; bingbot/2.0; +http://www.bing.com/bingbot.htm) Chrome/116.0.1938.76 Safari/537.36"
66.249.65.69 - - [19/Sep/2025:05:07:31 -0400] "GET /56671111 HTTP/1.1" 200 20317 "-" "Mozilla/5.0 (Linux; Android 6.0.1; Nexus 5X Build/MMB29P) AppleWebKit/537.36 (KHTML, like Gecko) Chrome/140.0.7339.127 Mobile Safari/537.36 (compatible; GoogleOther)"
66.249.65.70 - - [19/Sep/2025:05:08:04 -0400] "GET /5188231652 HTTP/1.1" 200 20055 "-" "Mozilla/5.0 (Linux; Android 6.0.1; Nexus 5X Build/MMB29P) AppleWebKit/537.36 (KHTML, like Gecko) Chrome/140.0.7339.127 Mobile Safari/537.36 (compatible; GoogleOther)"
216.73.216.132 - - [19/Sep/2025:05:08:07 -0400] "GET /robots.txt HTTP/1.1" 200 105 "-" "Mozilla/5.0 AppleWebKit/537.36 (KHTML, like Gecko; compatible; ClaudeBot/1.0; +claudebot@anthropic.com)"
216.73.216.132 - - [19/Sep/2025:05:08:07 -0400] "GET /sitemap.xml HTTP/1.1" 200 168 "-" "Mozilla/5.0 AppleWebKit/537.36 (KHTML, like Gecko; compatible; ClaudeBot/1.0; +claudebot@anthropic.com)"
