관리-도구
편집 파일: vohradecor.com
66.249.65.69 - - [19/Sep/2025:00:19:14 -0400] "GET /71786896 HTTP/1.1" 200 24586 "-" "Mozilla/5.0 (Linux; Android 6.0.1; Nexus 5X Build/MMB29P) AppleWebKit/537.36 (KHTML, like Gecko) Chrome/140.0.7339.127 Mobile Safari/537.36 (compatible; GoogleOther)"
66.249.65.70 - - [19/Sep/2025:00:19:43 -0400] "GET /37426817 HTTP/1.1" 200 24969 "-" "Mozilla/5.0 (Linux; Android 6.0.1; Nexus 5X Build/MMB29P) AppleWebKit/537.36 (KHTML, like Gecko) Chrome/140.0.7339.127 Mobile Safari/537.36 (compatible; GoogleOther)"
66.249.65.70 - - [19/Sep/2025:00:20:23 -0400] "GET /7456725 HTTP/1.1" 200 24116 "-" "Mozilla/5.0 (Linux; Android 6.0.1; Nexus 5X Build/MMB29P) AppleWebKit/537.36 (KHTML, like Gecko) Chrome/140.0.7339.127 Mobile Safari/537.36 (compatible; GoogleOther)"
216.73.216.132 - - [19/Sep/2025:00:20:24 -0400] "GET /robots.txt HTTP/1.1" 200 67 "-" "Mozilla/5.0 AppleWebKit/537.36 (KHTML, like Gecko; compatible; ClaudeBot/1.0; +claudebot@anthropic.com)"
223.109.252.220 - - [19/Sep/2025:00:20:20 -0400] "GET / HTTP/1.1" 200 18772 "-" "Sogou web spider/4.0(+http://www.sogou.com/docs/help/webmasters.htm#07)"
216.73.216.132 - - [19/Sep/2025:00:20:24 -0400] "GET /2025/09/page/2 HTTP/1.1" 200 12428 "-" "Mozilla/5.0 AppleWebKit/537.36 (KHTML, like Gecko; compatible; ClaudeBot/1.0; +claudebot@anthropic.com)"
66.249.65.71 - - [19/Sep/2025:00:21:18 -0400] "GET /59383077578 HTTP/1.1" 200 23687 "-" "Mozilla/5.0 (Linux; Android 6.0.1; Nexus 5X Build/MMB29P) AppleWebKit/537.36 (KHTML, like Gecko) Chrome/140.0.7339.127 Mobile Safari/537.36 (compatible; GoogleOther)"
216.73.216.132 - - [19/Sep/2025:00:21:52 -0400] "GET /519322346 HTTP/1.1" 404 6971 "-" "Mozilla/5.0 AppleWebKit/537.36 (KHTML, like Gecko; compatible; ClaudeBot/1.0; +claudebot@anthropic.com)"
216.73.216.132 - - [19/Sep/2025:00:21:53 -0400] "GET /5610367 HTTP/1.1" 404 6971 "-" "Mozilla/5.0 AppleWebKit/537.36 (KHTML, like Gecko; compatible; ClaudeBot/1.0; +claudebot@anthropic.com)"
216.73.216.132 - - [19/Sep/2025:00:22:51 -0400] "GET /4964091769 HTTP/1.1" 404 6971 "-" "Mozilla/5.0 AppleWebKit/537.36 (KHTML, like Gecko; compatible; ClaudeBot/1.0; +claudebot@anthropic.com)"
216.73.216.132 - - [19/Sep/2025:00:22:52 -0400] "GET /348387683 HTTP/1.1" 404 7006 "-" "Mozilla/5.0 AppleWebKit/537.36 (KHTML, like Gecko; compatible; ClaudeBot/1.0; +claudebot@anthropic.com)"
66.249.65.70 - - [19/Sep/2025:00:22:54 -0400] "GET /18752607 HTTP/1.1" 200 23541 "-" "Mozilla/5.0 (Linux; Android 6.0.1; Nexus 5X Build/MMB29P) AppleWebKit/537.36 (KHTML, like Gecko) Chrome/140.0.7339.127 Mobile Safari/537.36 (compatible; GoogleOther)"
216.73.216.132 - - [19/Sep/2025:00:23:35 -0400] "GET /1626649 HTTP/1.1" 404 6971 "-" "Mozilla/5.0 AppleWebKit/537.36 (KHTML, like Gecko; compatible; ClaudeBot/1.0; +claudebot@anthropic.com)"
216.73.216.132 - - [19/Sep/2025:00:23:37 -0400] "GET /9542305 HTTP/1.1" 404 6971 "-" "Mozilla/5.0 AppleWebKit/537.36 (KHTML, like Gecko; compatible; ClaudeBot/1.0; +claudebot@anthropic.com)"
66.249.65.69 - - [19/Sep/2025:00:24:29 -0400] "GET /68531961316 HTTP/1.1" 200 24291 "-" "Mozilla/5.0 (Linux; Android 6.0.1; Nexus 5X Build/MMB29P) AppleWebKit/537.36 (KHTML, like Gecko) Chrome/140.0.7339.127 Mobile Safari/537.36 (compatible; GoogleOther)"
216.73.216.132 - - [19/Sep/2025:00:24:41 -0400] "GET /3184300 HTTP/1.1" 404 6971 "-" "Mozilla/5.0 AppleWebKit/537.36 (KHTML, like Gecko; compatible; ClaudeBot/1.0; +claudebot@anthropic.com)"
216.73.216.132 - - [19/Sep/2025:00:24:42 -0400] "GET /46148008868 HTTP/1.1" 404 6971 "-" "Mozilla/5.0 AppleWebKit/537.36 (KHTML, like Gecko; compatible; ClaudeBot/1.0; +claudebot@anthropic.com)"
216.73.216.132 - - [19/Sep/2025:00:24:57 -0400] "GET /2396354265 HTTP/1.1" 404 6971 "-" "Mozilla/5.0 AppleWebKit/537.36 (KHTML, like Gecko; compatible; ClaudeBot/1.0; +claudebot@anthropic.com)"
66.249.65.70 - - [19/Sep/2025:00:24:58 -0400] "GET /76585917043 HTTP/1.1" 200 25722 "-" "Mozilla/5.0 (Linux; Android 6.0.1; Nexus 5X Build/MMB29P) AppleWebKit/537.36 (KHTML, like Gecko) Chrome/140.0.7339.127 Mobile Safari/537.36 (compatible; GoogleOther)"
216.73.216.132 - - [19/Sep/2025:00:24:58 -0400] "GET /8678016 HTTP/1.1" 404 6971 "-" "Mozilla/5.0 AppleWebKit/537.36 (KHTML, like Gecko; compatible; ClaudeBot/1.0; +claudebot@anthropic.com)"
66.249.65.70 - - [19/Sep/2025:00:26:04 -0400] "GET /268426787 HTTP/1.1" 200 24906 "-" "Mozilla/5.0 (Linux; Android 6.0.1; Nexus 5X Build/MMB29P) AppleWebKit/537.36 (KHTML, like Gecko) Chrome/140.0.7339.127 Mobile Safari/537.36 (compatible; GoogleOther)"
216.73.216.132 - - [19/Sep/2025:00:26:52 -0400] "GET /649518688 HTTP/1.1" 404 6971 "-" "Mozilla/5.0 AppleWebKit/537.36 (KHTML, like Gecko; compatible; ClaudeBot/1.0; +claudebot@anthropic.com)"
216.73.216.132 - - [19/Sep/2025:00:26:55 -0400] "GET /65487997493 HTTP/1.1" 404 6971 "-" "Mozilla/5.0 AppleWebKit/537.36 (KHTML, like Gecko; compatible; ClaudeBot/1.0; +claudebot@anthropic.com)"
109.105.210.63 - - [19/Sep/2025:00:26:55 -0400] "GET / HTTP/1.1" 200 18772 "-" "Mozilla/5.0 (Windows NT 10.0; WOW64) AppleWebKit/537.36 (KHTML, like Gecko) Chrome/66.0.3359.117 Safari/537.36"
66.249.65.71 - - [19/Sep/2025:00:27:16 -0400] "GET /85828690 HTTP/1.1" 200 23981 "-" "Mozilla/5.0 (Linux; Android 6.0.1; Nexus 5X Build/MMB29P) AppleWebKit/537.36 (KHTML, like Gecko) Chrome/140.0.7339.127 Mobile Safari/537.36 (compatible; GoogleOther)"
216.73.216.132 - - [19/Sep/2025:00:27:35 -0400] "GET /5228644 HTTP/1.1" 404 6971 "-" "Mozilla/5.0 AppleWebKit/537.36 (KHTML, like Gecko; compatible; ClaudeBot/1.0; +claudebot@anthropic.com)"
216.73.216.132 - - [19/Sep/2025:00:27:47 -0400] "GET /986045783 HTTP/1.1" 404 6971 "-" "Mozilla/5.0 AppleWebKit/537.36 (KHTML, like Gecko; compatible; ClaudeBot/1.0; +claudebot@anthropic.com)"
66.249.65.70 - - [19/Sep/2025:00:28:24 -0400] "GET /?9294024 HTTP/1.1" 200 24887 "-" "Mozilla/5.0 (Linux; Android 6.0.1; Nexus 5X Build/MMB29P) AppleWebKit/537.36 (KHTML, like Gecko) Chrome/140.0.7339.127 Mobile Safari/537.36 (compatible; GoogleOther)"
216.73.216.132 - - [19/Sep/2025:00:29:43 -0400] "GET /61864569022 HTTP/1.1" 404 6971 "-" "Mozilla/5.0 AppleWebKit/537.36 (KHTML, like Gecko; compatible; ClaudeBot/1.0; +claudebot@anthropic.com)"
66.249.65.69 - - [19/Sep/2025:00:30:42 -0400] "GET /2894586282 HTTP/1.1" 200 24457 "-" "Mozilla/5.0 (Linux; Android 6.0.1; Nexus 5X Build/MMB29P) AppleWebKit/537.36 (KHTML, like Gecko) Chrome/140.0.7339.127 Mobile Safari/537.36 (compatible; GoogleOther)"
216.73.216.132 - - [19/Sep/2025:00:30:42 -0400] "GET /84146987197 HTTP/1.1" 404 6971 "-" "Mozilla/5.0 AppleWebKit/537.36 (KHTML, like Gecko; compatible; ClaudeBot/1.0; +claudebot@anthropic.com)"
216.73.216.132 - - [19/Sep/2025:00:30:59 -0400] "GET /8998721 HTTP/1.1" 404 6971 "-" "Mozilla/5.0 AppleWebKit/537.36 (KHTML, like Gecko; compatible; ClaudeBot/1.0; +claudebot@anthropic.com)"
66.249.65.70 - - [19/Sep/2025:00:31:02 -0400] "GET /2308295 HTTP/1.1" 200 24471 "-" "Mozilla/5.0 (Linux; Android 6.0.1; Nexus 5X Build/MMB29P) AppleWebKit/537.36 (KHTML, like Gecko) Chrome/140.0.7339.127 Mobile Safari/537.36 (compatible; GoogleOther)"
77.75.77.109 - - [19/Sep/2025:00:31:34 -0400] "GET /4004804 HTTP/1.1" 404 11129 "-" "Mozilla/5.0 (compatible; SeznamBot/4.0; +https://o-seznam.cz/napoveda/vyhledavani/en/seznambot-crawler/)"
216.73.216.132 - - [19/Sep/2025:00:32:39 -0400] "GET /83667252 HTTP/1.1" 404 6971 "-" "Mozilla/5.0 AppleWebKit/537.36 (KHTML, like Gecko; compatible; ClaudeBot/1.0; +claudebot@anthropic.com)"
66.249.65.69 - - [19/Sep/2025:00:33:00 -0400] "GET /3791878 HTTP/1.1" 200 24890 "-" "Mozilla/5.0 (Linux; Android 6.0.1; Nexus 5X Build/MMB29P) AppleWebKit/537.36 (KHTML, like Gecko) Chrome/140.0.7339.127 Mobile Safari/537.36 (compatible; GoogleOther)"
216.73.216.132 - - [19/Sep/2025:00:33:00 -0400] "GET /464073169 HTTP/1.1" 404 6971 "-" "Mozilla/5.0 AppleWebKit/537.36 (KHTML, like Gecko; compatible; ClaudeBot/1.0; +claudebot@anthropic.com)"
216.73.216.132 - - [19/Sep/2025:00:33:04 -0400] "GET /84482306 HTTP/1.1" 404 6971 "-" "Mozilla/5.0 AppleWebKit/537.36 (KHTML, like Gecko; compatible; ClaudeBot/1.0; +claudebot@anthropic.com)"
216.73.216.132 - - [19/Sep/2025:00:33:57 -0400] "GET /15988255222 HTTP/1.1" 404 6971 "-" "Mozilla/5.0 AppleWebKit/537.36 (KHTML, like Gecko; compatible; ClaudeBot/1.0; +claudebot@anthropic.com)"
66.249.65.69 - - [19/Sep/2025:00:34:08 -0400] "GET /?28895058253 HTTP/1.1" 200 25604 "-" "Mozilla/5.0 (Linux; Android 6.0.1; Nexus 5X Build/MMB29P) AppleWebKit/537.36 (KHTML, like Gecko) Chrome/140.0.7339.127 Mobile Safari/537.36 (compatible; GoogleOther)"
66.249.65.70 - - [19/Sep/2025:00:34:52 -0400] "GET /4211875 HTTP/1.1" 200 24033 "-" "Mozilla/5.0 (Linux; Android 6.0.1; Nexus 5X Build/MMB29P) AppleWebKit/537.36 (KHTML, like Gecko) Chrome/140.0.7339.127 Mobile Safari/537.36 (compatible; GoogleOther)"
66.249.65.69 - - [19/Sep/2025:00:37:42 -0400] "GET /7239232 HTTP/1.1" 200 23894 "-" "Mozilla/5.0 (Linux; Android 6.0.1; Nexus 5X Build/MMB29P) AppleWebKit/537.36 (KHTML, like Gecko) Chrome/140.0.7339.127 Mobile Safari/537.36 (compatible; GoogleOther)"
66.249.65.70 - - [19/Sep/2025:00:41:16 -0400] "GET /8629875368 HTTP/1.1" 200 23629 "-" "Mozilla/5.0 (Linux; Android 6.0.1; Nexus 5X Build/MMB29P) AppleWebKit/537.36 (KHTML, like Gecko) Chrome/140.0.7339.127 Mobile Safari/537.36 (compatible; GoogleOther)"
66.249.65.71 - - [19/Sep/2025:00:43:03 -0400] "GET /4828415 HTTP/1.1" 200 23614 "-" "Mozilla/5.0 (Linux; Android 6.0.1; Nexus 5X Build/MMB29P) AppleWebKit/537.36 (KHTML, like Gecko) Chrome/140.0.7339.127 Mobile Safari/537.36 (compatible; GoogleOther)"
66.249.65.71 - - [19/Sep/2025:00:48:24 -0400] "GET /6242575535 HTTP/1.1" 200 25934 "-" "Mozilla/5.0 (Linux; Android 6.0.1; Nexus 5X Build/MMB29P) AppleWebKit/537.36 (KHTML, like Gecko) Chrome/140.0.7339.127 Mobile Safari/537.36 (compatible; GoogleOther)"
66.249.65.69 - - [19/Sep/2025:00:48:57 -0400] "GET /8553238048 HTTP/1.1" 200 24984 "-" "Mozilla/5.0 (Linux; Android 6.0.1; Nexus 5X Build/MMB29P) AppleWebKit/537.36 (KHTML, like Gecko) Chrome/140.0.7339.127 Mobile Safari/537.36 (compatible; GoogleOther)"
68.65.123.208 - - [19/Sep/2025:00:49:51 -0400] "POST /wp-cron.php?doing_wp_cron=1758257391.7889161109924316406250 HTTP/1.1" 200 0 "-" "WordPress/6.8.2; http://vohradecor.com"
77.75.77.109 - - [19/Sep/2025:00:49:48 -0400] "GET /45751999516 HTTP/1.1" 404 11129 "-" "Mozilla/5.0 (compatible; SeznamBot/4.0; +https://o-seznam.cz/napoveda/vyhledavani/en/seznambot-crawler/)"
66.249.65.71 - - [19/Sep/2025:00:50:01 -0400] "GET /71357582583 HTTP/1.1" 200 23895 "-" "Mozilla/5.0 (Linux; Android 6.0.1; Nexus 5X Build/MMB29P) AppleWebKit/537.36 (KHTML, like Gecko) Chrome/140.0.7339.127 Mobile Safari/537.36 (compatible; GoogleOther)"
66.249.65.69 - - [19/Sep/2025:00:50:11 -0400] "GET /2165371 HTTP/1.1" 200 24742 "-" "Mozilla/5.0 (Linux; Android 6.0.1; Nexus 5X Build/MMB29P) AppleWebKit/537.36 (KHTML, like Gecko) Chrome/140.0.7339.127 Mobile Safari/537.36 (compatible; GoogleOther)"
66.249.65.71 - - [19/Sep/2025:00:51:08 -0400] "GET /487971457 HTTP/1.1" 200 24619 "-" "Mozilla/5.0 (Linux; Android 6.0.1; Nexus 5X Build/MMB29P) AppleWebKit/537.36 (KHTML, like Gecko) Chrome/140.0.7339.127 Mobile Safari/537.36 (compatible; GoogleOther)"
77.75.77.109 - - [19/Sep/2025:00:51:46 -0400] "GET /87622765012 HTTP/1.1" 404 11129 "-" "Mozilla/5.0 (compatible; SeznamBot/4.0; +https://o-seznam.cz/napoveda/vyhledavani/en/seznambot-crawler/)"
66.249.65.70 - - [19/Sep/2025:00:51:58 -0400] "GET /693890081 HTTP/1.1" 200 24173 "-" "Mozilla/5.0 (Linux; Android 6.0.1; Nexus 5X Build/MMB29P) AppleWebKit/537.36 (KHTML, like Gecko) Chrome/140.0.7339.127 Mobile Safari/537.36 (compatible; GoogleOther)"
66.249.65.69 - - [19/Sep/2025:00:52:15 -0400] "GET /7749705066 HTTP/1.1" 200 24653 "-" "Mozilla/5.0 (Linux; Android 6.0.1; Nexus 5X Build/MMB29P) AppleWebKit/537.36 (KHTML, like Gecko) Chrome/140.0.7339.127 Mobile Safari/537.36 (compatible; GoogleOther)"
213.180.203.45 - - [19/Sep/2025:00:52:37 -0400] "GET /robots.txt HTTP/1.1" 200 67 "-" "Mozilla/5.0 (compatible; YandexBot/3.0; +http://yandex.com/bots)"
66.249.65.69 - - [19/Sep/2025:00:53:21 -0400] "GET /129884069 HTTP/1.1" 200 24640 "-" "Mozilla/5.0 (Linux; Android 6.0.1; Nexus 5X Build/MMB29P) AppleWebKit/537.36 (KHTML, like Gecko) Chrome/140.0.7339.127 Mobile Safari/537.36 (compatible; GoogleOther)"
66.249.65.70 - - [19/Sep/2025:00:53:45 -0400] "GET /9536864454 HTTP/1.1" 200 25057 "-" "Mozilla/5.0 (Linux; Android 6.0.1; Nexus 5X Build/MMB29P) AppleWebKit/537.36 (KHTML, like Gecko) Chrome/140.0.7339.127 Mobile Safari/537.36 (compatible; GoogleOther)"
216.73.216.132 - - [19/Sep/2025:00:54:25 -0400] "GET /659810151 HTTP/1.1" 404 6971 "-" "Mozilla/5.0 AppleWebKit/537.36 (KHTML, like Gecko; compatible; ClaudeBot/1.0; +claudebot@anthropic.com)"
216.73.216.132 - - [19/Sep/2025:00:54:26 -0400] "GET /84607715 HTTP/1.1" 404 4886 "-" "Mozilla/5.0 AppleWebKit/537.36 (KHTML, like Gecko; compatible; ClaudeBot/1.0; +claudebot@anthropic.com)"
216.73.216.132 - - [19/Sep/2025:00:54:27 -0400] "GET /69873482822 HTTP/1.1" 404 6971 "-" "Mozilla/5.0 AppleWebKit/537.36 (KHTML, like Gecko; compatible; ClaudeBot/1.0; +claudebot@anthropic.com)"
66.249.65.69 - - [19/Sep/2025:00:54:28 -0400] "GET /6685806 HTTP/1.1" 200 26099 "-" "Mozilla/5.0 (Linux; Android 6.0.1; Nexus 5X Build/MMB29P) AppleWebKit/537.36 (KHTML, like Gecko) Chrome/140.0.7339.127 Mobile Safari/537.36 (compatible; GoogleOther)"
216.73.216.132 - - [19/Sep/2025:00:54:27 -0400] "GET /2189197165 HTTP/1.1" 404 6971 "-" "Mozilla/5.0 AppleWebKit/537.36 (KHTML, like Gecko; compatible; ClaudeBot/1.0; +claudebot@anthropic.com)"
216.73.216.132 - - [19/Sep/2025:00:54:28 -0400] "GET /5576270 HTTP/1.1" 404 6971 "-" "Mozilla/5.0 AppleWebKit/537.36 (KHTML, like Gecko; compatible; ClaudeBot/1.0; +claudebot@anthropic.com)"
216.73.216.132 - - [19/Sep/2025:00:54:29 -0400] "GET /95935708 HTTP/1.1" 404 6971 "-" "Mozilla/5.0 AppleWebKit/537.36 (KHTML, like Gecko; compatible; ClaudeBot/1.0; +claudebot@anthropic.com)"
216.73.216.132 - - [19/Sep/2025:00:54:29 -0400] "GET /9838346 HTTP/1.1" 404 6971 "-" "Mozilla/5.0 AppleWebKit/537.36 (KHTML, like Gecko; compatible; ClaudeBot/1.0; +claudebot@anthropic.com)"
66.249.65.70 - - [19/Sep/2025:00:55:32 -0400] "GET /2723571 HTTP/1.1" 200 26248 "-" "Mozilla/5.0 (Linux; Android 6.0.1; Nexus 5X Build/MMB29P) AppleWebKit/537.36 (KHTML, like Gecko) Chrome/140.0.7339.127 Mobile Safari/537.36 (compatible; GoogleOther)"
66.249.65.70 - - [19/Sep/2025:00:55:35 -0400] "GET /17880127927.htm HTTP/1.1" 200 30062 "-" "Mozilla/5.0 (Linux; Android 6.0.1; Nexus 5X Build/MMB29P) AppleWebKit/537.36 (KHTML, like Gecko) Chrome/140.0.7339.127 Mobile Safari/537.36 (compatible; GoogleOther)"
216.73.216.132 - - [19/Sep/2025:00:56:25 -0400] "GET /63414714 HTTP/1.1" 404 6971 "-" "Mozilla/5.0 AppleWebKit/537.36 (KHTML, like Gecko; compatible; ClaudeBot/1.0; +claudebot@anthropic.com)"
157.55.39.205 - - [19/Sep/2025:00:56:25 -0400] "GET /8395694 HTTP/1.1" 200 24343 "-" "Mozilla/5.0 AppleWebKit/537.36 (KHTML, like Gecko; compatible; bingbot/2.0; +http://www.bing.com/bingbot.htm) Chrome/116.0.1938.76 Safari/537.36"
216.73.216.132 - - [19/Sep/2025:00:56:26 -0400] "GET /1287571301 HTTP/1.1" 404 6971 "-" "Mozilla/5.0 AppleWebKit/537.36 (KHTML, like Gecko; compatible; ClaudeBot/1.0; +claudebot@anthropic.com)"
216.73.216.132 - - [19/Sep/2025:00:56:27 -0400] "GET /87310261 HTTP/1.1" 404 6971 "-" "Mozilla/5.0 AppleWebKit/537.36 (KHTML, like Gecko; compatible; ClaudeBot/1.0; +claudebot@anthropic.com)"
216.73.216.132 - - [19/Sep/2025:00:56:29 -0400] "GET /6390099 HTTP/1.1" 404 6971 "-" "Mozilla/5.0 AppleWebKit/537.36 (KHTML, like Gecko; compatible; ClaudeBot/1.0; +claudebot@anthropic.com)"
216.73.216.132 - - [19/Sep/2025:00:56:30 -0400] "GET /516953232 HTTP/1.1" 404 7006 "-" "Mozilla/5.0 AppleWebKit/537.36 (KHTML, like Gecko; compatible; ClaudeBot/1.0; +claudebot@anthropic.com)"
216.73.216.132 - - [19/Sep/2025:00:56:33 -0400] "GET /9632785 HTTP/1.1" 404 6971 "-" "Mozilla/5.0 AppleWebKit/537.36 (KHTML, like Gecko; compatible; ClaudeBot/1.0; +claudebot@anthropic.com)"
216.73.216.132 - - [19/Sep/2025:00:56:33 -0400] "GET /54152891 HTTP/1.1" 404 6971 "-" "Mozilla/5.0 AppleWebKit/537.36 (KHTML, like Gecko; compatible; ClaudeBot/1.0; +claudebot@anthropic.com)"
216.73.216.132 - - [19/Sep/2025:00:57:16 -0400] "GET /62733870982 HTTP/1.1" 404 6971 "-" "Mozilla/5.0 AppleWebKit/537.36 (KHTML, like Gecko; compatible; ClaudeBot/1.0; +claudebot@anthropic.com)"
216.73.216.132 - - [19/Sep/2025:00:57:18 -0400] "GET /22203943 HTTP/1.1" 404 6971 "-" "Mozilla/5.0 AppleWebKit/537.36 (KHTML, like Gecko; compatible; ClaudeBot/1.0; +claudebot@anthropic.com)"
66.249.65.70 - - [19/Sep/2025:00:57:19 -0400] "GET /9643065781 HTTP/1.1" 200 26313 "-" "Mozilla/5.0 (Linux; Android 6.0.1; Nexus 5X Build/MMB29P) AppleWebKit/537.36 (KHTML, like Gecko) Chrome/140.0.7339.127 Mobile Safari/537.36 (compatible; GoogleOther)"
216.73.216.132 - - [19/Sep/2025:00:57:19 -0400] "GET /5213608719 HTTP/1.1" 404 6971 "-" "Mozilla/5.0 AppleWebKit/537.36 (KHTML, like Gecko; compatible; ClaudeBot/1.0; +claudebot@anthropic.com)"
216.73.216.132 - - [19/Sep/2025:00:57:20 -0400] "GET /941675705 HTTP/1.1" 404 6971 "-" "Mozilla/5.0 AppleWebKit/537.36 (KHTML, like Gecko; compatible; ClaudeBot/1.0; +claudebot@anthropic.com)"
216.73.216.132 - - [19/Sep/2025:00:57:21 -0400] "GET /18323920 HTTP/1.1" 404 6971 "-" "Mozilla/5.0 AppleWebKit/537.36 (KHTML, like Gecko; compatible; ClaudeBot/1.0; +claudebot@anthropic.com)"
216.73.216.132 - - [19/Sep/2025:00:57:21 -0400] "GET /3512482451 HTTP/1.1" 404 6971 "-" "Mozilla/5.0 AppleWebKit/537.36 (KHTML, like Gecko; compatible; ClaudeBot/1.0; +claudebot@anthropic.com)"
216.73.216.132 - - [19/Sep/2025:00:57:21 -0400] "GET /13828372 HTTP/1.1" 404 6971 "-" "Mozilla/5.0 AppleWebKit/537.36 (KHTML, like Gecko; compatible; ClaudeBot/1.0; +claudebot@anthropic.com)"
123.253.65.169 - - [19/Sep/2025:00:57:34 -0400] "GET /wp-includes/css/ugqcizlp.php?BDKR28=2otf HTTP/1.1" 200 210 "-" "Mozilla/5.0 (Windows NT 10.0; Win64; x64) AppleWebKit/537.36 (KHTML, like Gecko) Chrome/140.0.0.0 Safari/537.36"
123.253.65.169 - - [19/Sep/2025:00:57:35 -0400] "GET /favicon.ico HTTP/1.1" 404 1251 "http://vohradecor.com/wp-includes/css/ugqcizlp.php?BDKR28=2otf" "Mozilla/5.0 (Windows NT 10.0; Win64; x64) AppleWebKit/537.36 (KHTML, like Gecko) Chrome/140.0.0.0 Safari/537.36"
66.249.65.69 - - [19/Sep/2025:00:57:48 -0400] "GET /94583451694 HTTP/1.1" 200 23531 "-" "Mozilla/5.0 (Linux; Android 6.0.1; Nexus 5X Build/MMB29P) AppleWebKit/537.36 (KHTML, like Gecko) Chrome/140.0.7339.127 Mobile Safari/537.36 (compatible; GoogleOther)"
123.253.65.169 - - [19/Sep/2025:00:58:24 -0400] "POST /wp-includes/css/ugqcizlp.php?BDKR28=2otf HTTP/1.1" 200 253 "http://vohradecor.com/wp-includes/css/ugqcizlp.php?BDKR28=2otf" "Mozilla/5.0 (Windows NT 10.0; Win64; x64) AppleWebKit/537.36 (KHTML, like Gecko) Chrome/140.0.0.0 Safari/537.36"
216.73.216.132 - - [19/Sep/2025:00:58:51 -0400] "GET /479264586 HTTP/1.1" 404 9640 "-" "Mozilla/5.0 AppleWebKit/537.36 (KHTML, like Gecko; compatible; ClaudeBot/1.0; +claudebot@anthropic.com)"
216.73.216.132 - - [19/Sep/2025:00:58:52 -0400] "GET /784855779 HTTP/1.1" 404 7006 "-" "Mozilla/5.0 AppleWebKit/537.36 (KHTML, like Gecko; compatible; ClaudeBot/1.0; +claudebot@anthropic.com)"
216.73.216.132 - - [19/Sep/2025:00:58:53 -0400] "GET /674220903 HTTP/1.1" 404 9653 "-" "Mozilla/5.0 AppleWebKit/537.36 (KHTML, like Gecko; compatible; ClaudeBot/1.0; +claudebot@anthropic.com)"
216.73.216.132 - - [19/Sep/2025:00:58:55 -0400] "GET /1629093752 HTTP/1.1" 404 9688 "-" "Mozilla/5.0 AppleWebKit/537.36 (KHTML, like Gecko; compatible; ClaudeBot/1.0; +claudebot@anthropic.com)"
216.73.216.132 - - [19/Sep/2025:00:58:56 -0400] "GET /264492478 HTTP/1.1" 404 9653 "-" "Mozilla/5.0 AppleWebKit/537.36 (KHTML, like Gecko; compatible; ClaudeBot/1.0; +claudebot@anthropic.com)"
216.73.216.132 - - [19/Sep/2025:00:59:00 -0400] "GET /34765694225 HTTP/1.1" 404 4886 "-" "Mozilla/5.0 AppleWebKit/537.36 (KHTML, like Gecko; compatible; ClaudeBot/1.0; +claudebot@anthropic.com)"
216.73.216.132 - - [19/Sep/2025:00:59:00 -0400] "GET /2759208 HTTP/1.1" 404 6971 "-" "Mozilla/5.0 AppleWebKit/537.36 (KHTML, like Gecko; compatible; ClaudeBot/1.0; +claudebot@anthropic.com)"
216.73.216.132 - - [19/Sep/2025:00:59:36 -0400] "GET /89642961408 HTTP/1.1" 404 6971 "-" "Mozilla/5.0 AppleWebKit/537.36 (KHTML, like Gecko; compatible; ClaudeBot/1.0; +claudebot@anthropic.com)"
216.73.216.132 - - [19/Sep/2025:00:59:38 -0400] "GET /9456379553 HTTP/1.1" 404 6971 "-" "Mozilla/5.0 AppleWebKit/537.36 (KHTML, like Gecko; compatible; ClaudeBot/1.0; +claudebot@anthropic.com)"
216.73.216.132 - - [19/Sep/2025:00:59:39 -0400] "GET /549148551 HTTP/1.1" 404 6971 "-" "Mozilla/5.0 AppleWebKit/537.36 (KHTML, like Gecko; compatible; ClaudeBot/1.0; +claudebot@anthropic.com)"
216.73.216.132 - - [19/Sep/2025:00:59:40 -0400] "GET /7981771166 HTTP/1.1" 404 6971 "-" "Mozilla/5.0 AppleWebKit/537.36 (KHTML, like Gecko; compatible; ClaudeBot/1.0; +claudebot@anthropic.com)"
216.73.216.132 - - [19/Sep/2025:00:59:43 -0400] "GET /74695892024 HTTP/1.1" 404 6971 "-" "Mozilla/5.0 AppleWebKit/537.36 (KHTML, like Gecko; compatible; ClaudeBot/1.0; +claudebot@anthropic.com)"
216.73.216.132 - - [19/Sep/2025:00:59:44 -0400] "GET /843104677 HTTP/1.1" 404 6971 "-" "Mozilla/5.0 AppleWebKit/537.36 (KHTML, like Gecko; compatible; ClaudeBot/1.0; +claudebot@anthropic.com)"
216.73.216.132 - - [19/Sep/2025:00:59:49 -0400] "GET /9803216 HTTP/1.1" 404 6971 "-" "Mozilla/5.0 AppleWebKit/537.36 (KHTML, like Gecko; compatible; ClaudeBot/1.0; +claudebot@anthropic.com)"
66.249.65.71 - - [19/Sep/2025:01:00:01 -0400] "GET /49335117639.htm HTTP/1.1" 200 24830 "-" "Mozilla/5.0 (Linux; Android 6.0.1; Nexus 5X Build/MMB29P) AppleWebKit/537.36 (KHTML, like Gecko) Chrome/140.0.7339.127 Mobile Safari/537.36 (compatible; GoogleOther)"
216.73.216.132 - - [19/Sep/2025:01:00:36 -0400] "GET /5268150566 HTTP/1.1" 404 9653 "-" "Mozilla/5.0 AppleWebKit/537.36 (KHTML, like Gecko; compatible; ClaudeBot/1.0; +claudebot@anthropic.com)"
216.73.216.132 - - [19/Sep/2025:01:00:38 -0400] "GET /620047958 HTTP/1.1" 404 6971 "-" "Mozilla/5.0 AppleWebKit/537.36 (KHTML, like Gecko; compatible; ClaudeBot/1.0; +claudebot@anthropic.com)"
216.73.216.132 - - [19/Sep/2025:01:00:38 -0400] "GET /485473825 HTTP/1.1" 404 4886 "-" "Mozilla/5.0 AppleWebKit/537.36 (KHTML, like Gecko; compatible; ClaudeBot/1.0; +claudebot@anthropic.com)"
216.73.216.132 - - [19/Sep/2025:01:00:41 -0400] "GET /9059152 HTTP/1.1" 404 6971 "-" "Mozilla/5.0 AppleWebKit/537.36 (KHTML, like Gecko; compatible; ClaudeBot/1.0; +claudebot@anthropic.com)"
216.73.216.132 - - [19/Sep/2025:01:00:42 -0400] "GET /14523436 HTTP/1.1" 404 7006 "-" "Mozilla/5.0 AppleWebKit/537.36 (KHTML, like Gecko; compatible; ClaudeBot/1.0; +claudebot@anthropic.com)"
216.73.216.132 - - [19/Sep/2025:01:00:43 -0400] "GET /16727643 HTTP/1.1" 404 6971 "-" "Mozilla/5.0 AppleWebKit/537.36 (KHTML, like Gecko; compatible; ClaudeBot/1.0; +claudebot@anthropic.com)"
216.73.216.132 - - [19/Sep/2025:01:00:43 -0400] "GET /5283191096 HTTP/1.1" 404 6971 "-" "Mozilla/5.0 AppleWebKit/537.36 (KHTML, like Gecko; compatible; ClaudeBot/1.0; +claudebot@anthropic.com)"
66.249.65.70 - - [19/Sep/2025:01:00:52 -0400] "GET /28214109528 HTTP/1.1" 200 25060 "-" "Mozilla/5.0 (Linux; Android 6.0.1; Nexus 5X Build/MMB29P) AppleWebKit/537.36 (KHTML, like Gecko) Chrome/140.0.7339.127 Mobile Safari/537.36 (compatible; GoogleOther)"
216.73.216.132 - - [19/Sep/2025:01:01:35 -0400] "GET /6743965025 HTTP/1.1" 404 6971 "-" "Mozilla/5.0 AppleWebKit/537.36 (KHTML, like Gecko; compatible; ClaudeBot/1.0; +claudebot@anthropic.com)"
216.73.216.132 - - [19/Sep/2025:01:01:36 -0400] "GET /7764099 HTTP/1.1" 404 6971 "-" "Mozilla/5.0 AppleWebKit/537.36 (KHTML, like Gecko; compatible; ClaudeBot/1.0; +claudebot@anthropic.com)"
216.73.216.132 - - [19/Sep/2025:01:01:39 -0400] "GET /65685476 HTTP/1.1" 404 6971 "-" "Mozilla/5.0 AppleWebKit/537.36 (KHTML, like Gecko; compatible; ClaudeBot/1.0; +claudebot@anthropic.com)"
216.73.216.132 - - [19/Sep/2025:01:01:39 -0400] "GET /19516026 HTTP/1.1" 404 6971 "-" "Mozilla/5.0 AppleWebKit/537.36 (KHTML, like Gecko; compatible; ClaudeBot/1.0; +claudebot@anthropic.com)"
216.73.216.132 - - [19/Sep/2025:01:01:41 -0400] "GET /6549108999 HTTP/1.1" 404 6971 "-" "Mozilla/5.0 AppleWebKit/537.36 (KHTML, like Gecko; compatible; ClaudeBot/1.0; +claudebot@anthropic.com)"
216.73.216.132 - - [19/Sep/2025:01:01:41 -0400] "GET /854606015 HTTP/1.1" 404 6971 "-" "Mozilla/5.0 AppleWebKit/537.36 (KHTML, like Gecko; compatible; ClaudeBot/1.0; +claudebot@anthropic.com)"
216.73.216.132 - - [19/Sep/2025:01:01:42 -0400] "GET /79318818328 HTTP/1.1" 404 7006 "-" "Mozilla/5.0 AppleWebKit/537.36 (KHTML, like Gecko; compatible; ClaudeBot/1.0; +claudebot@anthropic.com)"
66.249.65.70 - - [19/Sep/2025:01:02:15 -0400] "GET /84640355 HTTP/1.1" 200 24100 "-" "Mozilla/5.0 (Linux; Android 6.0.1; Nexus 5X Build/MMB29P) AppleWebKit/537.36 (KHTML, like Gecko) Chrome/140.0.7339.127 Mobile Safari/537.36 (compatible; GoogleOther)"
66.249.65.69 - - [19/Sep/2025:01:02:39 -0400] "GET /1674760500 HTTP/1.1" 200 25287 "-" "Mozilla/5.0 (Linux; Android 6.0.1; Nexus 5X Build/MMB29P) AppleWebKit/537.36 (KHTML, like Gecko) Chrome/140.0.7339.127 Mobile Safari/537.36 (compatible; GoogleOther)"
216.73.216.132 - - [19/Sep/2025:01:02:43 -0400] "GET /4379389147 HTTP/1.1" 404 6971 "-" "Mozilla/5.0 AppleWebKit/537.36 (KHTML, like Gecko; compatible; ClaudeBot/1.0; +claudebot@anthropic.com)"
216.73.216.132 - - [19/Sep/2025:01:02:44 -0400] "GET /32070200 HTTP/1.1" 404 6971 "-" "Mozilla/5.0 AppleWebKit/537.36 (KHTML, like Gecko; compatible; ClaudeBot/1.0; +claudebot@anthropic.com)"
216.73.216.132 - - [19/Sep/2025:01:02:48 -0400] "GET /76810336 HTTP/1.1" 404 6971 "-" "Mozilla/5.0 AppleWebKit/537.36 (KHTML, like Gecko; compatible; ClaudeBot/1.0; +claudebot@anthropic.com)"
216.73.216.132 - - [19/Sep/2025:01:02:49 -0400] "GET /5547966323 HTTP/1.1" 404 6971 "-" "Mozilla/5.0 AppleWebKit/537.36 (KHTML, like Gecko; compatible; ClaudeBot/1.0; +claudebot@anthropic.com)"
216.73.216.132 - - [19/Sep/2025:01:02:53 -0400] "GET /369392863 HTTP/1.1" 404 6971 "-" "Mozilla/5.0 AppleWebKit/537.36 (KHTML, like Gecko; compatible; ClaudeBot/1.0; +claudebot@anthropic.com)"
216.73.216.132 - - [19/Sep/2025:01:02:54 -0400] "GET /82450212279 HTTP/1.1" 404 6971 "-" "Mozilla/5.0 AppleWebKit/537.36 (KHTML, like Gecko; compatible; ClaudeBot/1.0; +claudebot@anthropic.com)"
216.73.216.132 - - [19/Sep/2025:01:02:55 -0400] "GET /61325522403 HTTP/1.1" 404 6971 "-" "Mozilla/5.0 AppleWebKit/537.36 (KHTML, like Gecko; compatible; ClaudeBot/1.0; +claudebot@anthropic.com)"
216.73.216.132 - - [19/Sep/2025:01:03:03 -0400] "GET /51659959124 HTTP/1.1" 404 6971 "-" "Mozilla/5.0 AppleWebKit/537.36 (KHTML, like Gecko; compatible; ClaudeBot/1.0; +claudebot@anthropic.com)"
216.73.216.132 - - [19/Sep/2025:01:03:09 -0400] "GET /64167602113 HTTP/1.1" 404 6971 "-" "Mozilla/5.0 AppleWebKit/537.36 (KHTML, like Gecko; compatible; ClaudeBot/1.0; +claudebot@anthropic.com)"
216.73.216.132 - - [19/Sep/2025:01:03:14 -0400] "GET /6726789248 HTTP/1.1" 404 6971 "-" "Mozilla/5.0 AppleWebKit/537.36 (KHTML, like Gecko; compatible; ClaudeBot/1.0; +claudebot@anthropic.com)"
216.73.216.132 - - [19/Sep/2025:01:03:20 -0400] "GET /873825474 HTTP/1.1" 404 6971 "-" "Mozilla/5.0 AppleWebKit/537.36 (KHTML, like Gecko; compatible; ClaudeBot/1.0; +claudebot@anthropic.com)"
66.249.65.70 - - [19/Sep/2025:01:04:29 -0400] "GET /8382994704 HTTP/1.1" 200 24522 "-" "Mozilla/5.0 (Linux; Android 6.0.1; Nexus 5X Build/MMB29P) AppleWebKit/537.36 (KHTML, like Gecko) Chrome/140.0.7339.127 Mobile Safari/537.36 (compatible; GoogleOther)"
216.73.216.132 - - [19/Sep/2025:01:04:32 -0400] "GET /51722960 HTTP/1.1" 404 4886 "-" "Mozilla/5.0 AppleWebKit/537.36 (KHTML, like Gecko; compatible; ClaudeBot/1.0; +claudebot@anthropic.com)"
216.73.216.132 - - [19/Sep/2025:01:04:34 -0400] "GET /91398442779 HTTP/1.1" 404 6971 "-" "Mozilla/5.0 AppleWebKit/537.36 (KHTML, like Gecko; compatible; ClaudeBot/1.0; +claudebot@anthropic.com)"
216.73.216.132 - - [19/Sep/2025:01:04:37 -0400] "GET /26043640 HTTP/1.1" 404 6971 "-" "Mozilla/5.0 AppleWebKit/537.36 (KHTML, like Gecko; compatible; ClaudeBot/1.0; +claudebot@anthropic.com)"
216.73.216.132 - - [19/Sep/2025:01:04:39 -0400] "GET /3995915489 HTTP/1.1" 404 6971 "-" "Mozilla/5.0 AppleWebKit/537.36 (KHTML, like Gecko; compatible; ClaudeBot/1.0; +claudebot@anthropic.com)"
216.73.216.132 - - [19/Sep/2025:01:04:40 -0400] "GET /544130269 HTTP/1.1" 404 6971 "-" "Mozilla/5.0 AppleWebKit/537.36 (KHTML, like Gecko; compatible; ClaudeBot/1.0; +claudebot@anthropic.com)"
216.73.216.132 - - [19/Sep/2025:01:04:41 -0400] "GET /363173453 HTTP/1.1" 404 6971 "-" "Mozilla/5.0 AppleWebKit/537.36 (KHTML, like Gecko; compatible; ClaudeBot/1.0; +claudebot@anthropic.com)"
216.73.216.132 - - [19/Sep/2025:01:05:36 -0400] "GET /56545108944 HTTP/1.1" 404 6971 "-" "Mozilla/5.0 AppleWebKit/537.36 (KHTML, like Gecko; compatible; ClaudeBot/1.0; +claudebot@anthropic.com)"
216.73.216.132 - - [19/Sep/2025:01:05:41 -0400] "GET /4409438 HTTP/1.1" 404 6971 "-" "Mozilla/5.0 AppleWebKit/537.36 (KHTML, like Gecko; compatible; ClaudeBot/1.0; +claudebot@anthropic.com)"
216.73.216.132 - - [19/Sep/2025:01:05:41 -0400] "GET /92714769258 HTTP/1.1" 404 10060 "-" "Mozilla/5.0 AppleWebKit/537.36 (KHTML, like Gecko; compatible; ClaudeBot/1.0; +claudebot@anthropic.com)"
216.73.216.132 - - [19/Sep/2025:01:05:46 -0400] "GET /76819652222 HTTP/1.1" 404 9688 "-" "Mozilla/5.0 AppleWebKit/537.36 (KHTML, like Gecko; compatible; ClaudeBot/1.0; +claudebot@anthropic.com)"
216.73.216.132 - - [19/Sep/2025:01:05:47 -0400] "GET /568695091 HTTP/1.1" 404 9688 "-" "Mozilla/5.0 AppleWebKit/537.36 (KHTML, like Gecko; compatible; ClaudeBot/1.0; +claudebot@anthropic.com)"
216.73.216.132 - - [19/Sep/2025:01:05:50 -0400] "GET /8916970425 HTTP/1.1" 404 4886 "-" "Mozilla/5.0 AppleWebKit/537.36 (KHTML, like Gecko; compatible; ClaudeBot/1.0; +claudebot@anthropic.com)"
216.73.216.132 - - [19/Sep/2025:01:05:51 -0400] "GET /52641965349 HTTP/1.1" 404 6971 "-" "Mozilla/5.0 AppleWebKit/537.36 (KHTML, like Gecko; compatible; ClaudeBot/1.0; +claudebot@anthropic.com)"
216.73.216.132 - - [19/Sep/2025:01:05:53 -0400] "GET /4796318387 HTTP/1.1" 404 6971 "-" "Mozilla/5.0 AppleWebKit/537.36 (KHTML, like Gecko; compatible; ClaudeBot/1.0; +claudebot@anthropic.com)"
216.73.216.132 - - [19/Sep/2025:01:05:56 -0400] "GET /2719760808 HTTP/1.1" 404 6971 "-" "Mozilla/5.0 AppleWebKit/537.36 (KHTML, like Gecko; compatible; ClaudeBot/1.0; +claudebot@anthropic.com)"
216.73.216.132 - - [19/Sep/2025:01:05:58 -0400] "GET /7259821 HTTP/1.1" 404 6971 "-" "Mozilla/5.0 AppleWebKit/537.36 (KHTML, like Gecko; compatible; ClaudeBot/1.0; +claudebot@anthropic.com)"
66.249.65.69 - - [19/Sep/2025:01:06:41 -0400] "GET /35353709 HTTP/1.1" 200 25236 "-" "Mozilla/5.0 (Linux; Android 6.0.1; Nexus 5X Build/MMB29P) AppleWebKit/537.36 (KHTML, like Gecko) Chrome/140.0.7339.127 Mobile Safari/537.36 (compatible; GoogleOther)"
216.73.216.132 - - [19/Sep/2025:01:07:37 -0400] "GET /1451536956 HTTP/1.1" 404 6971 "-" "Mozilla/5.0 AppleWebKit/537.36 (KHTML, like Gecko; compatible; ClaudeBot/1.0; +claudebot@anthropic.com)"
216.73.216.132 - - [19/Sep/2025:01:07:40 -0400] "GET /64698044793 HTTP/1.1" 404 6971 "-" "Mozilla/5.0 AppleWebKit/537.36 (KHTML, like Gecko; compatible; ClaudeBot/1.0; +claudebot@anthropic.com)"
216.73.216.132 - - [19/Sep/2025:01:07:44 -0400] "GET /67554176 HTTP/1.1" 404 6971 "-" "Mozilla/5.0 AppleWebKit/537.36 (KHTML, like Gecko; compatible; ClaudeBot/1.0; +claudebot@anthropic.com)"
216.73.216.132 - - [19/Sep/2025:01:07:46 -0400] "GET /24299101792 HTTP/1.1" 404 6971 "-" "Mozilla/5.0 AppleWebKit/537.36 (KHTML, like Gecko; compatible; ClaudeBot/1.0; +claudebot@anthropic.com)"
216.73.216.132 - - [19/Sep/2025:01:07:47 -0400] "GET /9156941159 HTTP/1.1" 404 6971 "-" "Mozilla/5.0 AppleWebKit/537.36 (KHTML, like Gecko; compatible; ClaudeBot/1.0; +claudebot@anthropic.com)"
216.73.216.132 - - [19/Sep/2025:01:07:49 -0400] "GET /84251914158 HTTP/1.1" 404 6971 "-" "Mozilla/5.0 AppleWebKit/537.36 (KHTML, like Gecko; compatible; ClaudeBot/1.0; +claudebot@anthropic.com)"
216.73.216.132 - - [19/Sep/2025:01:07:57 -0400] "GET /91648933 HTTP/1.1" 404 6971 "-" "Mozilla/5.0 AppleWebKit/537.36 (KHTML, like Gecko; compatible; ClaudeBot/1.0; +claudebot@anthropic.com)"
216.73.216.132 - - [19/Sep/2025:01:07:59 -0400] "GET /28875353 HTTP/1.1" 404 4886 "-" "Mozilla/5.0 AppleWebKit/537.36 (KHTML, like Gecko; compatible; ClaudeBot/1.0; +claudebot@anthropic.com)"
216.73.216.132 - - [19/Sep/2025:01:08:01 -0400] "GET /2843183594 HTTP/1.1" 404 4886 "-" "Mozilla/5.0 AppleWebKit/537.36 (KHTML, like Gecko; compatible; ClaudeBot/1.0; +claudebot@anthropic.com)"
216.73.216.132 - - [19/Sep/2025:01:08:03 -0400] "GET /54411969952 HTTP/1.1" 404 4886 "-" "Mozilla/5.0 AppleWebKit/537.36 (KHTML, like Gecko; compatible; ClaudeBot/1.0; +claudebot@anthropic.com)"
216.73.216.132 - - [19/Sep/2025:01:08:04 -0400] "GET /23878631017 HTTP/1.1" 404 4886 "-" "Mozilla/5.0 AppleWebKit/537.36 (KHTML, like Gecko; compatible; ClaudeBot/1.0; +claudebot@anthropic.com)"
216.73.216.132 - - [19/Sep/2025:01:08:05 -0400] "GET /63731605563 HTTP/1.1" 404 6971 "-" "Mozilla/5.0 AppleWebKit/537.36 (KHTML, like Gecko; compatible; ClaudeBot/1.0; +claudebot@anthropic.com)"
66.249.65.70 - - [19/Sep/2025:01:08:55 -0400] "GET /7820356 HTTP/1.1" 200 24384 "-" "Mozilla/5.0 (Linux; Android 6.0.1; Nexus 5X Build/MMB29P) AppleWebKit/537.36 (KHTML, like Gecko) Chrome/140.0.7339.127 Mobile Safari/537.36 (compatible; GoogleOther)"
216.73.216.132 - - [19/Sep/2025:01:08:56 -0400] "GET /987899948 HTTP/1.1" 404 6971 "-" "Mozilla/5.0 AppleWebKit/537.36 (KHTML, like Gecko; compatible; ClaudeBot/1.0; +claudebot@anthropic.com)"
216.73.216.132 - - [19/Sep/2025:01:08:58 -0400] "GET /9164079131 HTTP/1.1" 404 6971 "-" "Mozilla/5.0 AppleWebKit/537.36 (KHTML, like Gecko; compatible; ClaudeBot/1.0; +claudebot@anthropic.com)"
216.73.216.132 - - [19/Sep/2025:01:09:00 -0400] "GET /41927211730 HTTP/1.1" 404 6971 "-" "Mozilla/5.0 AppleWebKit/537.36 (KHTML, like Gecko; compatible; ClaudeBot/1.0; +claudebot@anthropic.com)"
216.73.216.132 - - [19/Sep/2025:01:09:01 -0400] "GET /74843167 HTTP/1.1" 404 6971 "-" "Mozilla/5.0 AppleWebKit/537.36 (KHTML, like Gecko; compatible; ClaudeBot/1.0; +claudebot@anthropic.com)"
216.73.216.132 - - [19/Sep/2025:01:09:02 -0400] "GET /81544239236 HTTP/1.1" 404 6971 "-" "Mozilla/5.0 AppleWebKit/537.36 (KHTML, like Gecko; compatible; ClaudeBot/1.0; +claudebot@anthropic.com)"
216.73.216.132 - - [19/Sep/2025:01:09:03 -0400] "GET /327022292 HTTP/1.1" 404 6971 "-" "Mozilla/5.0 AppleWebKit/537.36 (KHTML, like Gecko; compatible; ClaudeBot/1.0; +claudebot@anthropic.com)"
66.249.65.70 - - [19/Sep/2025:01:09:47 -0400] "GET /2582271768 HTTP/1.1" 200 24278 "-" "Mozilla/5.0 (Linux; Android 6.0.1; Nexus 5X Build/MMB29P) AppleWebKit/537.36 (KHTML, like Gecko) Chrome/140.0.7339.127 Mobile Safari/537.36 (compatible; GoogleOther)"
66.249.65.71 - - [19/Sep/2025:01:11:08 -0400] "GET /4897549850 HTTP/1.1" 200 24206 "-" "Mozilla/5.0 (Linux; Android 6.0.1; Nexus 5X Build/MMB29P) AppleWebKit/537.36 (KHTML, like Gecko) Chrome/140.0.7339.127 Mobile Safari/537.36 (compatible; GoogleOther)"
66.249.65.70 - - [19/Sep/2025:01:11:34 -0400] "GET /87084223 HTTP/1.1" 200 25365 "-" "Mozilla/5.0 (Linux; Android 6.0.1; Nexus 5X Build/MMB29P) AppleWebKit/537.36 (KHTML, like Gecko) Chrome/140.0.7339.127 Mobile Safari/537.36 (compatible; GoogleOther)"
77.75.77.109 - - [19/Sep/2025:01:11:53 -0400] "GET /146173144 HTTP/1.1" 404 11129 "-" "Mozilla/5.0 (compatible; SeznamBot/4.0; +https://o-seznam.cz/napoveda/vyhledavani/en/seznambot-crawler/)"
52.167.144.213 - - [19/Sep/2025:01:12:15 -0400] "GET /71184130907 HTTP/1.1" 200 25124 "-" "Mozilla/5.0 AppleWebKit/537.36 (KHTML, like Gecko; compatible; bingbot/2.0; +http://www.bing.com/bingbot.htm) Chrome/116.0.1938.76 Safari/537.36"
216.73.216.132 - - [19/Sep/2025:01:13:16 -0400] "GET /casino-zonder-cruks-veilige-online-casino-s-zonder-registratie HTTP/1.1" 301 0 "-" "Mozilla/5.0 AppleWebKit/537.36 (KHTML, like Gecko; compatible; ClaudeBot/1.0; +claudebot@anthropic.com)"
216.73.216.132 - - [19/Sep/2025:01:13:18 -0400] "GET /casino-zonder-cruks-veilige-online-casino-s-zonder-registratie/ HTTP/1.1" 200 17155 "http://vohradecor.com/casino-zonder-cruks-veilige-online-casino-s-zonder-registratie" "Mozilla/5.0 AppleWebKit/537.36 (KHTML, like Gecko; compatible; ClaudeBot/1.0; +claudebot@anthropic.com)"
66.249.65.70 - - [19/Sep/2025:01:13:21 -0400] "GET /41425472 HTTP/1.1" 200 24432 "-" "Mozilla/5.0 (Linux; Android 6.0.1; Nexus 5X Build/MMB29P) AppleWebKit/537.36 (KHTML, like Gecko) Chrome/140.0.7339.127 Mobile Safari/537.36 (compatible; GoogleOther)"
66.249.65.69 - - [19/Sep/2025:01:13:23 -0400] "GET /24174166287.htm HTTP/1.1" 200 24866 "-" "Mozilla/5.0 (Linux; Android 6.0.1; Nexus 5X Build/MMB29P) AppleWebKit/537.36 (KHTML, like Gecko) Chrome/140.0.7339.127 Mobile Safari/537.36 (compatible; GoogleOther)"
157.173.205.208 - - [19/Sep/2025:01:14:24 -0400] "GET /style.php HTTP/1.1" 404 11135 "-" "Go-http-client/1.1"
157.173.205.208 - - [19/Sep/2025:01:14:25 -0400] "GET /wp-content/style.php HTTP/1.1" 404 11135 "-" "Go-http-client/1.1"
157.173.205.208 - - [19/Sep/2025:01:14:26 -0400] "GET /wp-content/themes/style.php HTTP/1.1" 404 11172 "-" "Go-http-client/1.1"
157.173.205.208 - - [19/Sep/2025:01:14:27 -0400] "GET /wp-admin/style.php HTTP/1.1" 404 11135 "-" "Go-http-client/1.1"
157.173.205.208 - - [19/Sep/2025:01:14:29 -0400] "GET /wp-includes/style.php HTTP/1.1" 404 11135 "-" "Go-http-client/1.1"
157.173.205.208 - - [19/Sep/2025:01:14:30 -0400] "GET /chosen.php?p= HTTP/1.1" 301 0 "-" "Go-http-client/1.1"
157.173.205.208 - - [19/Sep/2025:01:14:31 -0400] "GET /chosen.php HTTP/1.1" 404 11135 "http://mail.vohradecor.com/chosen.php?p=" "Go-http-client/1.1"
157.173.205.208 - - [19/Sep/2025:01:14:32 -0400] "GET /file.php HTTP/1.1" 404 11135 "-" "Go-http-client/1.1"
157.173.205.208 - - [19/Sep/2025:01:14:34 -0400] "GET /wp-editor.php HTTP/1.1" 404 11135 "-" "Go-http-client/1.1"
157.173.205.208 - - [19/Sep/2025:01:14:35 -0400] "GET /flower.php HTTP/1.1" 404 11135 "-" "Go-http-client/1.1"
157.173.205.208 - - [19/Sep/2025:01:14:36 -0400] "GET /gifclass.php HTTP/1.1" 404 11135 "-" "Go-http-client/1.1"
157.173.205.208 - - [19/Sep/2025:01:14:37 -0400] "GET /clas.php HTTP/1.1" 404 11135 "-" "Go-http-client/1.1"
157.173.205.208 - - [19/Sep/2025:01:14:38 -0400] "GET /akcc.php HTTP/1.1" 404 11189 "-" "Go-http-client/1.1"
157.173.205.208 - - [19/Sep/2025:01:14:39 -0400] "GET /wp-admin/maint/akcc.php HTTP/1.1" 404 11172 "-" "Go-http-client/1.1"
157.173.205.208 - - [19/Sep/2025:01:14:41 -0400] "GET //wp-includes/js/tinymce/skins/lightgray/img/index.php?p= HTTP/1.1" 301 0 "-" "Go-http-client/1.1"
157.173.205.208 - - [19/Sep/2025:01:14:42 -0400] "GET /wp-includes/js/tinymce/skins/lightgray/img/ HTTP/1.1" 200 861 "http://mail.vohradecor.com//wp-includes/js/tinymce/skins/lightgray/img/index.php?p=" "Go-http-client/1.1"
216.73.216.132 - - [19/Sep/2025:01:15:15 -0400] "GET /exploring-the-unique-game-features-of-rollau HTTP/1.1" 200 0 "-" "Mozilla/5.0 AppleWebKit/537.36 (KHTML, like Gecko; compatible; ClaudeBot/1.0; +claudebot@anthropic.com)"
66.249.65.70 - - [19/Sep/2025:01:15:34 -0400] "GET /42288795 HTTP/1.1" 200 26233 "-" "Mozilla/5.0 (Linux; Android 6.0.1; Nexus 5X Build/MMB29P) AppleWebKit/537.36 (KHTML, like Gecko) Chrome/140.0.7339.127 Mobile Safari/537.36 (compatible; GoogleOther)"
66.249.65.71 - - [19/Sep/2025:01:16:03 -0400] "GET /72597833 HTTP/1.1" 200 24612 "-" "Mozilla/5.0 (Linux; Android 6.0.1; Nexus 5X Build/MMB29P) AppleWebKit/537.36 (KHTML, like Gecko) Chrome/140.0.7339.127 Mobile Safari/537.36 (compatible; GoogleOther)"
66.249.65.69 - - [19/Sep/2025:01:17:48 -0400] "GET /857498971 HTTP/1.1" 200 24573 "-" "Mozilla/5.0 (Linux; Android 6.0.1; Nexus 5X Build/MMB29P) AppleWebKit/537.36 (KHTML, like Gecko) Chrome/140.0.7339.127 Mobile Safari/537.36 (compatible; GoogleOther)"
216.73.216.132 - - [19/Sep/2025:01:17:49 -0400] "GET /exploring-the-unique-game-features-of-rollau-2 HTTP/1.1" 301 0 "-" "Mozilla/5.0 AppleWebKit/537.36 (KHTML, like Gecko; compatible; ClaudeBot/1.0; +claudebot@anthropic.com)"
216.73.216.132 - - [19/Sep/2025:01:17:48 -0400] "GET /95325396480 HTTP/1.1" 404 6971 "-" "Mozilla/5.0 AppleWebKit/537.36 (KHTML, like Gecko; compatible; ClaudeBot/1.0; +claudebot@anthropic.com)"
216.73.216.132 - - [19/Sep/2025:01:17:52 -0400] "GET /exploring-the-unique-game-features-of-rollau-2/ HTTP/1.1" 200 15123 "http://vohradecor.com/exploring-the-unique-game-features-of-rollau-2" "Mozilla/5.0 AppleWebKit/537.36 (KHTML, like Gecko; compatible; ClaudeBot/1.0; +claudebot@anthropic.com)"
66.249.65.71 - - [19/Sep/2025:01:18:42 -0400] "GET /?35162237555 HTTP/1.1" 200 25995 "-" "Mozilla/5.0 (Linux; Android 6.0.1; Nexus 5X Build/MMB29P) AppleWebKit/537.36 (KHTML, like Gecko) Chrome/140.0.7339.127 Mobile Safari/537.36 (compatible; GoogleOther)"
66.249.65.70 - - [19/Sep/2025:01:19:52 -0400] "GET /7505595 HTTP/1.1" 200 25550 "-" "Mozilla/5.0 (Linux; Android 6.0.1; Nexus 5X Build/MMB29P) AppleWebKit/537.36 (KHTML, like Gecko) Chrome/140.0.7339.127 Mobile Safari/537.36 (compatible; GoogleOther)"
66.249.65.69 - - [19/Sep/2025:01:20:01 -0400] "GET /699068958 HTTP/1.1" 200 25196 "-" "Mozilla/5.0 (Linux; Android 6.0.1; Nexus 5X Build/MMB29P) AppleWebKit/537.36 (KHTML, like Gecko) Chrome/140.0.7339.127 Mobile Safari/537.36 (compatible; GoogleOther)"
66.249.65.70 - - [19/Sep/2025:01:20:29 -0400] "GET /49967735819 HTTP/1.1" 200 24899 "-" "Mozilla/5.0 (Linux; Android 6.0.1; Nexus 5X Build/MMB29P) AppleWebKit/537.36 (KHTML, like Gecko) Chrome/140.0.7339.127 Mobile Safari/537.36 (compatible; GoogleOther)"
66.249.65.70 - - [19/Sep/2025:01:21:29 -0400] "GET /wp-content/uploads/2016/05/Vohra-Logo.png HTTP/1.1" 200 34366 "-" "Googlebot-Image/1.0"
66.249.65.71 - - [19/Sep/2025:01:22:15 -0400] "GET /91767667 HTTP/1.1" 200 24637 "-" "Mozilla/5.0 (Linux; Android 6.0.1; Nexus 5X Build/MMB29P) AppleWebKit/537.36 (KHTML, like Gecko) Chrome/140.0.7339.127 Mobile Safari/537.36 (compatible; GoogleOther)"
66.249.65.70 - - [19/Sep/2025:01:22:17 -0400] "GET /2967445295 HTTP/1.1" 200 24985 "-" "Mozilla/5.0 (Linux; Android 6.0.1; Nexus 5X Build/MMB29P) AppleWebKit/537.36 (KHTML, like Gecko) Chrome/140.0.7339.127 Mobile Safari/537.36 (compatible; GoogleOther)"
216.73.216.132 - - [19/Sep/2025:01:23:36 -0400] "GET /robots.txt HTTP/1.1" 200 67 "-" "Mozilla/5.0 AppleWebKit/537.36 (KHTML, like Gecko; compatible; ClaudeBot/1.0; +claudebot@anthropic.com)"
216.73.216.132 - - [19/Sep/2025:01:23:37 -0400] "GET /2025/page/4 HTTP/1.1" 200 12540 "-" "Mozilla/5.0 AppleWebKit/537.36 (KHTML, like Gecko; compatible; ClaudeBot/1.0; +claudebot@anthropic.com)"
66.249.65.71 - - [19/Sep/2025:01:24:03 -0400] "GET /5763069448 HTTP/1.1" 200 23963 "-" "Mozilla/5.0 (Linux; Android 6.0.1; Nexus 5X Build/MMB29P) AppleWebKit/537.36 (KHTML, like Gecko) Chrome/140.0.7339.127 Mobile Safari/537.36 (compatible; GoogleOther)"
216.73.216.132 - - [19/Sep/2025:01:24:19 -0400] "GET /sind-aufregende-unterhaltung-und-gewinnchancen-im HTTP/1.1" 301 0 "-" "Mozilla/5.0 AppleWebKit/537.36 (KHTML, like Gecko; compatible; ClaudeBot/1.0; +claudebot@anthropic.com)"
216.73.216.132 - - [19/Sep/2025:01:24:21 -0400] "GET /sind-aufregende-unterhaltung-und-gewinnchancen-im/ HTTP/1.1" 200 19056 "http://vohradecor.com/sind-aufregende-unterhaltung-und-gewinnchancen-im" "Mozilla/5.0 AppleWebKit/537.36 (KHTML, like Gecko; compatible; ClaudeBot/1.0; +claudebot@anthropic.com)"
66.249.65.69 - - [19/Sep/2025:01:24:28 -0400] "GET /4969762 HTTP/1.1" 200 24471 "-" "Mozilla/5.0 (Linux; Android 6.0.1; Nexus 5X Build/MMB29P) AppleWebKit/537.36 (KHTML, like Gecko) Chrome/140.0.7339.127 Mobile Safari/537.36 (compatible; GoogleOther)"
66.249.65.71 - - [19/Sep/2025:01:25:13 -0400] "GET /38006336 HTTP/1.1" 200 26533 "-" "Mozilla/5.0 (Linux; Android 6.0.1; Nexus 5X Build/MMB29P) AppleWebKit/537.36 (KHTML, like Gecko) Chrome/140.0.7339.127 Mobile Safari/537.36 (compatible; GoogleOther)"
66.249.65.70 - - [19/Sep/2025:01:25:49 -0400] "GET /523389705 HTTP/1.1" 200 25032 "-" "Mozilla/5.0 (Linux; Android 6.0.1; Nexus 5X Build/MMB29P) AppleWebKit/537.36 (KHTML, like Gecko) Chrome/140.0.7339.127 Mobile Safari/537.36 (compatible; GoogleOther)"
66.249.65.69 - - [19/Sep/2025:01:26:41 -0400] "GET /36461686051 HTTP/1.1" 200 25035 "-" "Mozilla/5.0 (Linux; Android 6.0.1; Nexus 5X Build/MMB29P) AppleWebKit/537.36 (KHTML, like Gecko) Chrome/140.0.7339.127 Mobile Safari/537.36 (compatible; GoogleOther)"
123.253.65.169 - - [19/Sep/2025:01:27:12 -0400] "GET /wp-includes/css/service.php HTTP/1.1" 200 2169 "http://vohradecor.com/wp-includes/css/ugqcizlp.php?BDKR28=2otf" "Mozilla/5.0 (Windows NT 10.0; Win64; x64) AppleWebKit/537.36 (KHTML, like Gecko) Chrome/140.0.0.0 Safari/537.36"
66.249.65.69 - - [19/Sep/2025:01:27:20 -0400] "GET /95992991 HTTP/1.1" 200 25054 "-" "Mozilla/5.0 (Linux; Android 6.0.1; Nexus 5X Build/MMB29P) AppleWebKit/537.36 (KHTML, like Gecko) Chrome/140.0.7339.127 Mobile Safari/537.36 (compatible; GoogleOther)"
123.253.65.169 - - [19/Sep/2025:01:27:17 -0400] "POST /wp-includes/css/service.php HTTP/1.1" 403 1242 "http://vohradecor.com/wp-includes/css/service.php" "Mozilla/5.0 (Windows NT 10.0; Win64; x64) AppleWebKit/537.36 (KHTML, like Gecko) Chrome/140.0.0.0 Safari/537.36"
216.73.216.132 - - [19/Sep/2025:01:27:24 -0400] "GET /sitemap.xml HTTP/1.1" 200 6157 "-" "Mozilla/5.0 AppleWebKit/537.36 (KHTML, like Gecko; compatible; ClaudeBot/1.0; +claudebot@anthropic.com)"
66.249.65.69 - - [19/Sep/2025:01:27:36 -0400] "GET /62750594 HTTP/1.1" 200 24151 "-" "Mozilla/5.0 (Linux; Android 6.0.1; Nexus 5X Build/MMB29P) AppleWebKit/537.36 (KHTML, like Gecko) Chrome/140.0.7339.127 Mobile Safari/537.36 (compatible; GoogleOther)"
66.249.65.70 - - [19/Sep/2025:01:28:54 -0400] "GET /1368101910 HTTP/1.1" 200 24425 "-" "Mozilla/5.0 (Linux; Android 6.0.1; Nexus 5X Build/MMB29P) AppleWebKit/537.36 (KHTML, like Gecko) Chrome/140.0.7339.127 Mobile Safari/537.36 (compatible; GoogleOther)"
216.73.216.132 - - [19/Sep/2025:01:29:15 -0400] "GET /experience-seamless-transactions-effortlessly-with HTTP/1.1" 301 0 "-" "Mozilla/5.0 AppleWebKit/537.36 (KHTML, like Gecko; compatible; ClaudeBot/1.0; +claudebot@anthropic.com)"
216.73.216.132 - - [19/Sep/2025:01:29:17 -0400] "GET /experience-seamless-transactions-effortlessly-with/ HTTP/1.1" 200 17109 "http://vohradecor.com/experience-seamless-transactions-effortlessly-with" "Mozilla/5.0 AppleWebKit/537.36 (KHTML, like Gecko; compatible; ClaudeBot/1.0; +claudebot@anthropic.com)"
216.73.216.132 - - [19/Sep/2025:01:30:33 -0400] "GET /can-the-thrill-of-chance-lead-you-to-unparalleled HTTP/1.1" 301 0 "-" "Mozilla/5.0 AppleWebKit/537.36 (KHTML, like Gecko; compatible; ClaudeBot/1.0; +claudebot@anthropic.com)"
216.73.216.132 - - [19/Sep/2025:01:30:35 -0400] "GET /can-the-thrill-of-chance-lead-you-to-unparalleled/ HTTP/1.1" 200 18133 "http://vohradecor.com/can-the-thrill-of-chance-lead-you-to-unparalleled" "Mozilla/5.0 AppleWebKit/537.36 (KHTML, like Gecko; compatible; ClaudeBot/1.0; +claudebot@anthropic.com)"
66.249.65.70 - - [19/Sep/2025:01:31:08 -0400] "GET /82756508 HTTP/1.1" 200 24156 "-" "Mozilla/5.0 (Linux; Android 6.0.1; Nexus 5X Build/MMB29P) AppleWebKit/537.36 (KHTML, like Gecko) Chrome/140.0.7339.127 Mobile Safari/537.36 (compatible; GoogleOther)"
66.249.65.71 - - [19/Sep/2025:01:31:10 -0400] "GET /42317983778 HTTP/1.1" 200 25022 "-" "Mozilla/5.0 (Linux; Android 6.0.1; Nexus 5X Build/MMB29P) AppleWebKit/537.36 (KHTML, like Gecko) Chrome/140.0.7339.127 Mobile Safari/537.36 (compatible; GoogleOther)"
182.44.8.254 - - [19/Sep/2025:01:31:36 -0400] "GET / HTTP/1.1" 301 0 "-" "Mozilla/5.0 (iPhone; CPU iPhone OS 13_2_3 like Mac OS X) AppleWebKit/605.1.15 (KHTML, like Gecko) Version/13.0.3 Mobile/15E148 Safari/604.1"
182.44.8.254 - - [19/Sep/2025:01:31:45 -0400] "GET / HTTP/1.1" 200 18857 "http://www.vohradecor.com" "Mozilla/5.0 (iPhone; CPU iPhone OS 13_2_3 like Mac OS X) AppleWebKit/605.1.15 (KHTML, like Gecko) Version/13.0.3 Mobile/15E148 Safari/604.1"
77.75.77.109 - - [19/Sep/2025:01:32:41 -0400] "GET /3513122 HTTP/1.1" 404 11129 "-" "Mozilla/5.0 (compatible; SeznamBot/4.0; +https://o-seznam.cz/napoveda/vyhledavani/en/seznambot-crawler/)"
66.249.65.71 - - [19/Sep/2025:01:32:57 -0400] "GET /9435364104 HTTP/1.1" 200 25128 "-" "Mozilla/5.0 (Linux; Android 6.0.1; Nexus 5X Build/MMB29P) AppleWebKit/537.36 (KHTML, like Gecko) Chrome/140.0.7339.127 Mobile Safari/537.36 (compatible; GoogleOther)"
66.249.65.71 - - [19/Sep/2025:01:33:29 -0400] "GET /85054467 HTTP/1.1" 200 24717 "-" "Mozilla/5.0 (Linux; Android 6.0.1; Nexus 5X Build/MMB29P) AppleWebKit/537.36 (KHTML, like Gecko) Chrome/140.0.7339.127 Mobile Safari/537.36 (compatible; GoogleOther)"
77.75.77.109 - - [19/Sep/2025:01:34:37 -0400] "GET /21988108 HTTP/1.1" 404 11129 "-" "Mozilla/5.0 (compatible; SeznamBot/4.0; +https://o-seznam.cz/napoveda/vyhledavani/en/seznambot-crawler/)"
66.249.65.69 - - [19/Sep/2025:01:34:44 -0400] "GET /?9906609 HTTP/1.1" 200 24112 "-" "Mozilla/5.0 (Linux; Android 6.0.1; Nexus 5X Build/MMB29P) AppleWebKit/537.36 (KHTML, like Gecko) Chrome/140.0.7339.127 Mobile Safari/537.36 (compatible; GoogleOther)"
66.249.65.69 - - [19/Sep/2025:01:35:34 -0400] "GET /4462310875 HTTP/1.1" 200 25228 "-" "Mozilla/5.0 (Linux; Android 6.0.1; Nexus 5X Build/MMB29P) AppleWebKit/537.36 (KHTML, like Gecko) Chrome/140.0.7339.127 Mobile Safari/537.36 (compatible; GoogleOther)"
66.249.65.71 - - [19/Sep/2025:01:37:48 -0400] "GET /537405968 HTTP/1.1" 200 25131 "-" "Mozilla/5.0 (Linux; Android 6.0.1; Nexus 5X Build/MMB29P) AppleWebKit/537.36 (KHTML, like Gecko) Chrome/140.0.7339.127 Mobile Safari/537.36 (compatible; GoogleOther)"
