216.73.216.132 - - [19/Sep/2025:06:11:27 -0400] "GET /89816524 HTTP/1.1" 404 6971 "-" "Mozilla/5.0 AppleWebKit/537.36 (KHTML, like Gecko; compatible; ClaudeBot/1.0; +claudebot@anthropic.com)"
216.73.216.132 - - [19/Sep/2025:06:11:29 -0400] "GET /185741229 HTTP/1.1" 404 6971 "-" "Mozilla/5.0 AppleWebKit/537.36 (KHTML, like Gecko; compatible; ClaudeBot/1.0; +claudebot@anthropic.com)"
216.73.216.132 - - [19/Sep/2025:06:11:33 -0400] "GET /8498997006 HTTP/1.1" 404 9653 "-" "Mozilla/5.0 AppleWebKit/537.36 (KHTML, like Gecko; compatible; ClaudeBot/1.0; +claudebot@anthropic.com)"
216.73.216.132 - - [19/Sep/2025:06:11:35 -0400] "GET /3017997 HTTP/1.1" 404 6971 "-" "Mozilla/5.0 AppleWebKit/537.36 (KHTML, like Gecko; compatible; ClaudeBot/1.0; +claudebot@anthropic.com)"
216.73.216.132 - - [19/Sep/2025:06:11:38 -0400] "GET /64377434 HTTP/1.1" 404 9653 "-" "Mozilla/5.0 AppleWebKit/537.36 (KHTML, like Gecko; compatible; ClaudeBot/1.0; +claudebot@anthropic.com)"
66.249.65.69 - - [19/Sep/2025:06:11:44 -0400] "GET /?38255354469 HTTP/1.1" 200 19067 "-" "Mozilla/5.0 (Linux; Android 6.0.1; Nexus 5X Build/MMB29P) AppleWebKit/537.36 (KHTML, like Gecko) Chrome/140.0.7339.127 Mobile Safari/537.36 (compatible; GoogleOther)"
66.249.65.71 - - [19/Sep/2025:06:12:01 -0400] "GET /623940642 HTTP/1.1" 200 20228 "-" "Mozilla/5.0 (Linux; Android 6.0.1; Nexus 5X Build/MMB29P) AppleWebKit/537.36 (KHTML, like Gecko) Chrome/140.0.7339.127 Mobile Safari/537.36 (compatible; GoogleOther)"
51.161.37.85 - - [19/Sep/2025:06:12:07 -0400] "GET /olymp-casino-bd-login-1335/ HTTP/1.1" 200 16229 "-" "Mozilla/5.0 (compatible; AhrefsBot/7.0; +http://ahrefs.com/robot/)"
66.249.65.69 - - [19/Sep/2025:06:12:34 -0400] "POST /get-message-notify HTTP/1.1" 200 21351 "http://vohradecor.com/623940642" "Mozilla/5.0 (Linux; Android 6.0.1; Nexus 5X Build/MMB29P) AppleWebKit/537.36 (KHTML, like Gecko) Chrome/139.0.7258.127 Mobile Safari/537.36 (compatible; Googlebot/2.1; +http://www.google.com/bot.html)"
85.208.96.202 - - [19/Sep/2025:06:12:37 -0400] "GET /robots.txt HTTP/1.1" 200 146 "-" "Mozilla/5.0 (compatible; SemrushBot/7~bl; +http://www.semrush.com/bot.html)"
68.65.123.208 - - [19/Sep/2025:06:12:38 -0400] "POST /wp-cron.php?doing_wp_cron=1758276758.4077498912811279296875 HTTP/1.1" 403 1242 "-" "WordPress/6.8.2; http://vohradecor.com"
85.208.96.208 - - [19/Sep/2025:06:12:37 -0400] "GET /1000000-visits/ HTTP/1.1" 200 23552 "-" "Mozilla/5.0 (compatible; SemrushBot/7~bl; +http://www.semrush.com/bot.html)"
66.249.65.69 - - [19/Sep/2025:06:12:49 -0400] "GET /85685347.shtml HTTP/1.1" 200 20660 "-" "Mozilla/5.0 (Linux; Android 6.0.1; Nexus 5X Build/MMB29P) AppleWebKit/537.36 (KHTML, like Gecko) Chrome/140.0.7339.127 Mobile Safari/537.36 (compatible; GoogleOther)"
216.73.216.132 - - [19/Sep/2025:06:13:20 -0400] "GET /24122132454 HTTP/1.1" 404 6971 "-" "Mozilla/5.0 AppleWebKit/537.36 (KHTML, like Gecko; compatible; ClaudeBot/1.0; +claudebot@anthropic.com)"
216.73.216.132 - - [19/Sep/2025:06:13:21 -0400] "GET /147757325 HTTP/1.1" 404 6971 "-" "Mozilla/5.0 AppleWebKit/537.36 (KHTML, like Gecko; compatible; ClaudeBot/1.0; +claudebot@anthropic.com)"
216.73.216.132 - - [19/Sep/2025:06:13:23 -0400] "GET /5548498981 HTTP/1.1" 404 6971 "-" "Mozilla/5.0 AppleWebKit/537.36 (KHTML, like Gecko; compatible; ClaudeBot/1.0; +claudebot@anthropic.com)"
216.73.216.132 - - [19/Sep/2025:06:13:27 -0400] "GET /7146263747 HTTP/1.1" 404 6971 "-" "Mozilla/5.0 AppleWebKit/537.36 (KHTML, like Gecko; compatible; ClaudeBot/1.0; +claudebot@anthropic.com)"
216.73.216.132 - - [19/Sep/2025:06:13:28 -0400] "GET /420260655 HTTP/1.1" 404 6971 "-" "Mozilla/5.0 AppleWebKit/537.36 (KHTML, like Gecko; compatible; ClaudeBot/1.0; +claudebot@anthropic.com)"
216.73.216.132 - - [19/Sep/2025:06:13:30 -0400] "GET /386320700 HTTP/1.1" 404 9653 "-" "Mozilla/5.0 AppleWebKit/537.36 (KHTML, like Gecko; compatible; ClaudeBot/1.0; +claudebot@anthropic.com)"
66.249.65.71 - - [19/Sep/2025:06:13:47 -0400] "GET /3918144 HTTP/1.1" 200 19083 "-" "Mozilla/5.0 (Linux; Android 6.0.1; Nexus 5X Build/MMB29P) AppleWebKit/537.36 (KHTML, like Gecko) Chrome/140.0.7339.127 Mobile Safari/537.36 (compatible; GoogleOther)"
68.65.123.208 - - [19/Sep/2025:06:14:29 -0400] "POST /wp-cron.php?doing_wp_cron=1758276869.5713949203491210937500 HTTP/1.1" 403 1242 "-" "WordPress/6.8.2; http://vohradecor.com"
43.157.52.37 - - [19/Sep/2025:06:14:28 -0400] "GET /36940035.shtml HTTP/1.1" 404 11138 "-" "Mozilla/5.0 (iPhone; CPU iPhone OS 13_2_3 like Mac OS X) AppleWebKit/605.1.15 (KHTML, like Gecko) Version/13.0.3 Mobile/15E148 Safari/604.1"
66.249.65.70 - - [19/Sep/2025:06:15:05 -0400] "POST /get-message-notify HTTP/1.1" 200 21351 "http://vohradecor.com/?38255354469" "Mozilla/5.0 (Linux; Android 6.0.1; Nexus 5X Build/MMB29P) AppleWebKit/537.36 (KHTML, like Gecko) Chrome/139.0.7258.127 Mobile Safari/537.36 (compatible; Googlebot/2.1; +http://www.google.com/bot.html)"
216.73.216.132 - - [19/Sep/2025:06:15:19 -0400] "GET /sitemap-3.xml HTTP/1.1" 200 10609 "-" "Mozilla/5.0 AppleWebKit/537.36 (KHTML, like Gecko; compatible; ClaudeBot/1.0; +claudebot@anthropic.com)"
216.73.216.132 - - [19/Sep/2025:06:15:21 -0400] "GET /sitemap-1.xml HTTP/1.1" 200 10132 "-" "Mozilla/5.0 AppleWebKit/537.36 (KHTML, like Gecko; compatible; ClaudeBot/1.0; +claudebot@anthropic.com)"
216.73.216.132 - - [19/Sep/2025:06:16:48 -0400] "GET /sitemap-12.xml HTTP/1.1" 200 9910 "-" "Mozilla/5.0 AppleWebKit/537.36 (KHTML, like Gecko; compatible; ClaudeBot/1.0; +claudebot@anthropic.com)"
216.73.216.132 - - [19/Sep/2025:06:16:50 -0400] "GET /sitemap-2.xml HTTP/1.1" 200 11030 "-" "Mozilla/5.0 AppleWebKit/537.36 (KHTML, like Gecko; compatible; ClaudeBot/1.0; +claudebot@anthropic.com)"
216.73.216.132 - - [19/Sep/2025:06:17:31 -0400] "GET /sitemap-7.xml HTTP/1.1" 200 10779 "-" "Mozilla/5.0 AppleWebKit/537.36 (KHTML, like Gecko; compatible; ClaudeBot/1.0; +claudebot@anthropic.com)"
216.73.216.132 - - [19/Sep/2025:06:17:32 -0400] "GET /sitemap-4.xml HTTP/1.1" 200 10818 "-" "Mozilla/5.0 AppleWebKit/537.36 (KHTML, like Gecko; compatible; ClaudeBot/1.0; +claudebot@anthropic.com)"
66.249.65.69 - - [19/Sep/2025:06:18:17 -0400] "GET /55119157 HTTP/1.1" 200 18396 "-" "Mozilla/5.0 (Linux; Android 6.0.1; Nexus 5X Build/MMB29P) AppleWebKit/537.36 (KHTML, like Gecko) Chrome/140.0.7339.127 Mobile Safari/537.36 (compatible; GoogleOther)"
66.249.65.69 - - [19/Sep/2025:06:18:21 -0400] "GET /search?category=&search_word=&restrict[]=person_id(int)=WOV HTTP/1.1" 200 18991 "-" "Mozilla/5.0 (Linux; Android 6.0.1; Nexus 5X Build/MMB29P) AppleWebKit/537.36 (KHTML, like Gecko) Chrome/140.0.7339.127 Mobile Safari/537.36 (compatible; GoogleOther)"
204.12.208.18 - - [19/Sep/2025:06:18:25 -0400] "GET /wp-content/adb31686/index.php HTTP/1.1" 403 1242 "http://vohradecor.com/wp-content/adb31686/index.php" "Mozilla/5.0 (Windows NT 6.1) AppleWebKit/535.1 (KHTML, like Gecko) Chrome/13.0.782.107 Safari/535.1"
204.12.208.18 - - [19/Sep/2025:06:18:25 -0400] "GET /wp-content/adb31686/index.php HTTP/1.1" 403 1242 "http://vohradecor.com/wp-content/adb31686/index.php" "Mozilla/5.0 (Macintosh; Intel Mac OS X 10_6_8) AppleWebKit/535.1 (KHTML, like Gecko) Chrome/13.0.782.112 Safari/535.1"
204.12.208.18 - - [19/Sep/2025:06:18:26 -0400] "GET /wp-content/adb31686/index.php HTTP/1.1" 403 1242 "http://vohradecor.com/wp-content/adb31686/index.php" "Mozilla/5.0 (Windows NT 5.1) AppleWebKit/535.2 (KHTML, like Gecko) Chrome/15.0.874.120 Safari/535.2"
216.73.216.132 - - [19/Sep/2025:06:19:32 -0400] "GET /sitemap-5.xml HTTP/1.1" 200 11161 "-" "Mozilla/5.0 AppleWebKit/537.36 (KHTML, like Gecko; compatible; ClaudeBot/1.0; +claudebot@anthropic.com)"
216.73.216.132 - - [19/Sep/2025:06:19:32 -0400] "GET /sitemap-11.xml HTTP/1.1" 200 9988 "-" "Mozilla/5.0 AppleWebKit/537.36 (KHTML, like Gecko; compatible; ClaudeBot/1.0; +claudebot@anthropic.com)"
216.73.216.132 - - [19/Sep/2025:06:21:04 -0400] "GET /sitemap-20.xml HTTP/1.1" 200 11439 "-" "Mozilla/5.0 AppleWebKit/537.36 (KHTML, like Gecko; compatible; ClaudeBot/1.0; +claudebot@anthropic.com)"
216.73.216.132 - - [19/Sep/2025:06:21:04 -0400] "GET /sitemap-9.xml HTTP/1.1" 200 10318 "-" "Mozilla/5.0 AppleWebKit/537.36 (KHTML, like Gecko; compatible; ClaudeBot/1.0; +claudebot@anthropic.com)"
68.65.123.208 - - [19/Sep/2025:06:21:14 -0400] "POST /wp-cron.php?doing_wp_cron=1758277274.6247539520263671875000 HTTP/1.1" 403 1242 "-" "WordPress/6.8.2; http://vohradecor.com"
77.75.77.109 - - [19/Sep/2025:06:21:10 -0400] "GET /62399226936 HTTP/1.1" 404 11129 "-" "Mozilla/5.0 (compatible; SeznamBot/4.0; +https://o-seznam.cz/napoveda/vyhledavani/en/seznambot-crawler/)"
216.73.216.132 - - [19/Sep/2025:06:22:17 -0400] "GET /sitemap-14.xml HTTP/1.1" 200 9724 "-" "Mozilla/5.0 AppleWebKit/537.36 (KHTML, like Gecko; compatible; ClaudeBot/1.0; +claudebot@anthropic.com)"
216.73.216.132 - - [19/Sep/2025:06:22:18 -0400] "GET /sitemap-16.xml HTTP/1.1" 200 10544 "-" "Mozilla/5.0 AppleWebKit/537.36 (KHTML, like Gecko; compatible; ClaudeBot/1.0; +claudebot@anthropic.com)"
66.249.65.69 - - [19/Sep/2025:06:23:13 -0400] "GET /18217424788 HTTP/1.1" 200 20509 "-" "Mozilla/5.0 (Linux; Android 6.0.1; Nexus 5X Build/MMB29P) AppleWebKit/537.36 (KHTML, like Gecko) Chrome/140.0.7339.127 Mobile Safari/537.36 (compatible; GoogleOther)"
216.73.216.132 - - [19/Sep/2025:06:23:58 -0400] "GET /sitemap-18.xml HTTP/1.1" 200 10615 "-" "Mozilla/5.0 AppleWebKit/537.36 (KHTML, like Gecko; compatible; ClaudeBot/1.0; +claudebot@anthropic.com)"
216.73.216.132 - - [19/Sep/2025:06:23:59 -0400] "GET /sitemap-6.xml HTTP/1.1" 200 10457 "-" "Mozilla/5.0 AppleWebKit/537.36 (KHTML, like Gecko; compatible; ClaudeBot/1.0; +claudebot@anthropic.com)"
204.12.208.18 - - [19/Sep/2025:06:24:10 -0400] "GET /wp-content/adb31686/index.php HTTP/1.1" 403 1242 "http://vohradecor.com/wp-content/adb31686/index.php" "Mozilla/5.0 (Windows NT 6.1) AppleWebKit/534.24 (KHTML, like Gecko) Chrome/11.0.696.65 Safari/534.24"
204.12.208.18 - - [19/Sep/2025:06:24:10 -0400] "GET /wp-content/adb31686/index.php HTTP/1.1" 403 1242 "http://vohradecor.com/wp-content/adb31686/index.php" "Mozilla/5.0 (Windows NT 6.1) AppleWebKit/535.1 (KHTML, like Gecko) Chrome/13.0.782.107 Safari/535.1"
204.12.208.18 - - [19/Sep/2025:06:24:10 -0400] "GET /wp-content/adb31686/index.php HTTP/1.1" 403 1242 "http://vohradecor.com/wp-content/adb31686/index.php" "Mozilla/5.0 (Macintosh; Intel Mac OS X 10_6_8) AppleWebKit/535.1 (KHTML, like Gecko) Chrome/13.0.782.112 Safari/535.1"
216.73.216.132 - - [19/Sep/2025:06:24:52 -0400] "GET /sitemap-13.xml HTTP/1.1" 200 11289 "-" "Mozilla/5.0 AppleWebKit/537.36 (KHTML, like Gecko; compatible; ClaudeBot/1.0; +claudebot@anthropic.com)"
216.73.216.132 - - [19/Sep/2025:06:24:53 -0400] "GET /sitemap-15.xml HTTP/1.1" 200 9593 "-" "Mozilla/5.0 AppleWebKit/537.36 (KHTML, like Gecko; compatible; ClaudeBot/1.0; +claudebot@anthropic.com)"
68.65.123.208 - - [19/Sep/2025:06:25:12 -0400] "POST /wp-cron.php?doing_wp_cron=1758277512.5569019317626953125000 HTTP/1.1" 403 1242 "-" "WordPress/6.8.2; http://vohradecor.com"
77.75.77.109 - - [19/Sep/2025:06:25:11 -0400] "GET /7896272191 HTTP/1.1" 404 11129 "-" "Mozilla/5.0 (compatible; SeznamBot/4.0; +https://o-seznam.cz/napoveda/vyhledavani/en/seznambot-crawler/)"
216.73.216.132 - - [19/Sep/2025:06:25:53 -0400] "GET /sitemap-8.xml HTTP/1.1" 200 10471 "-" "Mozilla/5.0 AppleWebKit/537.36 (KHTML, like Gecko; compatible; ClaudeBot/1.0; +claudebot@anthropic.com)"
66.249.65.70 - - [19/Sep/2025:06:26:32 -0400] "GET /3981929 HTTP/1.1" 200 18925 "-" "Mozilla/5.0 (Linux; Android 6.0.1; Nexus 5X Build/MMB29P) AppleWebKit/537.36 (KHTML, like Gecko) Chrome/140.0.7339.127 Mobile Safari/537.36 (compatible; GoogleOther)"
216.73.216.132 - - [19/Sep/2025:06:27:02 -0400] "GET /sitemap-19.xml HTTP/1.1" 200 10757 "-" "Mozilla/5.0 AppleWebKit/537.36 (KHTML, like Gecko; compatible; ClaudeBot/1.0; +claudebot@anthropic.com)"
216.73.216.132 - - [19/Sep/2025:06:28:31 -0400] "GET /sitemap-21.xml HTTP/1.1" 200 10815 "-" "Mozilla/5.0 AppleWebKit/537.36 (KHTML, like Gecko; compatible; ClaudeBot/1.0; +claudebot@anthropic.com)"
216.73.216.132 - - [19/Sep/2025:06:30:24 -0400] "GET /sitemap-17.xml HTTP/1.1" 200 9787 "-" "Mozilla/5.0 AppleWebKit/537.36 (KHTML, like Gecko; compatible; ClaudeBot/1.0; +claudebot@anthropic.com)"
216.73.216.132 - - [19/Sep/2025:06:31:52 -0400] "GET /sitemap-22.xml HTTP/1.1" 200 11003 "-" "Mozilla/5.0 AppleWebKit/537.36 (KHTML, like Gecko; compatible; ClaudeBot/1.0; +claudebot@anthropic.com)"
216.73.216.132 - - [19/Sep/2025:06:31:52 -0400] "GET /sitemap-10.xml HTTP/1.1" 200 9754 "-" "Mozilla/5.0 AppleWebKit/537.36 (KHTML, like Gecko; compatible; ClaudeBot/1.0; +claudebot@anthropic.com)"
68.65.123.208 - - [19/Sep/2025:06:32:25 -0400] "POST /wp-cron.php?doing_wp_cron=1758277945.8178579807281494140625 HTTP/1.1" 403 1242 "-" "WordPress/6.8.2; http://vohradecor.com"
142.44.233.47 - - [19/Sep/2025:06:32:22 -0400] "GET /kazino-oficialnyj-sajt-pin-up-casino-vhodi-i-547/ HTTP/1.1" 200 16760 "-" "Mozilla/5.0 (compatible; AhrefsBot/7.0; +http://ahrefs.com/robot/)"
77.75.77.109 - - [19/Sep/2025:06:33:04 -0400] "GET /39625526 HTTP/1.1" 404 11129 "-" "Mozilla/5.0 (compatible; SeznamBot/4.0; +https://o-seznam.cz/napoveda/vyhledavani/en/seznambot-crawler/)"
68.65.123.208 - - [19/Sep/2025:06:34:11 -0400] "POST /wp-cron.php?doing_wp_cron=1758278051.9161241054534912109375 HTTP/1.1" 403 1242 "-" "WordPress/6.8.2; http://vohradecor.com"
18.232.36.1 - - [19/Sep/2025:06:34:10 -0400] "GET /a-thrilling-experience-comes-alive-with-the/ HTTP/1.1" 200 22646 "-" "Mozilla/5.0 AppleWebKit/537.36 (KHTML, like Gecko; compatible; Amazonbot/0.1; +https://developer.amazon.com/support/amazonbot) Chrome/119.0.6045.214 Safari/537.36"
66.249.65.69 - - [19/Sep/2025:06:34:14 -0400] "GET /7339487 HTTP/1.1" 200 18838 "-" "Mozilla/5.0 (Linux; Android 6.0.1; Nexus 5X Build/MMB29P) AppleWebKit/537.36 (KHTML, like Gecko) Chrome/140.0.7339.127 Mobile Safari/537.36 (compatible; GoogleOther)"
66.249.65.70 - - [19/Sep/2025:06:34:38 -0400] "GET /26494327.shtml HTTP/1.1" 200 20609 "-" "Mozilla/5.0 (Linux; Android 6.0.1; Nexus 5X Build/MMB29P) AppleWebKit/537.36 (KHTML, like Gecko) Chrome/140.0.7339.127 Mobile Safari/537.36 (compatible; GoogleOther)"
101.99.88.90 - - [19/Sep/2025:06:35:40 -0400] "GET / HTTP/1.1" 200 121725 "-" "Mozilla/5.0 (compatible; Googlebot/2.1; +http://www.google.com/bot.html)"
101.99.88.90 - - [19/Sep/2025:06:35:42 -0400] "GET /wp-content/adb31686/index.php HTTP/1.1" 403 1242 "-" "-"
204.12.208.18 - - [19/Sep/2025:06:37:16 -0400] "GET /wp-content/adb31686/index.php HTTP/1.1" 403 1242 "http://vohradecor.com/wp-content/adb31686/index.php" "Mozilla/5.0 (Macintosh; Intel Mac OS X 10_6_8) AppleWebKit/534.24 (KHTML, like Gecko) Chrome/11.0.696.71 Safari/534.24"
204.12.208.18 - - [19/Sep/2025:06:37:16 -0400] "GET /wp-content/adb31686/index.php HTTP/1.1" 403 1242 "http://vohradecor.com/wp-content/adb31686/index.php" "Mozilla/5.0 (Windows NT 6.1) AppleWebKit/535.1 (KHTML, like Gecko) Chrome/13.0.782.107 Safari/535.1"
204.12.208.18 - - [19/Sep/2025:06:37:16 -0400] "GET /wp-content/adb31686/index.php HTTP/1.1" 403 1242 "http://vohradecor.com/wp-content/adb31686/index.php" "Mozilla/5.0 (Macintosh; Intel Mac OS X 10_6_8) AppleWebKit/535.1 (KHTML, like Gecko) RockMelt/0.9.64.361 Chrome/13.0.782.218 Safari/535.1"
68.65.123.208 - - [19/Sep/2025:06:43:20 -0400] "POST /wp-cron.php?doing_wp_cron=1758278599.9622869491577148437500 HTTP/1.1" 403 1242 "-" "WordPress/6.8.2; http://vohradecor.com"
27.5.85.214 - - [19/Sep/2025:06:43:15 -0400] "GET /wp-json/wp/v2/posts HTTP/1.1" 200 425540 "-" "Mozilla/5.0 (Windows NT 10.0; Win64; x64) AppleWebKit/537.36 (KHTML, like Gecko) Chrome/120.0.0.0 Safari/537.36"
27.5.85.214 - - [19/Sep/2025:06:43:22 -0400] "POST /wp-comments-post.php HTTP/1.1" 404 11129 "-" "Mozilla/5.0 (Windows NT 10.0; Win64; x64) AppleWebKit/537.36 (KHTML, like Gecko) Chrome/120.0.0.0 Safari/537.36"
8.217.208.28 - - [19/Sep/2025:06:44:56 -0400] "GET /robots.txt HTTP/1.1" 200 105 "-" "AliyunSecBot/Aliyun (AliyunSecBot@service.alibaba.com)"
8.217.133.43 - - [19/Sep/2025:06:44:57 -0400] "GET /wp-content/plugins/LayerSlider/static/css/layerslider.css?ver=5.6.6 HTTP/1.1" 200 2837 "-" "AliyunSecBot/Aliyun (AliyunSecBot@service.alibaba.com)"
66.249.65.71 - - [19/Sep/2025:06:45:33 -0400] "GET /42658111.shtml HTTP/1.1" 200 19458 "-" "Mozilla/5.0 (Linux; Android 6.0.1; Nexus 5X Build/MMB29P) AppleWebKit/537.36 (KHTML, like Gecko) Chrome/140.0.7339.127 Mobile Safari/537.36 (compatible; GoogleOther)"
52.167.144.147 - - [19/Sep/2025:06:46:16 -0400] "GET /178928986 HTTP/1.1" 200 18951 "-" "Mozilla/5.0 AppleWebKit/537.36 (KHTML, like Gecko; compatible; bingbot/2.0; +http://www.bing.com/bingbot.htm) Chrome/116.0.1938.76 Safari/537.36"
66.249.65.69 - - [19/Sep/2025:06:48:45 -0400] "GET /2585673 HTTP/1.1" 200 18827 "-" "Mozilla/5.0 (Linux; Android 6.0.1; Nexus 5X Build/MMB29P) AppleWebKit/537.36 (KHTML, like Gecko) Chrome/140.0.7339.127 Mobile Safari/537.36 (compatible; GoogleOther)"
66.249.65.69 - - [19/Sep/2025:06:49:02 -0400] "GET /35287168 HTTP/1.1" 200 19806 "-" "Mozilla/5.0 (Linux; Android 6.0.1; Nexus 5X Build/MMB29P) AppleWebKit/537.36 (KHTML, like Gecko) Chrome/140.0.7339.127 Mobile Safari/537.36 (compatible; GoogleOther)"
66.249.65.69 - - [19/Sep/2025:06:49:38 -0400] "GET /37638345 HTTP/1.1" 200 18884 "-" "Mozilla/5.0 (Linux; Android 6.0.1; Nexus 5X Build/MMB29P) AppleWebKit/537.36 (KHTML, like Gecko) Chrome/140.0.7339.127 Mobile Safari/537.36 (compatible; GoogleOther)"
204.12.208.18 - - [19/Sep/2025:06:50:22 -0400] "GET /wp-content/adb31686/index.php HTTP/1.1" 403 1242 "http://vohradecor.com/wp-content/adb31686/index.php" "Mozilla/5.0 (Macintosh; Intel Mac OS X 10_6_8) AppleWebKit/534.30 (KHTML, like Gecko) Chrome/12.0.742.112 Safari/534.30"
204.12.208.18 - - [19/Sep/2025:06:50:22 -0400] "GET /wp-content/adb31686/index.php HTTP/1.1" 403 1242 "http://vohradecor.com/wp-content/adb31686/index.php" "Mozilla/5.0 (Macintosh; Intel Mac OS X 10_6_8) AppleWebKit/535.1 (KHTML, like Gecko) Chrome/13.0.782.112 Safari/535.1"
204.12.208.18 - - [19/Sep/2025:06:50:22 -0400] "GET /wp-content/adb31686/index.php HTTP/1.1" 403 1242 "http://vohradecor.com/wp-content/adb31686/index.php" "Mozilla/5.0 (Windows NT 5.1) AppleWebKit/535.2 (KHTML, like Gecko) Chrome/15.0.874.120 Safari/535.2"
66.249.65.70 - - [19/Sep/2025:06:50:31 -0400] "GET /3452455901 HTTP/1.1" 200 19274 "-" "Mozilla/5.0 (Linux; Android 6.0.1; Nexus 5X Build/MMB29P) AppleWebKit/537.36 (KHTML, like Gecko) Chrome/140.0.7339.127 Mobile Safari/537.36 (compatible; GoogleOther)"
66.249.65.69 - - [19/Sep/2025:06:50:39 -0400] "GET /search?category=&search_word=&restrict[]=person_id(int)=NMFYV HTTP/1.1" 200 20211 "-" "Mozilla/5.0 (Linux; Android 6.0.1; Nexus 5X Build/MMB29P) AppleWebKit/537.36 (KHTML, like Gecko) Chrome/140.0.7339.127 Mobile Safari/537.36 (compatible; GoogleOther)"
66.249.65.70 - - [19/Sep/2025:06:51:01 -0400] "GET /28288175.shtml HTTP/1.1" 200 19295 "-" "Mozilla/5.0 (Linux; Android 6.0.1; Nexus 5X Build/MMB29P) AppleWebKit/537.36 (KHTML, like Gecko) Chrome/140.0.7339.127 Mobile Safari/537.36 (compatible; GoogleOther)"
66.249.65.69 - - [19/Sep/2025:06:51:24 -0400] "POST /get-message-notify HTTP/1.1" 200 21351 "http://vohradecor.com/28288175.shtml" "Mozilla/5.0 (Linux; Android 6.0.1; Nexus 5X Build/MMB29P) AppleWebKit/537.36 (KHTML, like Gecko) Chrome/139.0.7258.127 Mobile Safari/537.36 (compatible; Googlebot/2.1; +http://www.google.com/bot.html)"
8.217.208.41 - - [19/Sep/2025:06:53:29 -0400] "GET /wp-includes/js/jquery/jquery.min.js?ver=3.7.1 HTTP/1.1" 200 32647 "-" "AliyunSecBot/Aliyun (AliyunSecBot@service.alibaba.com)"
66.249.65.70 - - [19/Sep/2025:06:56:27 -0400] "GET /53115663.shtml HTTP/1.1" 200 18173 "-" "Mozilla/5.0 (Linux; Android 6.0.1; Nexus 5X Build/MMB29P) AppleWebKit/537.36 (KHTML, like Gecko) Chrome/140.0.7339.127 Mobile Safari/537.36 (compatible; GoogleOther)"
66.249.65.70 - - [19/Sep/2025:06:56:44 -0400] "GET /793828940 HTTP/1.1" 200 20752 "-" "Mozilla/5.0 (Linux; Android 6.0.1; Nexus 5X Build/MMB29P) AppleWebKit/537.36 (KHTML, like Gecko) Chrome/140.0.7339.127 Mobile Safari/537.36 (compatible; GoogleOther)"
216.73.216.132 - - [19/Sep/2025:06:57:12 -0400] "GET /wp-rss4.php?%EA%B2%BD%EB%A1%9C=%2Fhome%2Fvohrhcfk%2Fpublic_html%2Fwp-admin HTTP/1.1" 200 2277 "-" "Mozilla/5.0 AppleWebKit/537.36 (KHTML, like Gecko; compatible; ClaudeBot/1.0; +claudebot@anthropic.com)"
216.73.216.132 - - [19/Sep/2025:06:57:13 -0400] "GET /wp-rss4.php?%EA%B2%BD%EB%A1%9C=%2Fhome%2Fvohrhcfk%2Fpublic_html%2Fwp-includes HTTP/1.1" 200 4763 "-" "Mozilla/5.0 AppleWebKit/537.36 (KHTML, like Gecko; compatible; ClaudeBot/1.0; +claudebot@anthropic.com)"
216.73.216.132 - - [19/Sep/2025:06:57:13 -0400] "GET /wp-rss4.php?%EA%B2%BD%EB%A1%9C=%2Fhome%2Fvohrhcfk%2Fpublic_html%2Fwp-content HTTP/1.1" 200 885 "-" "Mozilla/5.0 AppleWebKit/537.36 (KHTML, like Gecko; compatible; ClaudeBot/1.0; +claudebot@anthropic.com)"
66.249.65.71 - - [19/Sep/2025:06:58:04 -0400] "POST /get-message-notify HTTP/1.1" 200 21351 "http://vohradecor.com/793828940" "Mozilla/5.0 (Linux; Android 6.0.1; Nexus 5X Build/MMB29P) AppleWebKit/537.36 (KHTML, like Gecko) Chrome/139.0.7258.127 Mobile Safari/537.36 (compatible; Googlebot/2.1; +http://www.google.com/bot.html)"
66.249.65.71 - - [19/Sep/2025:06:59:11 -0400] "GET /14996659.shtml HTTP/1.1" 200 19951 "-" "Mozilla/5.0 (Linux; Android 6.0.1; Nexus 5X Build/MMB29P) AppleWebKit/537.36 (KHTML, like Gecko) Chrome/140.0.7339.127 Mobile Safari/537.36 (compatible; GoogleOther)"
216.73.216.132 - - [19/Sep/2025:06:59:20 -0400] "GET /wp-rss4.php?%EA%B2%BD%EB%A1%9C=%2Fhome%2Fvohrhcfk%2Fpublic_html%2F22693 HTTP/1.1" 200 844 "-" "Mozilla/5.0 AppleWebKit/537.36 (KHTML, like Gecko; compatible; ClaudeBot/1.0; +claudebot@anthropic.com)"
216.73.216.132 - - [19/Sep/2025:06:59:21 -0400] "GET /wp-rss4.php?%EA%B2%BD%EB%A1%9C=%2Fhome%2Fvohrhcfk%2Fpublic_html%2F.tmb HTTP/1.1" 200 892 "-" "Mozilla/5.0 AppleWebKit/537.36 (KHTML, like Gecko; compatible; ClaudeBot/1.0; +claudebot@anthropic.com)"
216.73.216.132 - - [19/Sep/2025:06:59:21 -0400] "GET /wp-rss4.php?%EA%B2%BD%EB%A1%9C=%2Fhome%2Fvohrhcfk%2Fpublic_html%2F0ca018 HTTP/1.1" 200 843 "-" "Mozilla/5.0 AppleWebKit/537.36 (KHTML, like Gecko; compatible; ClaudeBot/1.0; +claudebot@anthropic.com)"
66.249.65.71 - - [19/Sep/2025:07:00:10 -0400] "POST /get-message-notify HTTP/1.1" 200 21351 "http://vohradecor.com/search?category=&search_word=&restrict[]=person_id(int)=NMFYV" "Mozilla/5.0 (Linux; Android 6.0.1; Nexus 5X Build/MMB29P) AppleWebKit/537.36 (KHTML, like Gecko) Chrome/139.0.7258.127 Mobile Safari/537.36 (compatible; Googlebot/2.1; +http://www.google.com/bot.html)"
216.73.216.132 - - [19/Sep/2025:07:00:20 -0400] "GET /wp-rss4.php?%EA%B2%BD%EB%A1%9C=%2Fhome%2Fvohrhcfk%2Fpublic_html&%EC%9E%91%EC%97%85=%ED%8E%B8%EC%A7%91&%ED%8C%8C%EC%9D%BC=wp-blog-header.php HTTP/1.1" 200 792 "-" "Mozilla/5.0 AppleWebKit/537.36 (KHTML, like Gecko; compatible; ClaudeBot/1.0; +claudebot@anthropic.com)"
216.73.216.132 - - [19/Sep/2025:07:00:20 -0400] "GET /wp-rss4.php?%EA%B2%BD%EB%A1%9C=%2Fhome%2Fvohrhcfk%2Fpublic_html HTTP/1.1" 200 1144 "-" "Mozilla/5.0 AppleWebKit/537.36 (KHTML, like Gecko; compatible; ClaudeBot/1.0; +claudebot@anthropic.com)"
216.73.216.132 - - [19/Sep/2025:07:00:21 -0400] "GET /wp-rss4.php?%EA%B2%BD%EB%A1%9C=%2Fhome%2Fvohrhcfk%2Fpublic_html&%EC%9E%91%EC%97%85=%ED%8E%B8%EC%A7%91&%ED%8C%8C%EC%9D%BC=wp-rss4.php HTTP/1.1" 200 6113 "-" "Mozilla/5.0 AppleWebKit/537.36 (KHTML, like Gecko; compatible; ClaudeBot/1.0; +claudebot@anthropic.com)"
216.73.216.132 - - [19/Sep/2025:07:01:24 -0400] "GET /wp-rss4.php?%EA%B2%BD%EB%A1%9C=%2Fhome%2Fvohrhcfk%2Fpublic_html&%EC%9E%91%EC%97%85=%ED%8E%B8%EC%A7%91&%ED%8C%8C%EC%9D%BC=wp-config-sample.php HTTP/1.1" 200 1840 "-" "Mozilla/5.0 AppleWebKit/537.36 (KHTML, like Gecko; compatible; ClaudeBot/1.0; +claudebot@anthropic.com)"
216.73.216.132 - - [19/Sep/2025:07:01:24 -0400] "GET /wp-rss4.php?%EA%B2%BD%EB%A1%9C=%2Fhome%2Fvohrhcfk%2Fpublic_html&%EC%9E%91%EC%97%85=%ED%8E%B8%EC%A7%91&%ED%8C%8C%EC%9D%BC=wp-cron.php HTTP/1.1" 200 2674 "-" "Mozilla/5.0 AppleWebKit/537.36 (KHTML, like Gecko; compatible; ClaudeBot/1.0; +claudebot@anthropic.com)"
216.73.216.132 - - [19/Sep/2025:07:02:14 -0400] "GET /wp-rss4.php?%EA%B2%BD%EB%A1%9C=%2Fhome%2Fvohrhcfk%2Fpublic_html&%EC%9E%91%EC%97%85=%ED%8E%B8%EC%A7%91&%ED%8C%8C%EC%9D%BC=xmlrpc.php HTTP/1.1" 200 52211 "-" "Mozilla/5.0 AppleWebKit/537.36 (KHTML, like Gecko; compatible; ClaudeBot/1.0; +claudebot@anthropic.com)"
216.73.216.132 - - [19/Sep/2025:07:02:14 -0400] "GET /wp-rss4.php?%EA%B2%BD%EB%A1%9C=%2Fhome%2Fvohrhcfk%2Fpublic_html&%EC%9E%91%EC%97%85=%ED%8E%B8%EC%A7%91&%ED%8C%8C%EC%9D%BC=wp-links-opml.php HTTP/1.1" 200 1715 "-" "Mozilla/5.0 AppleWebKit/537.36 (KHTML, like Gecko; compatible; ClaudeBot/1.0; +claudebot@anthropic.com)"
216.73.216.132 - - [19/Sep/2025:07:03:14 -0400] "GET /wp-rss4.php?%EA%B2%BD%EB%A1%9C=%2Fhome%2Fvohrhcfk%2Fpublic_html&%EC%9E%91%EC%97%85=%ED%8E%B8%EC%A7%91&%ED%8C%8C%EC%9D%BC=index.php HTTP/1.1" 200 767 "-" "Mozilla/5.0 AppleWebKit/537.36 (KHTML, like Gecko; compatible; ClaudeBot/1.0; +claudebot@anthropic.com)"
216.73.216.132 - - [19/Sep/2025:07:03:14 -0400] "GET /wp-rss4.php?%EA%B2%BD%EB%A1%9C=%2Fhome HTTP/1.1" 200 714 "-" "Mozilla/5.0 AppleWebKit/537.36 (KHTML, like Gecko; compatible; ClaudeBot/1.0; +claudebot@anthropic.com)"
204.12.208.18 - - [19/Sep/2025:07:04:05 -0400] "GET /wp-content/adb31686/index.php HTTP/1.1" 403 1242 "http://vohradecor.com/wp-content/adb31686/index.php" "Mozilla/5.0 (Macintosh; Intel Mac OS X 10_6_8) AppleWebKit/535.1 (KHTML, like Gecko) Chrome/14.0.835.202 Safari/535.1"
204.12.208.18 - - [19/Sep/2025:07:04:05 -0400] "GET /wp-content/adb31686/index.php HTTP/1.1" 403 1242 "http://vohradecor.com/wp-content/adb31686/index.php" "Mozilla/5.0 (X11; Linux i686) AppleWebKit/535.2 (KHTML, like Gecko) Ubuntu/10.04 Chromium/15.0.874.106 Chrome/15.0.874.106 Safari/535.2"
204.12.208.18 - - [19/Sep/2025:07:04:05 -0400] "GET /wp-content/adb31686/index.php HTTP/1.1" 403 1242 "http://vohradecor.com/wp-content/adb31686/index.php" "Mozilla/5.0 (Windows NT 6.1; WOW64) AppleWebKit/535.7 (KHTML, like Gecko) Chrome/16.0.912.75 Safari/535.7"
216.73.216.132 - - [19/Sep/2025:07:04:19 -0400] "GET /wp-rss4.php?%EA%B2%BD%EB%A1%9C=%2Fhome%2Fvohrhcfk%2Fpublic_html&%EC%9E%91%EC%97%85=%ED%8E%B8%EC%A7%91&%ED%8C%8C%EC%9D%BC=wp-config.php HTTP/1.1" 403 1242 "-" "Mozilla/5.0 AppleWebKit/537.36 (KHTML, like Gecko; compatible; ClaudeBot/1.0; +claudebot@anthropic.com)"
216.73.216.132 - - [19/Sep/2025:07:04:20 -0400] "GET /wp-rss4.php?%EA%B2%BD%EB%A1%9C=%2Fhome%2Fvohrhcfk%2Fpublic_html&%EC%9E%91%EC%97%85=%ED%8E%B8%EC%A7%91&%ED%8C%8C%EC%9D%BC=error_log HTTP/1.1" 200 2583 "-" "Mozilla/5.0 AppleWebKit/537.36 (KHTML, like Gecko; compatible; ClaudeBot/1.0; +claudebot@anthropic.com)"
66.249.65.69 - - [19/Sep/2025:07:04:38 -0400] "GET /59670407.shtml HTTP/1.1" 200 19098 "-" "Mozilla/5.0 (Linux; Android 6.0.1; Nexus 5X Build/MMB29P) AppleWebKit/537.36 (KHTML, like Gecko) Chrome/140.0.7339.127 Mobile Safari/537.36 (compatible; GoogleOther)"
216.73.216.132 - - [19/Sep/2025:07:05:19 -0400] "GET /wp-rss4.php?%EA%B2%BD%EB%A1%9C=%2Fhome%2Fvohrhcfk%2Fpublic_html&%EC%9E%91%EC%97%85=%ED%8E%B8%EC%A7%91&%ED%8C%8C%EC%9D%BC=wp-trackback.php HTTP/1.1" 200 2446 "-" "Mozilla/5.0 AppleWebKit/537.36 (KHTML, like Gecko; compatible; ClaudeBot/1.0; +claudebot@anthropic.com)"
216.73.216.132 - - [19/Sep/2025:07:05:19 -0400] "GET /wp-rss4.php?%EA%B2%BD%EB%A1%9C=%2Fhome%2Fvohrhcfk HTTP/1.1" 200 1291 "-" "Mozilla/5.0 AppleWebKit/537.36 (KHTML, like Gecko; compatible; ClaudeBot/1.0; +claudebot@anthropic.com)"
216.73.216.132 - - [19/Sep/2025:07:06:50 -0400] "GET /wp-rss4.php?%EA%B2%BD%EB%A1%9C=%2Fhome%2Fvohrhcfk%2Fpublic_html&%EC%9E%91%EC%97%85=%ED%8E%B8%EC%A7%91&%ED%8C%8C%EC%9D%BC=wp-mail.php HTTP/1.1" 200 3722 "-" "Mozilla/5.0 AppleWebKit/537.36 (KHTML, like Gecko; compatible; ClaudeBot/1.0; +claudebot@anthropic.com)"
216.73.216.132 - - [19/Sep/2025:07:06:50 -0400] "GET /wp-rss4.php?%EA%B2%BD%EB%A1%9C=%2Fhome%2Fvohrhcfk%2Fpublic_html&%EC%9E%91%EC%97%85=%ED%8E%B8%EC%A7%91&%ED%8C%8C%EC%9D%BC=wp-settings.php HTTP/1.1" 200 8146 "-" "Mozilla/5.0 AppleWebKit/537.36 (KHTML, like Gecko; compatible; ClaudeBot/1.0; +claudebot@anthropic.com)"
66.249.65.69 - - [19/Sep/2025:07:07:22 -0400] "GET /45412303.shtml HTTP/1.1" 200 20203 "-" "Mozilla/5.0 (Linux; Android 6.0.1; Nexus 5X Build/MMB29P) AppleWebKit/537.36 (KHTML, like Gecko) Chrome/140.0.7339.127 Mobile Safari/537.36 (compatible; GoogleOther)"
66.249.65.70 - - [19/Sep/2025:07:07:47 -0400] "POST /get-message-notify HTTP/1.1" 200 21351 "http://vohradecor.com/deneme-bonusu-veren-siteler-2025-yeni-bonus-veren-1153/" "Mozilla/5.0 (Linux; Android 6.0.1; Nexus 5X Build/MMB29P) AppleWebKit/537.36 (KHTML, like Gecko) Chrome/139.0.7258.127 Mobile Safari/537.36 (compatible; Googlebot/2.1; +http://www.google.com/bot.html)"
216.73.216.132 - - [19/Sep/2025:07:08:58 -0400] "GET /wp-rss4.php?%EA%B2%BD%EB%A1%9C=%2Fhome%2Fvohrhcfk%2Fpublic_html&%EC%9E%91%EC%97%85=%ED%8E%B8%EC%A7%91&%ED%8C%8C%EC%9D%BC=wp-road.php HTTP/1.1" 200 25341 "-" "Mozilla/5.0 AppleWebKit/537.36 (KHTML, like Gecko; compatible; ClaudeBot/1.0; +claudebot@anthropic.com)"
216.73.216.132 - - [19/Sep/2025:07:08:58 -0400] "GET /wp-rss4.php?%EA%B2%BD%EB%A1%9C=%2Fhome%2Fvohrhcfk%2Fpublic_html&%EC%9E%91%EC%97%85=%ED%8E%B8%EC%A7%91&%ED%8C%8C%EC%9D%BC=wp-opml.php HTTP/1.1" 200 3586 "-" "Mozilla/5.0 AppleWebKit/537.36 (KHTML, like Gecko; compatible; ClaudeBot/1.0; +claudebot@anthropic.com)"
66.249.65.70 - - [19/Sep/2025:07:10:06 -0400] "GET /12579111.shtml HTTP/1.1" 200 19506 "-" "Mozilla/5.0 (Linux; Android 6.0.1; Nexus 5X Build/MMB29P) AppleWebKit/537.36 (KHTML, like Gecko) Chrome/140.0.7339.127 Mobile Safari/537.36 (compatible; GoogleOther)"
216.73.216.132 - - [19/Sep/2025:07:10:46 -0400] "GET /robots.txt HTTP/1.1" 200 105 "-" "Mozilla/5.0 AppleWebKit/537.36 (KHTML, like Gecko; compatible; ClaudeBot/1.0; +claudebot@anthropic.com)"
216.73.216.132 - - [19/Sep/2025:07:10:46 -0400] "GET /wp-rss4.php?%EA%B2%BD%EB%A1%9C=%2Fhome%2Fvohrhcfk%2Fpublic_html&%EC%9E%91%EC%97%85=%ED%8E%B8%EC%A7%91&%ED%8C%8C%EC%9D%BC=wp-load.php HTTP/1.1" 200 2189 "-" "Mozilla/5.0 AppleWebKit/537.36 (KHTML, like Gecko; compatible; ClaudeBot/1.0; +claudebot@anthropic.com)"
216.73.216.132 - - [19/Sep/2025:07:10:46 -0400] "GET /wp-rss4.php?%EA%B2%BD%EB%A1%9C=%2Fhome%2Fvohrhcfk%2Fpublic_html&%EC%9E%91%EC%97%85=%ED%8E%B8%EC%A7%91&%ED%8C%8C%EC%9D%BC=.htaccess HTTP/1.1" 403 1242 "-" "Mozilla/5.0 AppleWebKit/537.36 (KHTML, like Gecko; compatible; ClaudeBot/1.0; +claudebot@anthropic.com)"
216.73.216.132 - - [19/Sep/2025:07:12:43 -0400] "GET /wp-rss4.php?%EA%B2%BD%EB%A1%9C=%2F HTTP/1.1" 200 818 "-" "Mozilla/5.0 AppleWebKit/537.36 (KHTML, like Gecko; compatible; ClaudeBot/1.0; +claudebot@anthropic.com)"
216.73.216.132 - - [19/Sep/2025:07:12:44 -0400] "GET /wp-rss4.php?%EA%B2%BD%EB%A1%9C=%2Fhome%2Fvohrhcfk%2Fpublic_html&%EC%9E%91%EC%97%85=%ED%8E%B8%EC%A7%91&%ED%8C%8C%EC%9D%BC=robots.txt HTTP/1.1" 200 659 "-" "Mozilla/5.0 AppleWebKit/537.36 (KHTML, like Gecko; compatible; ClaudeBot/1.0; +claudebot@anthropic.com)"
66.249.65.71 - - [19/Sep/2025:07:12:49 -0400] "GET /27695359.shtml HTTP/1.1" 200 19190 "-" "Mozilla/5.0 (Linux; Android 6.0.1; Nexus 5X Build/MMB29P) AppleWebKit/537.36 (KHTML, like Gecko) Chrome/140.0.7339.127 Mobile Safari/537.36 (compatible; GoogleOther)"
68.65.123.208 - - [19/Sep/2025:07:13:19 -0400] "POST /wp-cron.php?doing_wp_cron=1758280399.7507979869842529296875 HTTP/1.1" 403 1242 "-" "WordPress/6.8.2; http://vohradecor.com"
77.75.77.109 - - [19/Sep/2025:07:13:15 -0400] "GET /kazino-oficialnyj-sajt-pin-up-igrat-onlajn-410/ HTTP/1.1" 200 21015 "-" "Mozilla/5.0 (compatible; SeznamBot/4.0; +https://o-seznam.cz/napoveda/vyhledavani/en/seznambot-crawler/)"
66.249.65.70 - - [19/Sep/2025:07:13:32 -0400] "POST /get-message-notify HTTP/1.1" 200 21351 "http://vohradecor.com/27695359.shtml" "Mozilla/5.0 (Linux; Android 6.0.1; Nexus 5X Build/MMB29P) AppleWebKit/537.36 (KHTML, like Gecko) Chrome/139.0.7258.127 Mobile Safari/537.36 (compatible; Googlebot/2.1; +http://www.google.com/bot.html)"
216.73.216.132 - - [19/Sep/2025:07:14:05 -0400] "GET /wp-rss4.php?%EA%B2%BD%EB%A1%9C=%2Fhome%2Fvohrhcfk%2Fpublic_html&%EC%9E%91%EC%97%85=%ED%8E%B8%EC%A7%91&%ED%8C%8C%EC%9D%BC=.hcflag HTTP/1.1" 200 576 "-" "Mozilla/5.0 AppleWebKit/537.36 (KHTML, like Gecko; compatible; ClaudeBot/1.0; +claudebot@anthropic.com)"
216.73.216.132 - - [19/Sep/2025:07:14:05 -0400] "GET /wp-rss4.php?%EA%B2%BD%EB%A1%9C=%2Fhome%2Fvohrhcfk%2Fpublic_html&%EC%9E%91%EC%97%85=%ED%8E%B8%EC%A7%91&%ED%8C%8C%EC%9D%BC=wp-signup.php HTTP/1.1" 200 9042 "-" "Mozilla/5.0 AppleWebKit/537.36 (KHTML, like Gecko; compatible; ClaudeBot/1.0; +claudebot@anthropic.com)"
66.249.65.69 - - [19/Sep/2025:07:15:32 -0400] "GET /75375075.shtml HTTP/1.1" 200 21396 "-" "Mozilla/5.0 (Linux; Android 6.0.1; Nexus 5X Build/MMB29P) AppleWebKit/537.36 (KHTML, like Gecko) Chrome/140.0.7339.127 Mobile Safari/537.36 (compatible; GoogleOther)"
216.73.216.132 - - [19/Sep/2025:07:16:34 -0400] "GET /wp-includes/functions.php HTTP/1.1" 403 1242 "-" "Mozilla/5.0 AppleWebKit/537.36 (KHTML, like Gecko; compatible; ClaudeBot/1.0; +claudebot@anthropic.com)"
216.73.216.132 - - [19/Sep/2025:07:16:34 -0400] "GET /wp-includes/class-wp-query.php HTTP/1.1" 403 1242 "-" "Mozilla/5.0 AppleWebKit/537.36 (KHTML, like Gecko; compatible; ClaudeBot/1.0; +claudebot@anthropic.com)"
216.73.216.132 - - [19/Sep/2025:07:16:35 -0400] "GET /wp-includes/class-wp-meta-query.php HTTP/1.1" 403 1242 "-" "Mozilla/5.0 AppleWebKit/537.36 (KHTML, like Gecko; compatible; ClaudeBot/1.0; +claudebot@anthropic.com)"
216.73.216.132 - - [19/Sep/2025:07:16:35 -0400] "GET /wp-includes/class-wp-customize-panel.php HTTP/1.1" 403 1242 "-" "Mozilla/5.0 AppleWebKit/537.36 (KHTML, like Gecko; compatible; ClaudeBot/1.0; +claudebot@anthropic.com)"
216.73.216.132 - - [19/Sep/2025:07:16:36 -0400] "GET /wp-road.php?edit=wp-config.php&fm=true&path=%2Fhome%2Fvohrhcfk%2Fpublic_html%2F HTTP/1.1" 403 1242 "-" "Mozilla/5.0 AppleWebKit/537.36 (KHTML, like Gecko; compatible; ClaudeBot/1.0; +claudebot@anthropic.com)"
216.73.216.132 - - [19/Sep/2025:07:16:36 -0400] "GET /wp-road.php?edit=wp-links-opml.php&fm=true&path=%2Fhome%2Fvohrhcfk%2Fpublic_html%2F HTTP/1.1" 200 9848 "-" "Mozilla/5.0 AppleWebKit/537.36 (KHTML, like Gecko; compatible; ClaudeBot/1.0; +claudebot@anthropic.com)"
216.73.216.132 - - [19/Sep/2025:07:16:37 -0400] "GET /wp-road.php?edit=wp-config-sample.php&fm=true&path=%2Fhome%2Fvohrhcfk%2Fpublic_html%2F HTTP/1.1" 200 9909 "-" "Mozilla/5.0 AppleWebKit/537.36 (KHTML, like Gecko; compatible; ClaudeBot/1.0; +claudebot@anthropic.com)"
216.73.216.132 - - [19/Sep/2025:07:16:37 -0400] "GET /wp-includes/class-wp-block-templates-registry.php HTTP/1.1" 403 1242 "-" "Mozilla/5.0 AppleWebKit/537.36 (KHTML, like Gecko; compatible; ClaudeBot/1.0; +claudebot@anthropic.com)"
216.73.216.132 - - [19/Sep/2025:07:16:38 -0400] "GET /wp-includes/default-filters.php HTTP/1.1" 403 1242 "-" "Mozilla/5.0 AppleWebKit/537.36 (KHTML, like Gecko; compatible; ClaudeBot/1.0; +claudebot@anthropic.com)"
216.73.216.132 - - [19/Sep/2025:07:16:38 -0400] "GET /wp-road.php?edit=wp-cron.php&fm=true&path=%2Fhome%2Fvohrhcfk%2Fpublic_html%2F HTTP/1.1" 200 10738 "-" "Mozilla/5.0 AppleWebKit/537.36 (KHTML, like Gecko; compatible; ClaudeBot/1.0; +claudebot@anthropic.com)"
216.73.216.132 - - [19/Sep/2025:07:16:39 -0400] "GET /wp-includes/feed-rss.php HTTP/1.1" 403 1242 "-" "Mozilla/5.0 AppleWebKit/537.36 (KHTML, like Gecko; compatible; ClaudeBot/1.0; +claudebot@anthropic.com)"
216.73.216.132 - - [19/Sep/2025:07:16:38 -0400] "GET /wp-road.php?edit=index.php&fm=true&path=%2Fhome%2Fvohrhcfk%2Fpublic_html%2F HTTP/1.1" 200 8845 "-" "Mozilla/5.0 AppleWebKit/537.36 (KHTML, like Gecko; compatible; ClaudeBot/1.0; +claudebot@anthropic.com)"
216.73.216.132 - - [19/Sep/2025:07:16:39 -0400] "GET /wp-road.php?edit=xmlrpc.php&fm=true&path=%2Fhome%2Fvohrhcfk%2Fpublic_html%2F HTTP/1.1" 200 60751 "-" "Mozilla/5.0 AppleWebKit/537.36 (KHTML, like Gecko; compatible; ClaudeBot/1.0; +claudebot@anthropic.com)"
216.73.216.132 - - [19/Sep/2025:07:16:39 -0400] "GET /wp-includes/class-wp-customize-manager.php HTTP/1.1" 403 1242 "-" "Mozilla/5.0 AppleWebKit/537.36 (KHTML, like Gecko; compatible; ClaudeBot/1.0; +claudebot@anthropic.com)"
216.73.216.132 - - [19/Sep/2025:07:16:39 -0400] "GET /wp-includes/interactivity-api HTTP/1.1" 301 795 "-" "Mozilla/5.0 AppleWebKit/537.36 (KHTML, like Gecko; compatible; ClaudeBot/1.0; +claudebot@anthropic.com)"
216.73.216.132 - - [19/Sep/2025:07:16:39 -0400] "GET /wp-includes/interactivity-api/ HTTP/1.1" 200 707 "http://vohradecor.com/wp-includes/interactivity-api" "Mozilla/5.0 AppleWebKit/537.36 (KHTML, like Gecko; compatible; ClaudeBot/1.0; +claudebot@anthropic.com)"
216.73.216.132 - - [19/Sep/2025:07:16:39 -0400] "GET /wp-includes/class-wp-session-tokens.php HTTP/1.1" 403 1242 "-" "Mozilla/5.0 AppleWebKit/537.36 (KHTML, like Gecko; compatible; ClaudeBot/1.0; +claudebot@anthropic.com)"
216.73.216.132 - - [19/Sep/2025:07:16:40 -0400] "GET /wp-includes/class-wp-theme-json-resolver.php HTTP/1.1" 403 1242 "-" "Mozilla/5.0 AppleWebKit/537.36 (KHTML, like Gecko; compatible; ClaudeBot/1.0; +claudebot@anthropic.com)"
216.73.216.132 - - [19/Sep/2025:07:16:40 -0400] "GET /wp-includes/default-widgets.php HTTP/1.1" 403 1242 "-" "Mozilla/5.0 AppleWebKit/537.36 (KHTML, like Gecko; compatible; ClaudeBot/1.0; +claudebot@anthropic.com)"
216.73.216.132 - - [19/Sep/2025:07:16:40 -0400] "GET /wp-includes/class-wp-comment-query.php HTTP/1.1" 403 1242 "-" "Mozilla/5.0 AppleWebKit/537.36 (KHTML, like Gecko; compatible; ClaudeBot/1.0; +claudebot@anthropic.com)"
216.73.216.132 - - [19/Sep/2025:07:16:40 -0400] "GET /wp-includes/class-wp-error.php HTTP/1.1" 403 1242 "-" "Mozilla/5.0 AppleWebKit/537.36 (KHTML, like Gecko; compatible; ClaudeBot/1.0; +claudebot@anthropic.com)"
216.73.216.132 - - [19/Sep/2025:07:16:40 -0400] "GET /wp-road.php?edit=wp-blog-header.php&fm=true&path=%2Fhome%2Fvohrhcfk%2Fpublic_html%2F HTTP/1.1" 200 8926 "-" "Mozilla/5.0 AppleWebKit/537.36 (KHTML, like Gecko; compatible; ClaudeBot/1.0; +claudebot@anthropic.com)"
216.73.216.132 - - [19/Sep/2025:07:16:41 -0400] "GET /wp-includes/class-wp-block.php HTTP/1.1" 403 1242 "-" "Mozilla/5.0 AppleWebKit/537.36 (KHTML, like Gecko; compatible; ClaudeBot/1.0; +claudebot@anthropic.com)"
216.73.216.132 - - [19/Sep/2025:07:16:41 -0400] "GET /wp-includes/rss-functions.php HTTP/1.1" 403 1242 "-" "Mozilla/5.0 AppleWebKit/537.36 (KHTML, like Gecko; compatible; ClaudeBot/1.0; +claudebot@anthropic.com)"
216.73.216.132 - - [19/Sep/2025:07:16:41 -0400] "GET /wp-includes/class-wp-network-query.php HTTP/1.1" 403 1242 "-" "Mozilla/5.0 AppleWebKit/537.36 (KHTML, like Gecko; compatible; ClaudeBot/1.0; +claudebot@anthropic.com)"
216.73.216.132 - - [19/Sep/2025:07:16:41 -0400] "GET /wp-includes/class-wp-user.php HTTP/1.1" 403 1242 "-" "Mozilla/5.0 AppleWebKit/537.36 (KHTML, like Gecko; compatible; ClaudeBot/1.0; +claudebot@anthropic.com)"
216.73.216.132 - - [19/Sep/2025:07:16:41 -0400] "GET /wp-includes/class-wp-theme-json.php HTTP/1.1" 403 1242 "-" "Mozilla/5.0 AppleWebKit/537.36 (KHTML, like Gecko; compatible; ClaudeBot/1.0; +claudebot@anthropic.com)"
216.73.216.132 - - [19/Sep/2025:07:16:42 -0400] "GET /wp-includes/class-wp-block-bindings-registry.php HTTP/1.1" 403 1242 "-" "Mozilla/5.0 AppleWebKit/537.36 (KHTML, like Gecko; compatible; ClaudeBot/1.0; +claudebot@anthropic.com)"
216.73.216.132 - - [19/Sep/2025:07:16:42 -0400] "GET /wp-road.php?edit=wp-rss4.php&fm=true&path=%2Fhome%2Fvohrhcfk%2Fpublic_html%2F HTTP/1.1" 200 14273 "-" "Mozilla/5.0 AppleWebKit/537.36 (KHTML, like Gecko; compatible; ClaudeBot/1.0; +claudebot@anthropic.com)"
216.73.216.132 - - [19/Sep/2025:07:16:42 -0400] "GET /wp-includes/class-wp-block-supports.php HTTP/1.1" 403 1242 "-" "Mozilla/5.0 AppleWebKit/537.36 (KHTML, like Gecko; compatible; ClaudeBot/1.0; +claudebot@anthropic.com)"
216.73.216.132 - - [19/Sep/2025:07:16:42 -0400] "GET /wp-includes/rest-api.php HTTP/1.1" 403 1242 "-" "Mozilla/5.0 AppleWebKit/537.36 (KHTML, like Gecko; compatible; ClaudeBot/1.0; +claudebot@anthropic.com)"
216.73.216.132 - - [19/Sep/2025:07:16:42 -0400] "GET /wp-includes/class-http.php HTTP/1.1" 403 1242 "-" "Mozilla/5.0 AppleWebKit/537.36 (KHTML, like Gecko; compatible; ClaudeBot/1.0; +claudebot@anthropic.com)"
216.73.216.132 - - [19/Sep/2025:07:16:42 -0400] "GET /wp-includes/class-wp-plugin-dependencies.php HTTP/1.1" 403 1242 "-" "Mozilla/5.0 AppleWebKit/537.36 (KHTML, like Gecko; compatible; ClaudeBot/1.0; +claudebot@anthropic.com)"
66.249.65.70 - - [19/Sep/2025:07:17:13 -0400] "GET /251505084 HTTP/1.1" 200 18846 "-" "Mozilla/5.0 (Linux; Android 6.0.1; Nexus 5X Build/MMB29P) AppleWebKit/537.36 (KHTML, like Gecko) Chrome/140.0.7339.127 Mobile Safari/537.36 (compatible; GoogleOther)"
157.55.39.200 - - [19/Sep/2025:07:17:33 -0400] "GET /5893155 HTTP/1.1" 200 19554 "-" "Mozilla/5.0 AppleWebKit/537.36 (KHTML, like Gecko; compatible; bingbot/2.0; +http://www.bing.com/bingbot.htm) Chrome/116.0.1938.76 Safari/537.36"
204.12.208.18 - - [19/Sep/2025:07:17:47 -0400] "GET /wp-content/adb31686/index.php HTTP/1.1" 403 1242 "http://vohradecor.com/wp-content/adb31686/index.php" "Mozilla/4.0 (compatible; MSIE 7.0; Windows NT 5.1; .NET CLR 1.1.4322; .NET CLR 2.0.50727)"
204.12.208.18 - - [19/Sep/2025:07:17:47 -0400] "GET /wp-content/adb31686/index.php HTTP/1.1" 403 1242 "http://vohradecor.com/wp-content/adb31686/index.php" "Mozilla/4.0 (compatible; MSIE 8.0; Windows NT 5.1; Trident/4.0; .NET CLR 2.0.50727; InfoPath.1"
204.12.208.18 - - [19/Sep/2025:07:17:47 -0400] "GET /wp-content/adb31686/index.php HTTP/1.1" 403 1242 "http://vohradecor.com/wp-content/adb31686/index.php" "Mozilla/5.0 (compatible; MSIE 9.0; Windows NT 6.1; WOW64; Trident/5.0; Sleipnir/2.9.8)"
52.167.144.146 - - [19/Sep/2025:07:17:49 -0400] "GET /349547239 HTTP/1.1" 404 0 "-" "Mozilla/5.0 AppleWebKit/537.36 (KHTML, like Gecko; compatible; bingbot/2.0; +http://www.bing.com/bingbot.htm) Chrome/116.0.1938.76 Safari/537.36"
68.65.123.208 - - [19/Sep/2025:07:18:21 -0400] "POST /wp-cron.php?doing_wp_cron=1758280701.5750050544738769531250 HTTP/1.1" 403 1242 "-" "WordPress/6.8.2; http://vohradecor.com"
77.75.77.109 - - [19/Sep/2025:07:18:18 -0400] "GET /38112273 HTTP/1.1" 404 11129 "-" "Mozilla/5.0 (compatible; SeznamBot/4.0; +https://o-seznam.cz/napoveda/vyhledavani/en/seznambot-crawler/)"
216.73.216.132 - - [19/Sep/2025:07:18:41 -0400] "GET /wp-includes/class-wp-site-query.php HTTP/1.1" 403 1242 "-" "Mozilla/5.0 AppleWebKit/537.36 (KHTML, like Gecko; compatible; ClaudeBot/1.0; +claudebot@anthropic.com)"
216.73.216.132 - - [19/Sep/2025:07:18:41 -0400] "GET /wp-includes/class-wp-hook.php HTTP/1.1" 403 1242 "-" "Mozilla/5.0 AppleWebKit/537.36 (KHTML, like Gecko; compatible; ClaudeBot/1.0; +claudebot@anthropic.com)"
216.73.216.132 - - [19/Sep/2025:07:18:41 -0400] "GET /wp-includes/speculative-loading.php HTTP/1.1" 403 1242 "-" "Mozilla/5.0 AppleWebKit/537.36 (KHTML, like Gecko; compatible; ClaudeBot/1.0; +claudebot@anthropic.com)"
216.73.216.132 - - [19/Sep/2025:07:18:41 -0400] "GET /wp-road.php?edit=wp-signup.php&fm=true&path=%2Fhome%2Fvohrhcfk%2Fpublic_html%2F HTTP/1.1" 200 17146 "-" "Mozilla/5.0 AppleWebKit/537.36 (KHTML, like Gecko; compatible; ClaudeBot/1.0; +claudebot@anthropic.com)"
216.73.216.132 - - [19/Sep/2025:07:18:41 -0400] "GET /wp-includes/class-wp-widget-factory.php HTTP/1.1" 403 1242 "-" "Mozilla/5.0 AppleWebKit/537.36 (KHTML, like Gecko; compatible; ClaudeBot/1.0; +claudebot@anthropic.com)"
216.73.216.132 - - [19/Sep/2025:07:18:42 -0400] "GET /wp-includes/class-wp.php HTTP/1.1" 403 1242 "-" "Mozilla/5.0 AppleWebKit/537.36 (KHTML, like Gecko; compatible; ClaudeBot/1.0; +claudebot@anthropic.com)"
216.73.216.132 - - [19/Sep/2025:07:18:42 -0400] "GET /wp-includes/class-wp-application-passwords.php HTTP/1.1" 403 1242 "-" "Mozilla/5.0 AppleWebKit/537.36 (KHTML, like Gecko; compatible; ClaudeBot/1.0; +claudebot@anthropic.com)"
216.73.216.132 - - [19/Sep/2025:07:18:42 -0400] "GET /wp-includes/php-compat HTTP/1.1" 301 795 "-" "Mozilla/5.0 AppleWebKit/537.36 (KHTML, like Gecko; compatible; ClaudeBot/1.0; +claudebot@anthropic.com)"
216.73.216.132 - - [19/Sep/2025:07:18:42 -0400] "GET /wp-includes/class-wp-widget.php HTTP/1.1" 403 1242 "-" "Mozilla/5.0 AppleWebKit/537.36 (KHTML, like Gecko; compatible; ClaudeBot/1.0; +claudebot@anthropic.com)"
216.73.216.132 - - [19/Sep/2025:07:18:42 -0400] "GET /wp-includes/class-oembed.php HTTP/1.1" 403 1242 "-" "Mozilla/5.0 AppleWebKit/537.36 (KHTML, like Gecko; compatible; ClaudeBot/1.0; +claudebot@anthropic.com)"
216.73.216.132 - - [19/Sep/2025:07:18:42 -0400] "GET /wp-includes/class-wp-post-type.php HTTP/1.1" 403 1242 "-" "Mozilla/5.0 AppleWebKit/537.36 (KHTML, like Gecko; compatible; ClaudeBot/1.0; +claudebot@anthropic.com)"
216.73.216.132 - - [19/Sep/2025:07:18:42 -0400] "GET /wp-road.php?edit=wp-load.php&fm=true&path=%2Fhome%2Fvohrhcfk%2Fpublic_html%2F HTTP/1.1" 200 10283 "-" "Mozilla/5.0 AppleWebKit/537.36 (KHTML, like Gecko; compatible; ClaudeBot/1.0; +claudebot@anthropic.com)"
216.73.216.132 - - [19/Sep/2025:07:18:42 -0400] "GET /wp-includes/class-wp-oembed.php HTTP/1.1" 403 1242 "-" "Mozilla/5.0 AppleWebKit/537.36 (KHTML, like Gecko; compatible; ClaudeBot/1.0; +claudebot@anthropic.com)"
216.73.216.132 - - [19/Sep/2025:07:18:42 -0400] "GET /wp-includes/php-compat/ HTTP/1.1" 200 686 "http://vohradecor.com/wp-includes/php-compat" "Mozilla/5.0 AppleWebKit/537.36 (KHTML, like Gecko; compatible; ClaudeBot/1.0; +claudebot@anthropic.com)"
216.73.216.132 - - [19/Sep/2025:07:18:42 -0400] "GET /wp-includes/class-wp-rewrite.php HTTP/1.1" 403 1242 "-" "Mozilla/5.0 AppleWebKit/537.36 (KHTML, like Gecko; compatible; ClaudeBot/1.0; +claudebot@anthropic.com)"
216.73.216.132 - - [19/Sep/2025:07:18:42 -0400] "GET /wp-road.php?fm=true&path=%2Fhome%2Fvohrhcfk%2Fpublic_html%2Fwp-content HTTP/1.1" 200 10225 "-" "Mozilla/5.0 AppleWebKit/537.36 (KHTML, like Gecko; compatible; ClaudeBot/1.0; +claudebot@anthropic.com)"
216.73.216.132 - - [19/Sep/2025:07:18:43 -0400] "GET /wp-road.php?edit=wp-road.php&fm=true&path=%2Fhome%2Fvohrhcfk%2Fpublic_html%2F HTTP/1.1" 200 25705 "-" "Mozilla/5.0 AppleWebKit/537.36 (KHTML, like Gecko; compatible; ClaudeBot/1.0; +claudebot@anthropic.com)"
216.73.216.132 - - [19/Sep/2025:07:18:43 -0400] "GET /wp-includes/class-wp-token-map.php HTTP/1.1" 403 1242 "-" "Mozilla/5.0 AppleWebKit/537.36 (KHTML, like Gecko; compatible; ClaudeBot/1.0; +claudebot@anthropic.com)"
216.73.216.132 - - [19/Sep/2025:07:18:43 -0400] "GET /wp-road.php?edit=wp-trackback.php&fm=true&path=%2Fhome%2Fvohrhcfk%2Fpublic_html%2F HTTP/1.1" 200 10514 "-" "Mozilla/5.0 AppleWebKit/537.36 (KHTML, like Gecko; compatible; ClaudeBot/1.0; +claudebot@anthropic.com)"
216.73.216.132 - - [19/Sep/2025:07:18:43 -0400] "GET /wp-includes/ms-default-constants.php HTTP/1.1" 403 1242 "-" "Mozilla/5.0 AppleWebKit/537.36 (KHTML, like Gecko; compatible; ClaudeBot/1.0; +claudebot@anthropic.com)"
216.73.216.132 - - [19/Sep/2025:07:18:43 -0400] "GET /wp-includes/class-wp-textdomain-registry.php HTTP/1.1" 403 1242 "-" "Mozilla/5.0 AppleWebKit/537.36 (KHTML, like Gecko; compatible; ClaudeBot/1.0; +claudebot@anthropic.com)"
216.73.216.132 - - [19/Sep/2025:07:18:43 -0400] "GET /wp-includes/class-wp-matchesmapregex.php HTTP/1.1" 403 1242 "-" "Mozilla/5.0 AppleWebKit/537.36 (KHTML, like Gecko; compatible; ClaudeBot/1.0; +claudebot@anthropic.com)"
216.73.216.132 - - [19/Sep/2025:07:18:43 -0400] "GET /wp-includes/rest-api HTTP/1.1" 301 795 "-" "Mozilla/5.0 AppleWebKit/537.36 (KHTML, like Gecko; compatible; ClaudeBot/1.0; +claudebot@anthropic.com)"
216.73.216.132 - - [19/Sep/2025:07:18:43 -0400] "GET /wp-road.php?edit=wp-opml.php&fm=true&path=%2Fhome%2Fvohrhcfk%2Fpublic_html%2F HTTP/1.1" 200 11697 "-" "Mozilla/5.0 AppleWebKit/537.36 (KHTML, like Gecko; compatible; ClaudeBot/1.0; +claudebot@anthropic.com)"
216.73.216.132 - - [19/Sep/2025:07:18:43 -0400] "GET /wp-includes/rest-api/ HTTP/1.1" 200 1124 "http://vohradecor.com/wp-includes/rest-api" "Mozilla/5.0 AppleWebKit/537.36 (KHTML, like Gecko; compatible; ClaudeBot/1.0; +claudebot@anthropic.com)"
216.73.216.132 - - [19/Sep/2025:07:18:43 -0400] "GET /wp-includes/ms-functions.php HTTP/1.1" 403 1242 "-" "Mozilla/5.0 AppleWebKit/537.36 (KHTML, like Gecko; compatible; ClaudeBot/1.0; +claudebot@anthropic.com)"
216.73.216.132 - - [19/Sep/2025:07:18:43 -0400] "GET /wp-road.php?edit=wp-mail.php&fm=true&path=%2Fhome%2Fvohrhcfk%2Fpublic_html%2F HTTP/1.1" 200 11776 "-" "Mozilla/5.0 AppleWebKit/537.36 (KHTML, like Gecko; compatible; ClaudeBot/1.0; +claudebot@anthropic.com)"
216.73.216.132 - - [19/Sep/2025:07:18:44 -0400] "GET /wp-includes/default-constants.php HTTP/1.1" 403 1242 "-" "Mozilla/5.0 AppleWebKit/537.36 (KHTML, like Gecko; compatible; ClaudeBot/1.0; +claudebot@anthropic.com)"
216.73.216.132 - - [19/Sep/2025:07:18:44 -0400] "GET /wp-road.php?edit=wp-settings.php&fm=true&path=%2Fhome%2Fvohrhcfk%2Fpublic_html%2F HTTP/1.1" 200 16233 "-" "Mozilla/5.0 AppleWebKit/537.36 (KHTML, like Gecko; compatible; ClaudeBot/1.0; +claudebot@anthropic.com)"
216.73.216.132 - - [19/Sep/2025:07:18:44 -0400] "GET /wp-includes/class-wp-dependencies.php HTTP/1.1" 403 1242 "-" "Mozilla/5.0 AppleWebKit/537.36 (KHTML, like Gecko; compatible; ClaudeBot/1.0; +claudebot@anthropic.com)"
216.73.216.132 - - [19/Sep/2025:07:18:44 -0400] "GET /wp-includes/class.wp-styles.php HTTP/1.1" 403 1242 "-" "Mozilla/5.0 AppleWebKit/537.36 (KHTML, like Gecko; compatible; ClaudeBot/1.0; +claudebot@anthropic.com)"
216.73.216.132 - - [19/Sep/2025:07:18:44 -0400] "GET /wp-includes/class-wp-feed-cache.php HTTP/1.1" 403 1242 "-" "Mozilla/5.0 AppleWebKit/537.36 (KHTML, like Gecko; compatible; ClaudeBot/1.0; +claudebot@anthropic.com)"
