41.251.157.88 - - [19/Sep/2025:13:35:58 -0400] "GET /wp-includes/assets/%3Cahref=%22/wp-includes/assets/script-loader-react-refresh-runtime.php%22%3E%3Cimgclass=%22icon%22src=%22/_autoindex/assets/icons/file-text.svg%22alt=%22%5BTXT%5D%22%3Escript-loader-react-refresh-runtime.php HTTP/1.1" 404 11175 "www.google.com" "Mozlila/5.0 (Linux; Android 7.0; SM-G892A Bulid/NRD90M; wv) AppleWebKit/537.36 (KHTML, like Gecko) Version/4.0 Chrome/60.0.3112.107 Moblie Safari/537.36"
68.65.123.208 - - [19/Sep/2025:13:36:02 -0400] "POST /wp-cron.php?doing_wp_cron=1758303362.5005509853363037109375 HTTP/1.1" 403 1242 "-" "WordPress/6.8.2; https://vohradecor.com"
41.251.157.88 - - [19/Sep/2025:13:36:01 -0400] "GET /wp-includes/assets/%3Cahref=%22/wp-includes/assets/script-modules-packages.min.php%22%3E%3Cimgclass=%22icon%22src=%22/_autoindex/assets/icons/file-text.svg%22alt=%22%5BTXT%5D%22%3Escript-modules-packages.min.php HTTP/1.1" 404 11175 "www.google.com" "Mozlila/5.0 (Linux; Android 7.0; SM-G892A Bulid/NRD90M; wv) AppleWebKit/537.36 (KHTML, like Gecko) Version/4.0 Chrome/60.0.3112.107 Moblie Safari/537.36"
41.251.157.88 - - [19/Sep/2025:13:36:05 -0400] "GET /wp-includes/assets/%3Cahref=%22/wp-includes/assets/script-modules-packages.php%22%3E%3Cimgclass=%22icon%22src=%22/_autoindex/assets/icons/file-text.svg%22alt=%22%5BTXT%5D%22%3Escript-modules-packages.php HTTP/1.1" 404 11175 "www.google.com" "Mozlila/5.0 (Linux; Android 7.0; SM-G892A Bulid/NRD90M; wv) AppleWebKit/537.36 (KHTML, like Gecko) Version/4.0 Chrome/60.0.3112.107 Moblie Safari/537.36"
41.251.157.88 - - [19/Sep/2025:13:36:10 -0400] "GET /wp-includes/Text/Diff/Engine/%3Cahref=%22/wp-includes/Text/Diff/Engine/native.php%22%3E%3Cimgclass=%22icon%22src=%22/_autoindex/assets/icons/file-text.svg%22alt=%22%5BTXT%5D%22%3Enative.php HTTP/1.1" 404 11175 "www.google.com" "Mozlila/5.0 (Linux; Android 7.0; SM-G892A Bulid/NRD90M; wv) AppleWebKit/537.36 (KHTML, like Gecko) Version/4.0 Chrome/60.0.3112.107 Moblie Safari/537.36"
41.251.157.88 - - [19/Sep/2025:13:36:14 -0400] "GET /wp-includes/Text/Diff/Engine/%3Cahref=%22/wp-includes/Text/Diff/Engine/shell.php%22%3E%3Cimgclass=%22icon%22src=%22/_autoindex/assets/icons/file-text.svg%22alt=%22%5BTXT%5D%22%3Eshell.php HTTP/1.1" 404 11175 "www.google.com" "Mozlila/5.0 (Linux; Android 7.0; SM-G892A Bulid/NRD90M; wv) AppleWebKit/537.36 (KHTML, like Gecko) Version/4.0 Chrome/60.0.3112.107 Moblie Safari/537.36"
41.251.157.88 - - [19/Sep/2025:13:36:18 -0400] "GET /wp-includes/Text/Diff/Engine/%3Cahref=%22/wp-includes/Text/Diff/Engine/string.php%22%3E%3Cimgclass=%22icon%22src=%22/_autoindex/assets/icons/file-text.svg%22alt=%22%5BTXT%5D%22%3Estring.php HTTP/1.1" 404 11175 "www.google.com" "Mozlila/5.0 (Linux; Android 7.0; SM-G892A Bulid/NRD90M; wv) AppleWebKit/537.36 (KHTML, like Gecko) Version/4.0 Chrome/60.0.3112.107 Moblie Safari/537.36"
41.251.157.88 - - [19/Sep/2025:13:36:22 -0400] "GET /wp-includes/Text/Diff/Engine/%3Cahref=%22/wp-includes/Text/Diff/Engine/xdiff.php%22%3E%3Cimgclass=%22icon%22src=%22/_autoindex/assets/icons/file-text.svg%22alt=%22%5BTXT%5D%22%3Exdiff.php HTTP/1.1" 404 11175 "www.google.com" "Mozlila/5.0 (Linux; Android 7.0; SM-G892A Bulid/NRD90M; wv) AppleWebKit/537.36 (KHTML, like Gecko) Version/4.0 Chrome/60.0.3112.107 Moblie Safari/537.36"
41.251.157.88 - - [19/Sep/2025:13:36:27 -0400] "GET /wp-includes/block-patterns/%3Cahref=%22/wp-includes/block-patterns/query-grid-posts.php%22%3E%3Cimgclass=%22icon%22src=%22/_autoindex/assets/icons/file-text.svg%22alt=%22%5BTXT%5D%22%3Equery-grid-posts.php HTTP/1.1" 404 11175 "www.google.com" "Mozlila/5.0 (Linux; Android 7.0; SM-G892A Bulid/NRD90M; wv) AppleWebKit/537.36 (KHTML, like Gecko) Version/4.0 Chrome/60.0.3112.107 Moblie Safari/537.36"
41.251.157.88 - - [19/Sep/2025:13:36:31 -0400] "GET /wp-includes/block-patterns/%3Cahref=%22/wp-includes/block-patterns/query-large-title-posts.php%22%3E%3Cimgclass=%22icon%22src=%22/_autoindex/assets/icons/file-text.svg%22alt=%22%5BTXT%5D%22%3Equery-large-title-posts.php HTTP/1.1" 404 11175 "www.google.com" "Mozlila/5.0 (Linux; Android 7.0; SM-G892A Bulid/NRD90M; wv) AppleWebKit/537.36 (KHTML, like Gecko) Version/4.0 Chrome/60.0.3112.107 Moblie Safari/537.36"
41.251.157.88 - - [19/Sep/2025:13:36:35 -0400] "GET /wp-includes/block-patterns/%3Cahref=%22/wp-includes/block-patterns/query-medium-posts.php%22%3E%3Cimgclass=%22icon%22src=%22/_autoindex/assets/icons/file-text.svg%22alt=%22%5BTXT%5D%22%3Equery-medium-posts.php HTTP/1.1" 404 11175 "www.google.com" "Mozlila/5.0 (Linux; Android 7.0; SM-G892A Bulid/NRD90M; wv) AppleWebKit/537.36 (KHTML, like Gecko) Version/4.0 Chrome/60.0.3112.107 Moblie Safari/537.36"
41.251.157.88 - - [19/Sep/2025:13:36:39 -0400] "GET /wp-includes/block-patterns/%3Cahref=%22/wp-includes/block-patterns/query-offset-posts.php%22%3E%3Cimgclass=%22icon%22src=%22/_autoindex/assets/icons/file-text.svg%22alt=%22%5BTXT%5D%22%3Equery-offset-posts.php HTTP/1.1" 404 11175 "www.google.com" "Mozlila/5.0 (Linux; Android 7.0; SM-G892A Bulid/NRD90M; wv) AppleWebKit/537.36 (KHTML, like Gecko) Version/4.0 Chrome/60.0.3112.107 Moblie Safari/537.36"
41.251.157.88 - - [19/Sep/2025:13:36:42 -0400] "GET /wp-includes/block-patterns/%3Cahref=%22/wp-includes/block-patterns/query-small-posts.php%22%3E%3Cimgclass=%22icon%22src=%22/_autoindex/assets/icons/file-text.svg%22alt=%22%5BTXT%5D%22%3Equery-small-posts.php HTTP/1.1" 404 11175 "www.google.com" "Mozlila/5.0 (Linux; Android 7.0; SM-G892A Bulid/NRD90M; wv) AppleWebKit/537.36 (KHTML, like Gecko) Version/4.0 Chrome/60.0.3112.107 Moblie Safari/537.36"
41.251.157.88 - - [19/Sep/2025:13:36:46 -0400] "GET /wp-includes/block-patterns/%3Cahref=%22/wp-includes/block-patterns/query-standard-posts.php%22%3E%3Cimgclass=%22icon%22src=%22/_autoindex/assets/icons/file-text.svg%22alt=%22%5BTXT%5D%22%3Equery-standard-posts.php HTTP/1.1" 404 11175 "www.google.com" "Mozlila/5.0 (Linux; Android 7.0; SM-G892A Bulid/NRD90M; wv) AppleWebKit/537.36 (KHTML, like Gecko) Version/4.0 Chrome/60.0.3112.107 Moblie Safari/537.36"
41.251.157.88 - - [19/Sep/2025:13:36:53 -0400] "GET /wp-includes/block-patterns/%3Cahref=%22/wp-includes/block-patterns/social-links-shared-background-color.php%22%3E%3Cimgclass=%22icon%22src=%22/_autoindex/assets/icons/file-text.svg%22alt=%22%5BTXT%5D%22%3Esocial-links-shared-background-color.php HTTP/1.1" 404 11175 "www.google.com" "Mozlila/5.0 (Linux; Android 7.0; SM-G892A Bulid/NRD90M; wv) AppleWebKit/537.36 (KHTML, like Gecko) Version/4.0 Chrome/60.0.3112.107 Moblie Safari/537.36"
41.251.157.88 - - [19/Sep/2025:13:36:59 -0400] "GET /wp-includes/Text/Diff/%3Cahref=%22/wp-includes/Text/Diff/Renderer.php%22%3E%3Cimgclass=%22icon%22src=%22/_autoindex/assets/icons/file-text.svg%22alt=%22%5BTXT%5D%22%3ERenderer.php HTTP/1.1" 404 11175 "www.google.com" "Mozlila/5.0 (Linux; Android 7.0; SM-G892A Bulid/NRD90M; wv) AppleWebKit/537.36 (KHTML, like Gecko) Version/4.0 Chrome/60.0.3112.107 Moblie Safari/537.36"
41.251.157.88 - - [19/Sep/2025:13:37:07 -0400] "GET /wp-includes/css/%3Cahref=%22/wp-includes/css/colour.php%22%3E%3Cimgclass=%22icon%22src=%22/_autoindex/assets/icons/file-text.svg%22alt=%22%5BTXT%5D%22%3Ecolour.php HTTP/1.1" 404 11175 "www.google.com" "Mozlila/5.0 (Linux; Android 7.0; SM-G892A Bulid/NRD90M; wv) AppleWebKit/537.36 (KHTML, like Gecko) Version/4.0 Chrome/60.0.3112.107 Moblie Safari/537.36"
41.251.157.88 - - [19/Sep/2025:13:37:11 -0400] "GET /wp-includes/css/%3Cahref=%22/wp-includes/css/filed.php%22%3E%3Cimgclass=%22icon%22src=%22/_autoindex/assets/icons/file-text.svg%22alt=%22%5BTXT%5D%22%3Efiled.php HTTP/1.1" 404 11175 "www.google.com" "Mozlila/5.0 (Linux; Android 7.0; SM-G892A Bulid/NRD90M; wv) AppleWebKit/537.36 (KHTML, like Gecko) Version/4.0 Chrome/60.0.3112.107 Moblie Safari/537.36"
41.251.157.88 - - [19/Sep/2025:13:37:14 -0400] "GET /wp-includes/css/%3Cahref=%22/wp-includes/css/header.php%22%3E%3Cimgclass=%22icon%22src=%22/_autoindex/assets/icons/file-text.svg%22alt=%22%5BTXT%5D%22%3Eheader.php HTTP/1.1" 404 11175 "www.google.com" "Mozlila/5.0 (Linux; Android 7.0; SM-G892A Bulid/NRD90M; wv) AppleWebKit/537.36 (KHTML, like Gecko) Version/4.0 Chrome/60.0.3112.107 Moblie Safari/537.36"
41.251.157.88 - - [19/Sep/2025:13:37:18 -0400] "GET /wp-includes/css/%3Cahref=%22/wp-includes/css/i5735qyo.php%22%3E%3Cimgclass=%22icon%22src=%22/_autoindex/assets/icons/file-text.svg%22alt=%22%5BTXT%5D%22%3Ei5735qyo.php HTTP/1.1" 404 11175 "www.google.com" "Mozlila/5.0 (Linux; Android 7.0; SM-G892A Bulid/NRD90M; wv) AppleWebKit/537.36 (KHTML, like Gecko) Version/4.0 Chrome/60.0.3112.107 Moblie Safari/537.36"
41.251.157.88 - - [19/Sep/2025:13:37:21 -0400] "GET /wp-includes/css/%3Cahref=%22/wp-includes/css/icon.php%22%3E%3Cimgclass=%22icon%22src=%22/_autoindex/assets/icons/file-text.svg%22alt=%22%5BTXT%5D%22%3Eicon.php HTTP/1.1" 404 11175 "www.google.com" "Mozlila/5.0 (Linux; Android 7.0; SM-G892A Bulid/NRD90M; wv) AppleWebKit/537.36 (KHTML, like Gecko) Version/4.0 Chrome/60.0.3112.107 Moblie Safari/537.36"
41.251.157.88 - - [19/Sep/2025:13:37:25 -0400] "GET /wp-includes/css/%3Cahref=%22/wp-includes/css/login.php%22%3E%3Cimgclass=%22icon%22src=%22/_autoindex/assets/icons/file-text.svg%22alt=%22%5BTXT%5D%22%3Elogin.php HTTP/1.1" 404 11175 "www.google.com" "Mozlila/5.0 (Linux; Android 7.0; SM-G892A Bulid/NRD90M; wv) AppleWebKit/537.36 (KHTML, like Gecko) Version/4.0 Chrome/60.0.3112.107 Moblie Safari/537.36"
41.251.157.88 - - [19/Sep/2025:13:37:29 -0400] "GET /wp-includes/css/%3Cahref=%22/wp-includes/css/module.php%22%3E%3Cimgclass=%22icon%22src=%22/_autoindex/assets/icons/file-text.svg%22alt=%22%5BTXT%5D%22%3Emodule.php HTTP/1.1" 404 11175 "www.google.com" "Mozlila/5.0 (Linux; Android 7.0; SM-G892A Bulid/NRD90M; wv) AppleWebKit/537.36 (KHTML, like Gecko) Version/4.0 Chrome/60.0.3112.107 Moblie Safari/537.36"
41.251.157.88 - - [19/Sep/2025:13:37:33 -0400] "GET /wp-includes/css/%3Cahref=%22/wp-includes/css/register.php%22%3E%3Cimgclass=%22icon%22src=%22/_autoindex/assets/icons/file-text.svg%22alt=%22%5BTXT%5D%22%3Eregister.php HTTP/1.1" 404 11175 "www.google.com" "Mozlila/5.0 (Linux; Android 7.0; SM-G892A Bulid/NRD90M; wv) AppleWebKit/537.36 (KHTML, like Gecko) Version/4.0 Chrome/60.0.3112.107 Moblie Safari/537.36"
41.251.157.88 - - [19/Sep/2025:13:37:36 -0400] "GET /wp-includes/css/%3Cahref=%22/wp-includes/css/root.php%22%3E%3Cimgclass=%22icon%22src=%22/_autoindex/assets/icons/file-text.svg%22alt=%22%5BTXT%5D%22%3Eroot.php HTTP/1.1" 404 11175 "www.google.com" "Mozlila/5.0 (Linux; Android 7.0; SM-G892A Bulid/NRD90M; wv) AppleWebKit/537.36 (KHTML, like Gecko) Version/4.0 Chrome/60.0.3112.107 Moblie Safari/537.36"
41.251.157.88 - - [19/Sep/2025:13:37:39 -0400] "GET /wp-includes/css/%3Cahref=%22/wp-includes/css/service.php%22%3E%3Cimgclass=%22icon%22src=%22/_autoindex/assets/icons/file-text.svg%22alt=%22%5BTXT%5D%22%3Eservice.php HTTP/1.1" 404 11175 "www.google.com" "Mozlila/5.0 (Linux; Android 7.0; SM-G892A Bulid/NRD90M; wv) AppleWebKit/537.36 (KHTML, like Gecko) Version/4.0 Chrome/60.0.3112.107 Moblie Safari/537.36"
41.251.157.88 - - [19/Sep/2025:13:37:44 -0400] "GET /wp-includes/css/%3Cahref=%22/wp-includes/css/ugqcizlp.php%22%3E%3Cimgclass=%22icon%22src=%22/_autoindex/assets/icons/file-text.svg%22alt=%22%5BTXT%5D%22%3Eugqcizlp.php HTTP/1.1" 404 11175 "www.google.com" "Mozlila/5.0 (Linux; Android 7.0; SM-G892A Bulid/NRD90M; wv) AppleWebKit/537.36 (KHTML, like Gecko) Version/4.0 Chrome/60.0.3112.107 Moblie Safari/537.36"
41.251.157.88 - - [19/Sep/2025:13:37:47 -0400] "GET /wp-includes/css/%3Cahref=%22/wp-includes/css/webix.php%22%3E%3Cimgclass=%22icon%22src=%22/_autoindex/assets/icons/file-text.svg%22alt=%22%5BTXT%5D%22%3Ewebix.php HTTP/1.1" 404 11175 "www.google.com" "Mozlila/5.0 (Linux; Android 7.0; SM-G892A Bulid/NRD90M; wv) AppleWebKit/537.36 (KHTML, like Gecko) Version/4.0 Chrome/60.0.3112.107 Moblie Safari/537.36"
41.251.157.88 - - [19/Sep/2025:13:37:54 -0400] "GET /wp-includes/css/%3Cahref=%22/wp-includes/css/wp-login.php%22%3E%3Cimgclass=%22icon%22src=%22/_autoindex/assets/icons/file-text.svg%22alt=%22%5BTXT%5D%22%3Ewp-login.php HTTP/1.1" 404 11074 "www.google.com" "Mozlila/5.0 (Linux; Android 7.0; SM-G892A Bulid/NRD90M; wv) AppleWebKit/537.36 (KHTML, like Gecko) Version/4.0 Chrome/60.0.3112.107 Moblie Safari/537.36"
41.251.157.88 - - [19/Sep/2025:13:38:00 -0400] "GET /wp-includes/rest-api/fields/%3Cahref=%22/wp-includes/rest-api/fields/class-wp-rest-comment-meta-fields.php%22%3E%3Cimgclass=%22icon%22src=%22/_autoindex/assets/icons/file-text.svg%22alt=%22%5BTXT%5D%22%3Eclass-wp-rest-comment-meta-fields.php HTTP/1.1" 404 11175 "www.google.com" "Mozlila/5.0 (Linux; Android 7.0; SM-G892A Bulid/NRD90M; wv) AppleWebKit/537.36 (KHTML, like Gecko) Version/4.0 Chrome/60.0.3112.107 Moblie Safari/537.36"
68.65.123.208 - - [19/Sep/2025:13:38:04 -0400] "POST /wp-cron.php?doing_wp_cron=1758303484.8549869060516357421875 HTTP/1.1" 403 1242 "-" "WordPress/6.8.2; https://vohradecor.com"
41.251.157.88 - - [19/Sep/2025:13:38:04 -0400] "GET /wp-includes/rest-api/fields/%3Cahref=%22/wp-includes/rest-api/fields/class-wp-rest-meta-fields.php%22%3E%3Cimgclass=%22icon%22src=%22/_autoindex/assets/icons/file-text.svg%22alt=%22%5BTXT%5D%22%3Eclass-wp-rest-meta-fields.php HTTP/1.1" 404 11175 "www.google.com" "Mozlila/5.0 (Linux; Android 7.0; SM-G892A Bulid/NRD90M; wv) AppleWebKit/537.36 (KHTML, like Gecko) Version/4.0 Chrome/60.0.3112.107 Moblie Safari/537.36"
41.251.157.88 - - [19/Sep/2025:13:38:08 -0400] "GET /wp-includes/rest-api/fields/%3Cahref=%22/wp-includes/rest-api/fields/class-wp-rest-post-meta-fields.php%22%3E%3Cimgclass=%22icon%22src=%22/_autoindex/assets/icons/file-text.svg%22alt=%22%5BTXT%5D%22%3Eclass-wp-rest-post-meta-fields.php HTTP/1.1" 404 11175 "www.google.com" "Mozlila/5.0 (Linux; Android 7.0; SM-G892A Bulid/NRD90M; wv) AppleWebKit/537.36 (KHTML, like Gecko) Version/4.0 Chrome/60.0.3112.107 Moblie Safari/537.36"
41.251.157.88 - - [19/Sep/2025:13:38:11 -0400] "GET /wp-includes/rest-api/fields/%3Cahref=%22/wp-includes/rest-api/fields/class-wp-rest-term-meta-fields.php%22%3E%3Cimgclass=%22icon%22src=%22/_autoindex/assets/icons/file-text.svg%22alt=%22%5BTXT%5D%22%3Eclass-wp-rest-term-meta-fields.php HTTP/1.1" 404 11175 "www.google.com" "Mozlila/5.0 (Linux; Android 7.0; SM-G892A Bulid/NRD90M; wv) AppleWebKit/537.36 (KHTML, like Gecko) Version/4.0 Chrome/60.0.3112.107 Moblie Safari/537.36"
41.251.157.88 - - [19/Sep/2025:13:38:15 -0400] "GET /wp-includes/rest-api/fields/%3Cahref=%22/wp-includes/rest-api/fields/class-wp-rest-user-meta-fields.php%22%3E%3Cimgclass=%22icon%22src=%22/_autoindex/assets/icons/file-text.svg%22alt=%22%5BTXT%5D%22%3Eclass-wp-rest-user-meta-fields.php HTTP/1.1" 404 11175 "www.google.com" "Mozlila/5.0 (Linux; Android 7.0; SM-G892A Bulid/NRD90M; wv) AppleWebKit/537.36 (KHTML, like Gecko) Version/4.0 Chrome/60.0.3112.107 Moblie Safari/537.36"
41.251.157.88 - - [19/Sep/2025:13:38:29 -0400] "GET /wp-includes/images/crystal/%3Cahref=%22/wp-includes/images/crystal/p.php%22%3E%3Cimgclass=%22icon%22src=%22/_autoindex/assets/icons/file-text.svg%22alt=%22%5BTXT%5D%22%3Ep.php HTTP/1.1" 404 11175 "www.google.com" "Mozlila/5.0 (Linux; Android 7.0; SM-G892A Bulid/NRD90M; wv) AppleWebKit/537.36 (KHTML, like Gecko) Version/4.0 Chrome/60.0.3112.107 Moblie Safari/537.36"
41.251.157.88 - - [19/Sep/2025:13:38:33 -0400] "GET /wp-includes/images/smilies/%3Cahref=%22/wp-includes/images/smilies/pp.php%22%3E%3Cimgclass=%22icon%22src=%22/_autoindex/assets/icons/file-text.svg%22alt=%22%5BTXT%5D%22%3Epp.php HTTP/1.1" 404 11175 "www.google.com" "Mozlila/5.0 (Linux; Android 7.0; SM-G892A Bulid/NRD90M; wv) AppleWebKit/537.36 (KHTML, like Gecko) Version/4.0 Chrome/60.0.3112.107 Moblie Safari/537.36"
41.251.157.88 - - [19/Sep/2025:13:38:38 -0400] "GET /wp-includes/rest-api/search/%3Cahref=%22/wp-includes/rest-api/search/class-wp-rest-post-format-search-handler.php%22%3E%3Cimgclass=%22icon%22src=%22/_autoindex/assets/icons/file-text.svg%22alt=%22%5BTXT%5D%22%3Eclass-wp-rest-post-format-search-handler.php HTTP/1.1" 404 11175 "www.google.com" "Mozlila/5.0 (Linux; Android 7.0; SM-G892A Bulid/NRD90M; wv) AppleWebKit/537.36 (KHTML, like Gecko) Version/4.0 Chrome/60.0.3112.107 Moblie Safari/537.36"
41.251.157.88 - - [19/Sep/2025:13:38:42 -0400] "GET /wp-includes/rest-api/search/%3Cahref=%22/wp-includes/rest-api/search/class-wp-rest-post-search-handler.php%22%3E%3Cimgclass=%22icon%22src=%22/_autoindex/assets/icons/file-text.svg%22alt=%22%5BTXT%5D%22%3Eclass-wp-rest-post-search-handler.php HTTP/1.1" 404 11175 "www.google.com" "Mozlila/5.0 (Linux; Android 7.0; SM-G892A Bulid/NRD90M; wv) AppleWebKit/537.36 (KHTML, like Gecko) Version/4.0 Chrome/60.0.3112.107 Moblie Safari/537.36"
41.251.157.88 - - [19/Sep/2025:13:38:45 -0400] "GET /wp-includes/rest-api/search/%3Cahref=%22/wp-includes/rest-api/search/class-wp-rest-search-handler.php%22%3E%3Cimgclass=%22icon%22src=%22/_autoindex/assets/icons/file-text.svg%22alt=%22%5BTXT%5D%22%3Eclass-wp-rest-search-handler.php HTTP/1.1" 404 11175 "www.google.com" "Mozlila/5.0 (Linux; Android 7.0; SM-G892A Bulid/NRD90M; wv) AppleWebKit/537.36 (KHTML, like Gecko) Version/4.0 Chrome/60.0.3112.107 Moblie Safari/537.36"
41.251.157.88 - - [19/Sep/2025:13:38:49 -0400] "GET /wp-includes/rest-api/search/%3Cahref=%22/wp-includes/rest-api/search/class-wp-rest-term-search-handler.php%22%3E%3Cimgclass=%22icon%22src=%22/_autoindex/assets/icons/file-text.svg%22alt=%22%5BTXT%5D%22%3Eclass-wp-rest-term-search-handler.php HTTP/1.1" 404 11175 "www.google.com" "Mozlila/5.0 (Linux; Android 7.0; SM-G892A Bulid/NRD90M; wv) AppleWebKit/537.36 (KHTML, like Gecko) Version/4.0 Chrome/60.0.3112.107 Moblie Safari/537.36"
41.251.157.88 - - [19/Sep/2025:13:38:56 -0400] "GET /wp-includes/sodium_compat/src/%3Cahref=%22/wp-includes/sodium_compat/src/Compat.php%22%3E%3Cimgclass=%22icon%22src=%22/_autoindex/assets/icons/file-text.svg%22alt=%22%5BTXT%5D%22%3ECompat.php HTTP/1.1" 404 11175 "www.google.com" "Mozlila/5.0 (Linux; Android 7.0; SM-G892A Bulid/NRD90M; wv) AppleWebKit/537.36 (KHTML, like Gecko) Version/4.0 Chrome/60.0.3112.107 Moblie Safari/537.36"
41.251.157.88 - - [19/Sep/2025:13:39:01 -0400] "GET /wp-includes/sodium_compat/src/%3Cahref=%22/wp-includes/sodium_compat/src/Crypto.php%22%3E%3Cimgclass=%22icon%22src=%22/_autoindex/assets/icons/file-text.svg%22alt=%22%5BTXT%5D%22%3ECrypto.php HTTP/1.1" 404 11175 "www.google.com" "Mozlila/5.0 (Linux; Android 7.0; SM-G892A Bulid/NRD90M; wv) AppleWebKit/537.36 (KHTML, like Gecko) Version/4.0 Chrome/60.0.3112.107 Moblie Safari/537.36"
68.65.123.208 - - [19/Sep/2025:13:39:06 -0400] "POST /wp-cron.php?doing_wp_cron=1758303546.3852689266204833984375 HTTP/1.1" 403 1242 "-" "WordPress/6.8.2; https://vohradecor.com"
41.251.157.88 - - [19/Sep/2025:13:39:05 -0400] "GET /wp-includes/sodium_compat/src/%3Cahref=%22/wp-includes/sodium_compat/src/Crypto32.php%22%3E%3Cimgclass=%22icon%22src=%22/_autoindex/assets/icons/file-text.svg%22alt=%22%5BTXT%5D%22%3ECrypto32.php HTTP/1.1" 404 11175 "www.google.com" "Mozlila/5.0 (Linux; Android 7.0; SM-G892A Bulid/NRD90M; wv) AppleWebKit/537.36 (KHTML, like Gecko) Version/4.0 Chrome/60.0.3112.107 Moblie Safari/537.36"
41.251.157.88 - - [19/Sep/2025:13:39:09 -0400] "GET /wp-includes/sodium_compat/src/%3Cahref=%22/wp-includes/sodium_compat/src/File.php%22%3E%3Cimgclass=%22icon%22src=%22/_autoindex/assets/icons/file-text.svg%22alt=%22%5BTXT%5D%22%3EFile.php HTTP/1.1" 404 11175 "www.google.com" "Mozlila/5.0 (Linux; Android 7.0; SM-G892A Bulid/NRD90M; wv) AppleWebKit/537.36 (KHTML, like Gecko) Version/4.0 Chrome/60.0.3112.107 Moblie Safari/537.36"
41.251.157.88 - - [19/Sep/2025:13:39:13 -0400] "GET /wp-includes/sodium_compat/src/%3Cahref=%22/wp-includes/sodium_compat/src/SodiumException.php%22%3E%3Cimgclass=%22icon%22src=%22/_autoindex/assets/icons/file-text.svg%22alt=%22%5BTXT%5D%22%3ESodiumException.php HTTP/1.1" 404 11175 "www.google.com" "Mozlila/5.0 (Linux; Android 7.0; SM-G892A Bulid/NRD90M; wv) AppleWebKit/537.36 (KHTML, like Gecko) Version/4.0 Chrome/60.0.3112.107 Moblie Safari/537.36"
41.251.157.88 - - [19/Sep/2025:13:39:17 -0400] "GET /wp-includes/sitemaps/providers/%3Cahref=%22/wp-includes/sitemaps/providers/class-wp-sitemaps-posts.php%22%3E%3Cimgclass=%22icon%22src=%22/_autoindex/assets/icons/file-text.svg%22alt=%22%5BTXT%5D%22%3Eclass-wp-sitemaps-posts.php HTTP/1.1" 404 11175 "www.google.com" "Mozlila/5.0 (Linux; Android 7.0; SM-G892A Bulid/NRD90M; wv) AppleWebKit/537.36 (KHTML, like Gecko) Version/4.0 Chrome/60.0.3112.107 Moblie Safari/537.36"
41.251.157.88 - - [19/Sep/2025:13:39:22 -0400] "GET /wp-includes/sitemaps/providers/%3Cahref=%22/wp-includes/sitemaps/providers/class-wp-sitemaps-taxonomies.php%22%3E%3Cimgclass=%22icon%22src=%22/_autoindex/assets/icons/file-text.svg%22alt=%22%5BTXT%5D%22%3Eclass-wp-sitemaps-taxonomies.php HTTP/1.1" 404 11175 "www.google.com" "Mozlila/5.0 (Linux; Android 7.0; SM-G892A Bulid/NRD90M; wv) AppleWebKit/537.36 (KHTML, like Gecko) Version/4.0 Chrome/60.0.3112.107 Moblie Safari/537.36"
41.251.157.88 - - [19/Sep/2025:13:39:26 -0400] "GET /wp-includes/sitemaps/providers/%3Cahref=%22/wp-includes/sitemaps/providers/class-wp-sitemaps-users.php%22%3E%3Cimgclass=%22icon%22src=%22/_autoindex/assets/icons/file-text.svg%22alt=%22%5BTXT%5D%22%3Eclass-wp-sitemaps-users.php HTTP/1.1" 404 11175 "www.google.com" "Mozlila/5.0 (Linux; Android 7.0; SM-G892A Bulid/NRD90M; wv) AppleWebKit/537.36 (KHTML, like Gecko) Version/4.0 Chrome/60.0.3112.107 Moblie Safari/537.36"
41.251.157.88 - - [19/Sep/2025:13:39:33 -0400] "GET /wp-includes/fonts/%3Cahref=%22/wp-includes/fonts/class-wp-font-collection.php%22%3E%3Cimgclass=%22icon%22src=%22/_autoindex/assets/icons/file-text.svg%22alt=%22%5BTXT%5D%22%3Eclass-wp-font-collection.php HTTP/1.1" 404 11175 "www.google.com" "Mozlila/5.0 (Linux; Android 7.0; SM-G892A Bulid/NRD90M; wv) AppleWebKit/537.36 (KHTML, like Gecko) Version/4.0 Chrome/60.0.3112.107 Moblie Safari/537.36"
41.251.157.88 - - [19/Sep/2025:13:39:39 -0400] "GET /wp-includes/fonts/%3Cahref=%22/wp-includes/fonts/class-wp-font-face-resolver.php%22%3E%3Cimgclass=%22icon%22src=%22/_autoindex/assets/icons/file-text.svg%22alt=%22%5BTXT%5D%22%3Eclass-wp-font-face-resolver.php HTTP/1.1" 404 11175 "www.google.com" "Mozlila/5.0 (Linux; Android 7.0; SM-G892A Bulid/NRD90M; wv) AppleWebKit/537.36 (KHTML, like Gecko) Version/4.0 Chrome/60.0.3112.107 Moblie Safari/537.36"
41.251.157.88 - - [19/Sep/2025:13:39:42 -0400] "GET /wp-includes/fonts/%3Cahref=%22/wp-includes/fonts/class-wp-font-face.php%22%3E%3Cimgclass=%22icon%22src=%22/_autoindex/assets/icons/file-text.svg%22alt=%22%5BTXT%5D%22%3Eclass-wp-font-face.php HTTP/1.1" 404 11175 "www.google.com" "Mozlila/5.0 (Linux; Android 7.0; SM-G892A Bulid/NRD90M; wv) AppleWebKit/537.36 (KHTML, like Gecko) Version/4.0 Chrome/60.0.3112.107 Moblie Safari/537.36"
41.251.157.88 - - [19/Sep/2025:13:39:46 -0400] "GET /wp-includes/fonts/%3Cahref=%22/wp-includes/fonts/class-wp-font-library.php%22%3E%3Cimgclass=%22icon%22src=%22/_autoindex/assets/icons/file-text.svg%22alt=%22%5BTXT%5D%22%3Eclass-wp-font-library.php HTTP/1.1" 404 11175 "www.google.com" "Mozlila/5.0 (Linux; Android 7.0; SM-G892A Bulid/NRD90M; wv) AppleWebKit/537.36 (KHTML, like Gecko) Version/4.0 Chrome/60.0.3112.107 Moblie Safari/537.36"
41.251.157.88 - - [19/Sep/2025:13:39:50 -0400] "GET /wp-includes/fonts/%3Cahref=%22/wp-includes/fonts/class-wp-font-utils.php%22%3E%3Cimgclass=%22icon%22src=%22/_autoindex/assets/icons/file-text.svg%22alt=%22%5BTXT%5D%22%3Eclass-wp-font-utils.php HTTP/1.1" 404 11175 "www.google.com" "Mozlila/5.0 (Linux; Android 7.0; SM-G892A Bulid/NRD90M; wv) AppleWebKit/537.36 (KHTML, like Gecko) Version/4.0 Chrome/60.0.3112.107 Moblie Safari/537.36"
41.251.157.88 - - [19/Sep/2025:13:39:55 -0400] "GET /wp-includes/html-api/%3Cahref=%22/wp-includes/html-api/class-wp-html-active-formatting-elements.php%22%3E%3Cimgclass=%22icon%22src=%22/_autoindex/assets/icons/file-text.svg%22alt=%22%5BTXT%5D%22%3Eclass-wp-html-active-formatting-elements.php HTTP/1.1" 404 11175 "www.google.com" "Mozlila/5.0 (Linux; Android 7.0; SM-G892A Bulid/NRD90M; wv) AppleWebKit/537.36 (KHTML, like Gecko) Version/4.0 Chrome/60.0.3112.107 Moblie Safari/537.36"
41.251.157.88 - - [19/Sep/2025:13:39:58 -0400] "GET /wp-includes/html-api/%3Cahref=%22/wp-includes/html-api/class-wp-html-attribute-token.php%22%3E%3Cimgclass=%22icon%22src=%22/_autoindex/assets/icons/file-text.svg%22alt=%22%5BTXT%5D%22%3Eclass-wp-html-attribute-token.php HTTP/1.1" 404 11175 "www.google.com" "Mozlila/5.0 (Linux; Android 7.0; SM-G892A Bulid/NRD90M; wv) AppleWebKit/537.36 (KHTML, like Gecko) Version/4.0 Chrome/60.0.3112.107 Moblie Safari/537.36"
41.251.157.88 - - [19/Sep/2025:13:40:02 -0400] "GET /wp-includes/html-api/%3Cahref=%22/wp-includes/html-api/class-wp-html-decoder.php%22%3E%3Cimgclass=%22icon%22src=%22/_autoindex/assets/icons/file-text.svg%22alt=%22%5BTXT%5D%22%3Eclass-wp-html-decoder.php HTTP/1.1" 404 11175 "www.google.com" "Mozlila/5.0 (Linux; Android 7.0; SM-G892A Bulid/NRD90M; wv) AppleWebKit/537.36 (KHTML, like Gecko) Version/4.0 Chrome/60.0.3112.107 Moblie Safari/537.36"
68.65.123.208 - - [19/Sep/2025:13:40:07 -0400] "POST /wp-cron.php?doing_wp_cron=1758303607.2021839618682861328125 HTTP/1.1" 403 1242 "-" "WordPress/6.8.2; https://vohradecor.com"
41.251.157.88 - - [19/Sep/2025:13:40:06 -0400] "GET /wp-includes/html-api/%3Cahref=%22/wp-includes/html-api/class-wp-html-doctype-info.php%22%3E%3Cimgclass=%22icon%22src=%22/_autoindex/assets/icons/file-text.svg%22alt=%22%5BTXT%5D%22%3Eclass-wp-html-doctype-info.php HTTP/1.1" 404 11228 "www.google.com" "Mozlila/5.0 (Linux; Android 7.0; SM-G892A Bulid/NRD90M; wv) AppleWebKit/537.36 (KHTML, like Gecko) Version/4.0 Chrome/60.0.3112.107 Moblie Safari/537.36"
41.251.157.88 - - [19/Sep/2025:13:40:13 -0400] "GET /wp-includes/html-api/%3Cahref=%22/wp-includes/html-api/class-wp-html-open-elements.php%22%3E%3Cimgclass=%22icon%22src=%22/_autoindex/assets/icons/file-text.svg%22alt=%22%5BTXT%5D%22%3Eclass-wp-html-open-elements.php HTTP/1.1" 404 11175 "www.google.com" "Mozlila/5.0 (Linux; Android 7.0; SM-G892A Bulid/NRD90M; wv) AppleWebKit/537.36 (KHTML, like Gecko) Version/4.0 Chrome/60.0.3112.107 Moblie Safari/537.36"
41.251.157.88 - - [19/Sep/2025:13:40:21 -0400] "GET /wp-includes/html-api/%3Cahref=%22/wp-includes/html-api/class-wp-html-processor-state.php%22%3E%3Cimgclass=%22icon%22src=%22/_autoindex/assets/icons/file-text.svg%22alt=%22%5BTXT%5D%22%3Eclass-wp-html-processor-state.php HTTP/1.1" 404 11175 "www.google.com" "Mozlila/5.0 (Linux; Android 7.0; SM-G892A Bulid/NRD90M; wv) AppleWebKit/537.36 (KHTML, like Gecko) Version/4.0 Chrome/60.0.3112.107 Moblie Safari/537.36"
41.251.157.88 - - [19/Sep/2025:13:40:25 -0400] "GET /wp-includes/html-api/%3Cahref=%22/wp-includes/html-api/class-wp-html-processor.php%22%3E%3Cimgclass=%22icon%22src=%22/_autoindex/assets/icons/file-text.svg%22alt=%22%5BTXT%5D%22%3Eclass-wp-html-processor.php HTTP/1.1" 404 11175 "www.google.com" "Mozlila/5.0 (Linux; Android 7.0; SM-G892A Bulid/NRD90M; wv) AppleWebKit/537.36 (KHTML, like Gecko) Version/4.0 Chrome/60.0.3112.107 Moblie Safari/537.36"
41.251.157.88 - - [19/Sep/2025:13:40:30 -0400] "GET /wp-includes/html-api/%3Cahref=%22/wp-includes/html-api/class-wp-html-span.php%22%3E%3Cimgclass=%22icon%22src=%22/_autoindex/assets/icons/file-text.svg%22alt=%22%5BTXT%5D%22%3Eclass-wp-html-span.php HTTP/1.1" 404 11175 "www.google.com" "Mozlila/5.0 (Linux; Android 7.0; SM-G892A Bulid/NRD90M; wv) AppleWebKit/537.36 (KHTML, like Gecko) Version/4.0 Chrome/60.0.3112.107 Moblie Safari/537.36"
41.251.157.88 - - [19/Sep/2025:13:40:34 -0400] "GET /wp-includes/html-api/%3Cahref=%22/wp-includes/html-api/class-wp-html-stack-event.php%22%3E%3Cimgclass=%22icon%22src=%22/_autoindex/assets/icons/file-text.svg%22alt=%22%5BTXT%5D%22%3Eclass-wp-html-stack-event.php HTTP/1.1" 404 11175 "www.google.com" "Mozlila/5.0 (Linux; Android 7.0; SM-G892A Bulid/NRD90M; wv) AppleWebKit/537.36 (KHTML, like Gecko) Version/4.0 Chrome/60.0.3112.107 Moblie Safari/537.36"
41.251.157.88 - - [19/Sep/2025:13:40:38 -0400] "GET /wp-includes/html-api/%3Cahref=%22/wp-includes/html-api/class-wp-html-tag-processor.php%22%3E%3Cimgclass=%22icon%22src=%22/_autoindex/assets/icons/file-text.svg%22alt=%22%5BTXT%5D%22%3Eclass-wp-html-tag-processor.php HTTP/1.1" 404 11175 "www.google.com" "Mozlila/5.0 (Linux; Android 7.0; SM-G892A Bulid/NRD90M; wv) AppleWebKit/537.36 (KHTML, like Gecko) Version/4.0 Chrome/60.0.3112.107 Moblie Safari/537.36"
41.251.157.88 - - [19/Sep/2025:13:40:42 -0400] "GET /wp-includes/html-api/%3Cahref=%22/wp-includes/html-api/class-wp-html-text-replacement.php%22%3E%3Cimgclass=%22icon%22src=%22/_autoindex/assets/icons/file-text.svg%22alt=%22%5BTXT%5D%22%3Eclass-wp-html-text-replacement.php HTTP/1.1" 404 11175 "www.google.com" "Mozlila/5.0 (Linux; Android 7.0; SM-G892A Bulid/NRD90M; wv) AppleWebKit/537.36 (KHTML, like Gecko) Version/4.0 Chrome/60.0.3112.107 Moblie Safari/537.36"
41.251.157.88 - - [19/Sep/2025:13:40:46 -0400] "GET /wp-includes/html-api/%3Cahref=%22/wp-includes/html-api/class-wp-html-token.php%22%3E%3Cimgclass=%22icon%22src=%22/_autoindex/assets/icons/file-text.svg%22alt=%22%5BTXT%5D%22%3Eclass-wp-html-token.php HTTP/1.1" 404 11175 "www.google.com" "Mozlila/5.0 (Linux; Android 7.0; SM-G892A Bulid/NRD90M; wv) AppleWebKit/537.36 (KHTML, like Gecko) Version/4.0 Chrome/60.0.3112.107 Moblie Safari/537.36"
41.251.157.88 - - [19/Sep/2025:13:40:49 -0400] "GET /wp-includes/html-api/%3Cahref=%22/wp-includes/html-api/class-wp-html-unsupported-exception.php%22%3E%3Cimgclass=%22icon%22src=%22/_autoindex/assets/icons/file-text.svg%22alt=%22%5BTXT%5D%22%3Eclass-wp-html-unsupported-exception.php HTTP/1.1" 404 11175 "www.google.com" "Mozlila/5.0 (Linux; Android 7.0; SM-G892A Bulid/NRD90M; wv) AppleWebKit/537.36 (KHTML, like Gecko) Version/4.0 Chrome/60.0.3112.107 Moblie Safari/537.36"
41.251.157.88 - - [19/Sep/2025:13:40:53 -0400] "GET /wp-includes/html-api/%3Cahref=%22/wp-includes/html-api/html5-named-character-references.php%22%3E%3Cimgclass=%22icon%22src=%22/_autoindex/assets/icons/file-text.svg%22alt=%22%5BTXT%5D%22%3Ehtml5-named-character-references.php HTTP/1.1" 404 11175 "www.google.com" "Mozlila/5.0 (Linux; Android 7.0; SM-G892A Bulid/NRD90M; wv) AppleWebKit/537.36 (KHTML, like Gecko) Version/4.0 Chrome/60.0.3112.107 Moblie Safari/537.36"
41.251.157.88 - - [19/Sep/2025:13:40:59 -0400] "GET /wp-includes/IXR/%3Cahref=%22/wp-includes/IXR/class-IXR-base64.php%22%3E%3Cimgclass=%22icon%22src=%22/_autoindex/assets/icons/file-text.svg%22alt=%22%5BTXT%5D%22%3Eclass-IXR-base64.php HTTP/1.1" 404 11175 "www.google.com" "Mozlila/5.0 (Linux; Android 7.0; SM-G892A Bulid/NRD90M; wv) AppleWebKit/537.36 (KHTML, like Gecko) Version/4.0 Chrome/60.0.3112.107 Moblie Safari/537.36"
41.251.157.88 - - [19/Sep/2025:13:41:04 -0400] "GET /wp-includes/IXR/%3Cahref=%22/wp-includes/IXR/class-IXR-client.php%22%3E%3Cimgclass=%22icon%22src=%22/_autoindex/assets/icons/file-text.svg%22alt=%22%5BTXT%5D%22%3Eclass-IXR-client.php HTTP/1.1" 404 11175 "www.google.com" "Mozlila/5.0 (Linux; Android 7.0; SM-G892A Bulid/NRD90M; wv) AppleWebKit/537.36 (KHTML, like Gecko) Version/4.0 Chrome/60.0.3112.107 Moblie Safari/537.36"
68.65.123.208 - - [19/Sep/2025:13:41:08 -0400] "POST /wp-cron.php?doing_wp_cron=1758303668.5384459495544433593750 HTTP/1.1" 403 1242 "-" "WordPress/6.8.2; https://vohradecor.com"
41.251.157.88 - - [19/Sep/2025:13:41:07 -0400] "GET /wp-includes/IXR/%3Cahref=%22/wp-includes/IXR/class-IXR-clientmulticall.php%22%3E%3Cimgclass=%22icon%22src=%22/_autoindex/assets/icons/file-text.svg%22alt=%22%5BTXT%5D%22%3Eclass-IXR-clientmulticall.php HTTP/1.1" 404 11175 "www.google.com" "Mozlila/5.0 (Linux; Android 7.0; SM-G892A Bulid/NRD90M; wv) AppleWebKit/537.36 (KHTML, like Gecko) Version/4.0 Chrome/60.0.3112.107 Moblie Safari/537.36"
41.251.157.88 - - [19/Sep/2025:13:41:11 -0400] "GET /wp-includes/IXR/%3Cahref=%22/wp-includes/IXR/class-IXR-date.php%22%3E%3Cimgclass=%22icon%22src=%22/_autoindex/assets/icons/file-text.svg%22alt=%22%5BTXT%5D%22%3Eclass-IXR-date.php HTTP/1.1" 404 11175 "www.google.com" "Mozlila/5.0 (Linux; Android 7.0; SM-G892A Bulid/NRD90M; wv) AppleWebKit/537.36 (KHTML, like Gecko) Version/4.0 Chrome/60.0.3112.107 Moblie Safari/537.36"
41.251.157.88 - - [19/Sep/2025:13:41:14 -0400] "GET /wp-includes/IXR/%3Cahref=%22/wp-includes/IXR/class-IXR-error.php%22%3E%3Cimgclass=%22icon%22src=%22/_autoindex/assets/icons/file-text.svg%22alt=%22%5BTXT%5D%22%3Eclass-IXR-error.php HTTP/1.1" 404 11175 "www.google.com" "Mozlila/5.0 (Linux; Android 7.0; SM-G892A Bulid/NRD90M; wv) AppleWebKit/537.36 (KHTML, like Gecko) Version/4.0 Chrome/60.0.3112.107 Moblie Safari/537.36"
41.251.157.88 - - [19/Sep/2025:13:41:18 -0400] "GET /wp-includes/IXR/%3Cahref=%22/wp-includes/IXR/class-IXR-introspectionserver.php%22%3E%3Cimgclass=%22icon%22src=%22/_autoindex/assets/icons/file-text.svg%22alt=%22%5BTXT%5D%22%3Eclass-IXR-introspectionserver.php HTTP/1.1" 404 11175 "www.google.com" "Mozlila/5.0 (Linux; Android 7.0; SM-G892A Bulid/NRD90M; wv) AppleWebKit/537.36 (KHTML, like Gecko) Version/4.0 Chrome/60.0.3112.107 Moblie Safari/537.36"
41.251.157.88 - - [19/Sep/2025:13:41:22 -0400] "GET /wp-includes/IXR/%3Cahref=%22/wp-includes/IXR/class-IXR-message.php%22%3E%3Cimgclass=%22icon%22src=%22/_autoindex/assets/icons/file-text.svg%22alt=%22%5BTXT%5D%22%3Eclass-IXR-message.php HTTP/1.1" 404 11175 "www.google.com" "Mozlila/5.0 (Linux; Android 7.0; SM-G892A Bulid/NRD90M; wv) AppleWebKit/537.36 (KHTML, like Gecko) Version/4.0 Chrome/60.0.3112.107 Moblie Safari/537.36"
41.251.157.88 - - [19/Sep/2025:13:41:25 -0400] "GET /wp-includes/IXR/%3Cahref=%22/wp-includes/IXR/class-IXR-request.php%22%3E%3Cimgclass=%22icon%22src=%22/_autoindex/assets/icons/file-text.svg%22alt=%22%5BTXT%5D%22%3Eclass-IXR-request.php HTTP/1.1" 404 11175 "www.google.com" "Mozlila/5.0 (Linux; Android 7.0; SM-G892A Bulid/NRD90M; wv) AppleWebKit/537.36 (KHTML, like Gecko) Version/4.0 Chrome/60.0.3112.107 Moblie Safari/537.36"
41.251.157.88 - - [19/Sep/2025:13:41:29 -0400] "GET /wp-includes/IXR/%3Cahref=%22/wp-includes/IXR/class-IXR-server.php%22%3E%3Cimgclass=%22icon%22src=%22/_autoindex/assets/icons/file-text.svg%22alt=%22%5BTXT%5D%22%3Eclass-IXR-server.php HTTP/1.1" 404 11175 "www.google.com" "Mozlila/5.0 (Linux; Android 7.0; SM-G892A Bulid/NRD90M; wv) AppleWebKit/537.36 (KHTML, like Gecko) Version/4.0 Chrome/60.0.3112.107 Moblie Safari/537.36"
41.251.157.88 - - [19/Sep/2025:13:41:33 -0400] "GET /wp-includes/IXR/%3Cahref=%22/wp-includes/IXR/class-IXR-value.php%22%3E%3Cimgclass=%22icon%22src=%22/_autoindex/assets/icons/file-text.svg%22alt=%22%5BTXT%5D%22%3Eclass-IXR-value.php HTTP/1.1" 404 11175 "www.google.com" "Mozlila/5.0 (Linux; Android 7.0; SM-G892A Bulid/NRD90M; wv) AppleWebKit/537.36 (KHTML, like Gecko) Version/4.0 Chrome/60.0.3112.107 Moblie Safari/537.36"
41.251.157.88 - - [19/Sep/2025:13:41:38 -0400] "GET /wp-includes/php-compat/%3Cahref=%22/wp-includes/php-compat/readonly.php%22%3E%3Cimgclass=%22icon%22src=%22/_autoindex/assets/icons/file-text.svg%22alt=%22%5BTXT%5D%22%3Ereadonly.php HTTP/1.1" 404 11228 "www.google.com" "Mozlila/5.0 (Linux; Android 7.0; SM-G892A Bulid/NRD90M; wv) AppleWebKit/537.36 (KHTML, like Gecko) Version/4.0 Chrome/60.0.3112.107 Moblie Safari/537.36"
41.251.157.88 - - [19/Sep/2025:13:41:42 -0400] "GET /wp-includes/PHPMailer/%3Cahref=%22/wp-includes/PHPMailer/Exception.php%22%3E%3Cimgclass=%22icon%22src=%22/_autoindex/assets/icons/file-text.svg%22alt=%22%5BTXT%5D%22%3EException.php HTTP/1.1" 404 11175 "www.google.com" "Mozlila/5.0 (Linux; Android 7.0; SM-G892A Bulid/NRD90M; wv) AppleWebKit/537.36 (KHTML, like Gecko) Version/4.0 Chrome/60.0.3112.107 Moblie Safari/537.36"
41.251.157.88 - - [19/Sep/2025:13:41:46 -0400] "GET /wp-includes/PHPMailer/%3Cahref=%22/wp-includes/PHPMailer/PHPMailer.php%22%3E%3Cimgclass=%22icon%22src=%22/_autoindex/assets/icons/file-text.svg%22alt=%22%5BTXT%5D%22%3EPHPMailer.php HTTP/1.1" 404 11175 "www.google.com" "Mozlila/5.0 (Linux; Android 7.0; SM-G892A Bulid/NRD90M; wv) AppleWebKit/537.36 (KHTML, like Gecko) Version/4.0 Chrome/60.0.3112.107 Moblie Safari/537.36"
41.251.157.88 - - [19/Sep/2025:13:41:49 -0400] "GET /wp-includes/PHPMailer/%3Cahref=%22/wp-includes/PHPMailer/SMTP.php%22%3E%3Cimgclass=%22icon%22src=%22/_autoindex/assets/icons/file-text.svg%22alt=%22%5BTXT%5D%22%3ESMTP.php HTTP/1.1" 404 11175 "www.google.com" "Mozlila/5.0 (Linux; Android 7.0; SM-G892A Bulid/NRD90M; wv) AppleWebKit/537.36 (KHTML, like Gecko) Version/4.0 Chrome/60.0.3112.107 Moblie Safari/537.36"
41.251.157.88 - - [19/Sep/2025:13:41:54 -0400] "GET /wp-includes/pomo/%3Cahref=%22/wp-includes/pomo/entry.php%22%3E%3Cimgclass=%22icon%22src=%22/_autoindex/assets/icons/file-text.svg%22alt=%22%5BTXT%5D%22%3Eentry.php HTTP/1.1" 404 11175 "www.google.com" "Mozlila/5.0 (Linux; Android 7.0; SM-G892A Bulid/NRD90M; wv) AppleWebKit/537.36 (KHTML, like Gecko) Version/4.0 Chrome/60.0.3112.107 Moblie Safari/537.36"
41.251.157.88 - - [19/Sep/2025:13:41:58 -0400] "GET /wp-includes/pomo/%3Cahref=%22/wp-includes/pomo/mo.php%22%3E%3Cimgclass=%22icon%22src=%22/_autoindex/assets/icons/file-text.svg%22alt=%22%5BTXT%5D%22%3Emo.php HTTP/1.1" 404 11275 "www.google.com" "Mozlila/5.0 (Linux; Android 7.0; SM-G892A Bulid/NRD90M; wv) AppleWebKit/537.36 (KHTML, like Gecko) Version/4.0 Chrome/60.0.3112.107 Moblie Safari/537.36"
41.251.157.88 - - [19/Sep/2025:13:42:01 -0400] "GET /wp-includes/pomo/%3Cahref=%22/wp-includes/pomo/plural-forms.php%22%3E%3Cimgclass=%22icon%22src=%22/_autoindex/assets/icons/file-text.svg%22alt=%22%5BTXT%5D%22%3Eplural-forms.php HTTP/1.1" 404 11175 "www.google.com" "Mozlila/5.0 (Linux; Android 7.0; SM-G892A Bulid/NRD90M; wv) AppleWebKit/537.36 (KHTML, like Gecko) Version/4.0 Chrome/60.0.3112.107 Moblie Safari/537.36"
41.251.157.88 - - [19/Sep/2025:13:42:06 -0400] "GET /wp-includes/pomo/%3Cahref=%22/wp-includes/pomo/po.php%22%3E%3Cimgclass=%22icon%22src=%22/_autoindex/assets/icons/file-text.svg%22alt=%22%5BTXT%5D%22%3Epo.php HTTP/1.1" 404 11175 "www.google.com" "Mozlila/5.0 (Linux; Android 7.0; SM-G892A Bulid/NRD90M; wv) AppleWebKit/537.36 (KHTML, like Gecko) Version/4.0 Chrome/60.0.3112.107 Moblie Safari/537.36"
68.65.123.208 - - [19/Sep/2025:13:42:10 -0400] "POST /wp-cron.php?doing_wp_cron=1758303730.3423449993133544921875 HTTP/1.1" 403 1242 "-" "WordPress/6.8.2; https://vohradecor.com"
41.251.157.88 - - [19/Sep/2025:13:42:09 -0400] "GET /wp-includes/pomo/%3Cahref=%22/wp-includes/pomo/streams.php%22%3E%3Cimgclass=%22icon%22src=%22/_autoindex/assets/icons/file-text.svg%22alt=%22%5BTXT%5D%22%3Estreams.php HTTP/1.1" 404 11175 "www.google.com" "Mozlila/5.0 (Linux; Android 7.0; SM-G892A Bulid/NRD90M; wv) AppleWebKit/537.36 (KHTML, like Gecko) Version/4.0 Chrome/60.0.3112.107 Moblie Safari/537.36"
41.251.157.88 - - [19/Sep/2025:13:42:13 -0400] "GET /wp-includes/pomo/%3Cahref=%22/wp-includes/pomo/translations.php%22%3E%3Cimgclass=%22icon%22src=%22/_autoindex/assets/icons/file-text.svg%22alt=%22%5BTXT%5D%22%3Etranslations.php HTTP/1.1" 404 11175 "www.google.com" "Mozlila/5.0 (Linux; Android 7.0; SM-G892A Bulid/NRD90M; wv) AppleWebKit/537.36 (KHTML, like Gecko) Version/4.0 Chrome/60.0.3112.107 Moblie Safari/537.36"
41.251.157.88 - - [19/Sep/2025:13:42:19 -0400] "GET /wp-includes/rest-api/%3Cahref=%22/wp-includes/rest-api/class-wp-rest-request.php%22%3E%3Cimgclass=%22icon%22src=%22/_autoindex/assets/icons/file-text.svg%22alt=%22%5BTXT%5D%22%3Eclass-wp-rest-request.php HTTP/1.1" 404 11175 "www.google.com" "Mozlila/5.0 (Linux; Android 7.0; SM-G892A Bulid/NRD90M; wv) AppleWebKit/537.36 (KHTML, like Gecko) Version/4.0 Chrome/60.0.3112.107 Moblie Safari/537.36"